000
CDUS43 KARX 030644
CLILSE


CLIMATE REPORT
NATIONAL WEATHER SERVICE LA CROSSE WI
144 AM CDT SUN SEP 3 2017


...................................

...THE LA CROSSE WI CLIMATE SUMMARY FOR SEPTEMBER 2 2017...

CLIMATE NORMAL PERIOD 1981 TO 2010
CLIMATE RECORD PERIOD 1873 TO 2017


WEATHER ITEM   OBSERVED TIME   RECORD YEAR NORMAL DEPARTURE LAST
                VALUE   (LST)  VALUE       VALUE  FROM      YEAR
                                                  NORMAL
..................................................................
TEMPERATURE (F)
 YESTERDAY
  MAXIMUM         78    459 PM  98    1937  78      0       78
  MINIMUM         57   1012 PM  42    1893  58     -1       52
  AVERAGE         68                        68      0       65

PRECIPITATION (IN)
  YESTERDAY        0.06          1.63 1875   0.12  -0.06     0.00
  MONTH TO DATE    0.06                      0.25  -0.19     0.00
  SINCE SEP 1      0.06                      0.25  -0.19     0.00
  SINCE JAN 1     31.82                     24.21   7.61    28.72

SNOWFALL (IN)
  YESTERDAY        0.0           0.0  2002   0.0    0.0      0.0
                                      2001
  MONTH TO DATE    0.0                       0.0    0.0      0.0
  SINCE JUL 1      0.0                       0.0    0.0      0.0
  SNOW DEPTH       0

DEGREE DAYS
 HEATING
  YESTERDAY        0                         1     -1        0
  MONTH TO DATE    1                         2     -1        0
  SINCE JUL 1      1                        22    -21        0

 COOLING
  YESTERDAY        3                         5     -2        0
  MONTH TO DATE    3                        10     -7        1
  SINCE JAN 1    818                       710    108      910
..................................................................


WIND (MPH)
  HIGHEST WIND SPEED    22   HIGHEST WIND DIRECTION     N (10)
  HIGHEST GUST SPEED    29   HIGHEST GUST DIRECTION     N (20)
  AVERAGE WIND SPEED     6.5


SKY COVER
  POSSIBLE SUNSHINE  MM
  AVERAGE SKY COVER 0.6


WEATHER CONDITIONS
 THE FOLLOWING WEATHER WAS RECORDED YESTERDAY.
  THUNDERSTORM
  LIGHT RAIN
  FOG
  FOG W/VISIBILITY <= 1/4 MILE


RELATIVE HUMIDITY (PERCENT)
 HIGHEST    97           900 PM
 LOWEST     57           200 PM
 AVERAGE    77

..........................................................


THE LA CROSSE WI CLIMATE NORMALS FOR TODAY
                         NORMAL    RECORD    YEAR
 MAXIMUM TEMPERATURE (F)   78        95      1929
 MINIMUM TEMPERATURE (F)   58        38      1974


SUNRISE AND SUNSET
SEPTEMBER  3 2017.....SUNRISE   631 AM CDT   SUNSET   737 PM CDT
SEPTEMBER  4 2017.....SUNRISE   632 AM CDT   SUNSET   735 PM CDT


-  INDICATES NEGATIVE NUMBERS.
R  INDICATES RECORD WAS SET OR TIED.
MM INDICATES DATA IS MISSING.
T  INDICATES TRACE AMOUNT.




$$
