000
CDUS43 KARX 200641
CLILSE


CLIMATE REPORT
NATIONAL WEATHER SERVICE LA CROSSE WI
1240 AM CST FRI FEB 20 2015


...................................

...THE LA CROSSE WI CLIMATE SUMMARY FOR FEBRUARY 19 2015...

CLIMATE NORMAL PERIOD 1981 TO 2010
CLIMATE RECORD PERIOD 1873 TO 2015


WEATHER ITEM   OBSERVED TIME   RECORD YEAR NORMAL DEPARTURE LAST
                VALUE   (LST)  VALUE       VALUE  FROM      YEAR
                                                  NORMAL
..................................................................
TEMPERATURE (F)
 YESTERDAY
  MAXIMUM          9    458 PM  59    1930  33    -24       42
  MINIMUM        -12    723 AM -20    1929  15    -27       14
  AVERAGE         -1                        24    -25       28

PRECIPITATION (IN)
  YESTERDAY        0.00          0.96 2002   0.04  -0.04     0.00
  MONTH TO DATE    0.45                      0.67  -0.22     0.53
  SINCE DEC 1      2.22                      3.15  -0.93     3.03
  SINCE JAN 1      1.12                      1.79  -0.67     1.51

SNOWFALL (IN)
  YESTERDAY        0.0           7.3  1917   0.3   -0.3      0.0
  MONTH TO DATE    7.8                       5.7    2.1      7.8
  SINCE JUL 1     27.0                      32.0   -5.0     37.2
  SNOW DEPTH       5

DEGREE DAYS
 HEATING
  YESTERDAY       66                        41     25       37
  MONTH TO DATE  991                       838    153     1063
  SINCE JUL 1   5098                      5157    -59     5710

 COOLING
  YESTERDAY        0                         0      0        0
  MONTH TO DATE    0                         0      0        0
  SINCE JAN 1      0                         0      0        0
..................................................................


WIND (MPH)
  HIGHEST WIND SPEED     8   HIGHEST WIND DIRECTION    SW (220)
  HIGHEST GUST SPEED    10   HIGHEST GUST DIRECTION    NW (330)
  AVERAGE WIND SPEED     2.4


SKY COVER
  POSSIBLE SUNSHINE  MM
  AVERAGE SKY COVER 0.0


WEATHER CONDITIONS
 THE FOLLOWING WEATHER WAS RECORDED YESTERDAY.
  NO SIGNIFICANT WEATHER WAS OBSERVED.


RELATIVE HUMIDITY (PERCENT)
 HIGHEST    72           800 AM
 LOWEST     37           300 PM
 AVERAGE    55

..........................................................


THE LA CROSSE WI CLIMATE NORMALS FOR TODAY
                         NORMAL    RECORD    YEAR
 MAXIMUM TEMPERATURE (F)   33        61      1930
 MINIMUM TEMPERATURE (F)   15       -27      1929


SUNRISE AND SUNSET
FEBRUARY 20 2015......SUNRISE   657 AM CST   SUNSET   541 PM CST
FEBRUARY 21 2015......SUNRISE   655 AM CST   SUNSET   543 PM CST


-  INDICATES NEGATIVE NUMBERS.
R  INDICATES RECORD WAS SET OR TIED.
MM INDICATES DATA IS MISSING.
T  INDICATES TRACE AMOUNT.




$$
