000
CDUS43 KARX 230642
CLILSE


CLIMATE REPORT
NATIONAL WEATHER SERVICE LA CROSSE WI
141 AM CDT TUE JUN 23 2015


...................................

...THE LA CROSSE WI CLIMATE SUMMARY FOR JUNE 22 2015...

CLIMATE NORMAL PERIOD 1981 TO 2010
CLIMATE RECORD PERIOD 1873 TO 2015


WEATHER ITEM   OBSERVED TIME   RECORD YEAR NORMAL DEPARTURE LAST
                VALUE   (LST)  VALUE       VALUE  FROM      YEAR
                                                  NORMAL
..................................................................
TEMPERATURE (F)
 YESTERDAY
  MAXIMUM         86    329 PM  97    1995  82      4       84
                                      1911
  MINIMUM         64    439 AM  44    1902  61      3       61
  AVERAGE         75                        71      4       73

PRECIPITATION (IN)
  YESTERDAY        0.71          2.43 1964   0.15   0.56     0.26
  MONTH TO DATE    3.11                      3.17  -0.06     4.81
  SINCE JUN 1      3.11                      3.17  -0.06     4.81
  SINCE JAN 1     15.70                     14.24   1.46    17.97

SNOWFALL (IN)
  YESTERDAY        0.0           0.0  2002   0.0    0.0      0.0
                                      2001
  MONTH TO DATE    0.0                       0.0    0.0      0.0
  SINCE JUL 1     38.8                      43.3   -4.5     48.9
  SNOW DEPTH       0

DEGREE DAYS
 HEATING
  YESTERDAY        0                         1     -1        0
  MONTH TO DATE   12                        36    -24        1
  SINCE JUL 1   7066                      7193   -127     8136

 COOLING
  YESTERDAY       10                         7      3        8
  MONTH TO DATE  120                       104     16      141
  SINCE JAN 1    185                       152     33      200
..................................................................


WIND (MPH)
  HIGHEST WIND SPEED    26   HIGHEST WIND DIRECTION    SW (240)
  HIGHEST GUST SPEED    34   HIGHEST GUST DIRECTION    SW (240)
  AVERAGE WIND SPEED    12.5


SKY COVER
  POSSIBLE SUNSHINE  MM
  AVERAGE SKY COVER 0.2


WEATHER CONDITIONS
 THE FOLLOWING WEATHER WAS RECORDED YESTERDAY.
  THUNDERSTORM
  HEAVY RAIN
  RAIN
  LIGHT RAIN
  FOG


RELATIVE HUMIDITY (PERCENT)
 HIGHEST    93           300 AM
 LOWEST     53          1100 PM
 AVERAGE    73

..........................................................


THE LA CROSSE WI CLIMATE NORMALS FOR TODAY
                         NORMAL    RECORD    YEAR
 MAXIMUM TEMPERATURE (F)   82        98      2005
 MINIMUM TEMPERATURE (F)   61        42      1972


SUNRISE AND SUNSET
JUNE 23 2015..........SUNRISE   523 AM CDT   SUNSET   851 PM CDT
JUNE 24 2015..........SUNRISE   523 AM CDT   SUNSET   851 PM CDT


-  INDICATES NEGATIVE NUMBERS.
R  INDICATES RECORD WAS SET OR TIED.
MM INDICATES DATA IS MISSING.
T  INDICATES TRACE AMOUNT.




$$
