000
CDUS43 KARX 180717
CLILSE


CLIMATE REPORT
NATIONAL WEATHER SERVICE LA CROSSE WI
212 AM CDT MON MAY 18 2015

...THE LA CROSSE WI CLIMATE SUMMARY FOR MAY 17 2015...

CLIMATE NORMAL PERIOD 1981 TO 2010
CLIMATE RECORD PERIOD 1873 TO 2015

WEATHER ITEM   OBSERVED TIME   RECORD YEAR NORMAL DEPARTURE LAST
                VALUE   (LST)  VALUE       VALUE  FROM      YEAR
                                                  NORMAL
..................................................................
TEMPERATURE (F)
 YESTERDAY
  MAXIMUM         80    332 PM  92    1998  71      9       67
  MINIMUM         63   1159 PM  29    1925  49     14       38
  AVERAGE         72                        60     12       53

PRECIPITATION (IN)
  YESTERDAY        0.12          2.87 2000   0.11   0.01      T
  MONTH TO DATE    1.82                      1.89  -0.07     1.60
  SINCE MAR 1      6.79                      7.27  -0.48     9.94
  SINCE JAN 1      8.00                      9.44  -1.44    12.30

SNOWFALL (IN)
  YESTERDAY        0.0           0.0  2002   0.0    0.0      0.0
                                      2001
  MONTH TO DATE    0.0                       0.1   -0.1      0.0
  SINCE JUL 1     38.8                      43.4   -4.6     48.9
  SNOW DEPTH       0

DEGREE DAYS
 HEATING
  YESTERDAY        0                         6     -6       12
  MONTH TO DATE   77                       139    -62      176
  SINCE JUL 1   6984                      7091   -107     8116

 COOLING
  YESTERDAY        7                         1      6        0
  MONTH TO DATE   35                        15     20        2
  SINCE JAN 1     36                        22     14        2
..................................................................

WIND (MPH)
  HIGHEST WIND SPEED    28   HIGHEST WIND DIRECTION     S (170)
  HIGHEST GUST SPEED    36   HIGHEST GUST DIRECTION     S (160)
  AVERAGE WIND SPEED    16.0

SKY COVER
  POSSIBLE SUNSHINE  MM
  AVERAGE SKY COVER 0.7

WEATHER CONDITIONS
 THE FOLLOWING WEATHER WAS RECORDED YESTERDAY.
  LIGHT RAIN

RELATIVE HUMIDITY (PERCENT)
 HIGHEST    79           100 AM
 LOWEST     53           800 PM
 AVERAGE    66
..........................................................

THE LA CROSSE WI CLIMATE NORMALS FOR TODAY
                         NORMAL    RECORD    YEAR
 MAXIMUM TEMPERATURE (F)   71        92      1998
                                             1934
 MINIMUM TEMPERATURE (F)   49        35      2002
                                             1915

SUNRISE AND SUNSET
MAY 18 2015...........SUNRISE   536 AM CDT   SUNSET   827 PM CDT
MAY 19 2015...........SUNRISE   535 AM CDT   SUNSET   828 PM CDT

-  INDICATES NEGATIVE NUMBERS.
R  INDICATES RECORD WAS SET OR TIED.
MM INDICATES DATA IS MISSING.
T  INDICATES TRACE AMOUNT.

$$

BOYNE
