000
CDUS43 KARX 010657
CLILSE


CLIMATE REPORT
NATIONAL WEATHER SERVICE LA CROSSE WI
156 AM CDT SAT JUL 1 2017


...................................

...THE LA CROSSE WI CLIMATE SUMMARY FOR JUNE 30 2017...

CLIMATE NORMAL PERIOD 1981 TO 2010
CLIMATE RECORD PERIOD 1873 TO 2017


WEATHER ITEM   OBSERVED TIME   RECORD YEAR NORMAL DEPARTURE LAST
                VALUE   (LST)  VALUE       VALUE  FROM      YEAR
                                                  NORMAL
..................................................................
TEMPERATURE (F)
 YESTERDAY
  MAXIMUM         84   1100 AM 100    1933  84      0       83
                                      1931
                                      1910
  MINIMUM         63        MM  48    1943  63      0       60
  AVERAGE         74                        73      1       72

PRECIPITATION (IN)
  YESTERDAY        T             1.93 1978   0.15  -0.15     1.13
  MONTH TO DATE    5.38                      4.34   1.04     6.73
  SINCE JUN 1      5.38                      4.34   1.04     6.73
  SINCE JAN 1     23.07                     15.41   7.66    17.21

SNOWFALL (IN)
  YESTERDAY        0.0           0.0  2002   0.0    0.0      0.0
                                      2001
  MONTH TO DATE    0.0                       0.0    0.0      0.0
  SINCE JUL 1     42.2                      43.3   -1.1     40.3
  SNOW DEPTH       0

DEGREE DAYS
 HEATING
  YESTERDAY        0                         0      0        0
  MONTH TO DATE    5                        38    -33        4
  SINCE JUL 1   5771                      7195  -1424     5953

 COOLING
  YESTERDAY        9                         8      1        7
  MONTH TO DATE  234                       166     68      212
  SINCE JAN 1    271                       214     57      298
..................................................................


WIND (MPH)
  HIGHEST WIND SPEED     8   HIGHEST WIND DIRECTION     S (170)
  HIGHEST GUST SPEED    MM   HIGHEST GUST DIRECTION    MM
  AVERAGE WIND SPEED     4.7


SKY COVER
  POSSIBLE SUNSHINE  MM
  AVERAGE SKY COVER 0.2


WEATHER CONDITIONS
 THE FOLLOWING WEATHER WAS RECORDED YESTERDAY.
  LIGHT RAIN


RELATIVE HUMIDITY (PERCENT)
 HIGHEST    93           100 AM
 LOWEST     64          1100 AM
 AVERAGE    79

..........................................................


THE LA CROSSE WI CLIMATE NORMALS FOR TODAY
                         NORMAL    RECORD    YEAR
 MAXIMUM TEMPERATURE (F)   84       100      1931
 MINIMUM TEMPERATURE (F)   63        47      1976


SUNRISE AND SUNSET
JULY  1 2017..........SUNRISE   527 AM CDT   SUNSET   851 PM CDT
JULY  2 2017..........SUNRISE   527 AM CDT   SUNSET   851 PM CDT


-  INDICATES NEGATIVE NUMBERS.
R  INDICATES RECORD WAS SET OR TIED.
MM INDICATES DATA IS MISSING.
T  INDICATES TRACE AMOUNT.




$$
