000
CDUS43 KARX 280721
CLILSE


CLIMATE REPORT
NATIONAL WEATHER SERVICE LA CROSSE WI
220 AM CDT SAT MAY 28 2016

...THE LA CROSSE WI CLIMATE SUMMARY FOR MAY 27 2016...

CLIMATE NORMAL PERIOD 1981 TO 2010
CLIMATE RECORD PERIOD 1873 TO 2016

WEATHER ITEM   OBSERVED TIME   RECORD YEAR NORMAL DEPARTURE LAST
                VALUE   (LST)  VALUE       VALUE  FROM      YEAR
                                                  NORMAL
..................................................................
TEMPERATURE (F)
 YESTERDAY
  MAXIMUM         77    352 PM  96    1874  74      3       82
  MINIMUM         64    420 AM  30    1971  52     12       60
  AVERAGE         71                        63      8       71

PRECIPITATION (IN)
  YESTERDAY        0.16          2.36 1956   0.12   0.04     0.02
  MONTH TO DATE    2.00                      3.04  -1.04     3.98
  SINCE MAR 1      6.69                      8.42  -1.73     8.95
  SINCE JAN 1      8.34                     10.59  -2.25    10.16

SNOWFALL (IN)
  YESTERDAY        0.0           0.0  2002   0.0    0.0      0.0
                                      2001
  MONTH TO DATE    0.0                       0.1   -0.1      0.0
  SINCE JUL 1     40.3                      43.4   -3.1     38.8
  SNOW DEPTH       0

DEGREE DAYS
 HEATING
  YESTERDAY        0                         4     -4        0
  MONTH TO DATE  192                       189      3      132
  SINCE JUL 1   5949                      7141  -1192     7039

 COOLING
  YESTERDAY        6                         2      4        6
  MONTH TO DATE   45                        32     13       48
  SINCE JAN 1     56                        39     17       49
..................................................................

WIND (MPH)
  HIGHEST WIND SPEED    18   HIGHEST WIND DIRECTION     S (160)
  HIGHEST GUST SPEED    21   HIGHEST GUST DIRECTION    SE (150)
  AVERAGE WIND SPEED     5.1

SKY COVER
  POSSIBLE SUNSHINE  MM
  AVERAGE SKY COVER 0.6

WEATHER CONDITIONS
 THE FOLLOWING WEATHER WAS RECORDED YESTERDAY.
  LIGHT RAIN
  FOG

RELATIVE HUMIDITY (PERCENT)
 HIGHEST    93           300 AM
 LOWEST     64          1200 PM
 AVERAGE    79
..........................................................

THE LA CROSSE WI CLIMATE NORMALS FOR TODAY
                         NORMAL    RECORD    YEAR
 MAXIMUM TEMPERATURE (F)   74        95      1874
 MINIMUM TEMPERATURE (F)   52        34      1947

SUNRISE AND SUNSET
MAY 28 2016...........SUNRISE   528 AM CDT   SUNSET   838 PM CDT
MAY 29 2016...........SUNRISE   527 AM CDT   SUNSET   838 PM CDT

-  INDICATES NEGATIVE NUMBERS.
R  INDICATES RECORD WAS SET OR TIED.
MM INDICATES DATA IS MISSING.
T  INDICATES TRACE AMOUNT.

$$

BOYNE
