000
CDUS43 KARX 290711
CLILSE


CLIMATE REPORT
NATIONAL WEATHER SERVICE LA CROSSE WI
209 AM CDT SAT APR 29 2017

...THE LA CROSSE WI CLIMATE SUMMARY FOR APRIL 28 2017...

CLIMATE NORMAL PERIOD 1981 TO 2010
CLIMATE RECORD PERIOD 1873 TO 2017

WEATHER ITEM   OBSERVED TIME   RECORD YEAR NORMAL DEPARTURE LAST
                VALUE   (LST)  VALUE       VALUE  FROM      YEAR
                                                  NORMAL
..................................................................
TEMPERATURE (F)
 YESTERDAY
  MAXIMUM         50    439 PM  89    2004  65    -15       45
                                      1952
  MINIMUM         32    515 AM  27    1973  43    -11       40
  AVERAGE         41                        54    -13       43

PRECIPITATION (IN)
  YESTERDAY        0.00          1.50 1899   0.12  -0.12     0.09
  MONTH TO DATE    4.23                      3.09   1.14     0.66
  SINCE MAR 1      5.99                      5.13   0.86     4.27
  SINCE JAN 1      9.85                      7.30   2.55     5.92

SNOWFALL (IN)
  YESTERDAY        0.0           1.5  1909   0.1   -0.1      0.0
                                      2001
  MONTH TO DATE    0.0                       1.7   -1.7      0.6
  SINCE JUL 1     42.2                      43.3   -1.1     40.3
  SNOW DEPTH       0

DEGREE DAYS
 HEATING
  YESTERDAY       24                        11     13       22
  MONTH TO DATE  331                       477   -146      422
  SINCE JUL 1   5513                      6930  -1417     5721

 COOLING
  YESTERDAY        0                         0      0        0
  MONTH TO DATE    6                         0      6       11
  SINCE JAN 1      6                         0      6       11
..................................................................

WIND (MPH)
  HIGHEST WIND SPEED    15   HIGHEST WIND DIRECTION     W (270)
  HIGHEST GUST SPEED    20   HIGHEST GUST DIRECTION     W (260)
  AVERAGE WIND SPEED     5.4

SKY COVER
  POSSIBLE SUNSHINE  MM
  AVERAGE SKY COVER 0.4

WEATHER CONDITIONS
 THE FOLLOWING WEATHER WAS RECORDED YESTERDAY.
  NO SIGNIFICANT WEATHER WAS OBSERVED.

RELATIVE HUMIDITY (PERCENT)
 HIGHEST    75           600 AM
 LOWEST     50          1200 PM
 AVERAGE    63
..........................................................

THE LA CROSSE WI CLIMATE NORMALS FOR TODAY
                         NORMAL    RECORD    YEAR
 MAXIMUM TEMPERATURE (F)   65        93      1910
 MINIMUM TEMPERATURE (F)   43        26      1956

SUNRISE AND SUNSET
APRIL 29 2017.........SUNRISE   559 AM CDT   SUNSET   806 PM CDT
APRIL 30 2017.........SUNRISE   558 AM CDT   SUNSET   807 PM CDT

-  INDICATES NEGATIVE NUMBERS.
R  INDICATES RECORD WAS SET OR TIED.
MM INDICATES DATA IS MISSING.
T  INDICATES TRACE AMOUNT.

$$

Boyne
