428
CDUS43 KARX 210805
CLILSE


CLIMATE REPORT
NATIONAL WEATHER SERVICE LA CROSSE WI
305 AM CDT TUE MAR 21 2017


...................................

...THE LA CROSSE WI CLIMATE SUMMARY FOR MARCH 20 2017...

CLIMATE NORMAL PERIOD 1981 TO 2010
CLIMATE RECORD PERIOD 1873 TO 2017


WEATHER ITEM   OBSERVED TIME   RECORD YEAR NORMAL DEPARTURE LAST
                VALUE   (LST)  VALUE       VALUE  FROM      YEAR
                                                  NORMAL
..................................................................
TEMPERATURE (F)
 YESTERDAY
  MAXIMUM         65    319 PM  74    2012  46     19       46
  MINIMUM         32    507 AM -13    1965  27      5       29
  AVERAGE         49                        36     13       38

PRECIPITATION (IN)
  YESTERDAY        0.00          0.79 1995   0.07  -0.07     0.00
  MONTH TO DATE    0.97                      1.20  -0.23     1.86
  SINCE MAR 1      0.97                      1.20  -0.23     1.86
  SINCE JAN 1      4.83                      3.37   1.46     3.51

SNOWFALL (IN)
  YESTERDAY        0.0           5.6  1912   0.2   -0.2      0.0
  MONTH TO DATE    8.0                       5.4    2.6      6.0
  SINCE JUL 1     42.2                      39.9    2.3     33.4
  SNOW DEPTH       0

DEGREE DAYS
 HEATING
  YESTERDAY       16                        29    -13       27
  MONTH TO DATE  643                       660    -17      477
  SINCE JUL 1   4923                      6169  -1246     5052

 COOLING
  YESTERDAY        0                         0      0        0
  MONTH TO DATE    0                         0      0        0
  SINCE JAN 1      0                         0      0        0
..................................................................


WIND (MPH)
  HIGHEST WIND SPEED    20   HIGHEST WIND DIRECTION     N (340)
  HIGHEST GUST SPEED    24   HIGHEST GUST DIRECTION     N (340)
  AVERAGE WIND SPEED     6.1


SKY COVER
  POSSIBLE SUNSHINE  MM
  AVERAGE SKY COVER 0.1


WEATHER CONDITIONS
 THE FOLLOWING WEATHER WAS RECORDED YESTERDAY.
  NO SIGNIFICANT WEATHER WAS OBSERVED.


RELATIVE HUMIDITY (PERCENT)
 HIGHEST   100           600 AM
 LOWEST     23           200 PM
 AVERAGE    62

..........................................................


THE LA CROSSE WI CLIMATE NORMALS FOR TODAY
                         NORMAL    RECORD    YEAR
 MAXIMUM TEMPERATURE (F)   46        75      1911
 MINIMUM TEMPERATURE (F)   27        -3      1965


SUNRISE AND SUNSET
MARCH 21 2017.........SUNRISE   706 AM CDT   SUNSET   719 PM CDT
MARCH 22 2017.........SUNRISE   704 AM CDT   SUNSET   720 PM CDT


-  INDICATES NEGATIVE NUMBERS.
R  INDICATES RECORD WAS SET OR TIED.
MM INDICATES DATA IS MISSING.
T  INDICATES TRACE AMOUNT.




$$
