160
CDUS43 KARX 150638
CLILSE


CLIMATE REPORT
NATIONAL WEATHER SERVICE LA CROSSE WI
137 AM CDT SUN MAY 15 2016


...................................

...THE LA CROSSE WI CLIMATE SUMMARY FOR MAY 14 2016...

CLIMATE NORMAL PERIOD 1981 TO 2010
CLIMATE RECORD PERIOD 1873 TO 2016


WEATHER ITEM   OBSERVED TIME   RECORD YEAR NORMAL DEPARTURE LAST
                VALUE   (LST)  VALUE       VALUE  FROM      YEAR
                                                  NORMAL
..................................................................
TEMPERATURE (F)
 YESTERDAY
  MAXIMUM         51    409 PM  93    1932  70    -19       66
  MINIMUM         32   1121 PM  30    1895  48    -16       50
  AVERAGE         42                        59    -17       58

PRECIPITATION (IN)
  YESTERDAY        0.00          1.66 1900   0.11  -0.11     0.36
  MONTH TO DATE    1.43                      1.56  -0.13     1.68
  SINCE MAR 1      6.12                      6.94  -0.82     6.65
  SINCE JAN 1      7.77                      9.11  -1.34     7.86

SNOWFALL (IN)
  YESTERDAY        0.0           0.0  2002   0.0    0.0      0.0
                                      2001
  MONTH TO DATE    0.0                       0.1   -0.1      0.0
  SINCE JUL 1     40.3                      43.4   -3.1     38.8
  SNOW DEPTH       0

DEGREE DAYS
 HEATING
  YESTERDAY       23                         7     16        7
  MONTH TO DATE  139                       119     20       77
  SINCE JUL 1   5896                      7071  -1175     6984

 COOLING
  YESTERDAY        0                         1     -1        0
  MONTH TO DATE    7                        12     -5       23
  SINCE JAN 1     18                        19     -1       24
..................................................................


WIND (MPH)
  HIGHEST WIND SPEED    24   HIGHEST WIND DIRECTION    NW (320)
  HIGHEST GUST SPEED    29   HIGHEST GUST DIRECTION    NW (310)
  AVERAGE WIND SPEED    12.8


SKY COVER
  POSSIBLE SUNSHINE  MM
  AVERAGE SKY COVER 0.7


WEATHER CONDITIONS
 THE FOLLOWING WEATHER WAS RECORDED YESTERDAY.
  NO SIGNIFICANT WEATHER WAS OBSERVED.


RELATIVE HUMIDITY (PERCENT)
 HIGHEST    82          1000 PM
 LOWEST     42           300 PM
 AVERAGE    62

..........................................................


THE LA CROSSE WI CLIMATE NORMALS FOR TODAY
                         NORMAL    RECORD    YEAR
 MAXIMUM TEMPERATURE (F)   70        91      2001
 MINIMUM TEMPERATURE (F)   48        30      1983


SUNRISE AND SUNSET
MAY 15 2016...........SUNRISE   539 AM CDT   SUNSET   825 PM CDT
MAY 16 2016...........SUNRISE   538 AM CDT   SUNSET   826 PM CDT


-  INDICATES NEGATIVE NUMBERS.
R  INDICATES RECORD WAS SET OR TIED.
MM INDICATES DATA IS MISSING.
T  INDICATES TRACE AMOUNT.




$$
