000
CDUS43 KARX 050644
CLILSE


CLIMATE REPORT
NATIONAL WEATHER SERVICE LA CROSSE WI
142 AM CDT SAT APR 5 2014

...THE LA CROSSE WI CLIMATE SUMMARY FOR APRIL 4 2014...

CLIMATE NORMAL PERIOD 1981 TO 2010
CLIMATE RECORD PERIOD 1873 TO 2014

WEATHER ITEM   OBSERVED TIME   RECORD YEAR NORMAL DEPARTURE LAST
                VALUE   (LST)  VALUE       VALUE  FROM      YEAR
                                                  NORMAL
..................................................................
TEMPERATURE (F)
 YESTERDAY
  MAXIMUM         39    545 PM  80    1929  54    -15       54
                                      1910
  MINIMUM         28   1156 PM  11    1995  33     -5       33
  AVERAGE         34                        43     -9       44

PRECIPITATION (IN)
  YESTERDAY        0.09          1.47 1892   0.10  -0.01     0.01
  MONTH TO DATE    0.56                      0.36   0.20     0.01
  SINCE MAR 1      1.87                      2.40  -0.53     2.13
  SINCE JAN 1      4.23                      4.57  -0.34     4.53

SNOWFALL (IN)
  YESTERDAY        0.6           3.2  1936   0.1    0.5      0.0
  MONTH TO DATE    0.6                       0.4    0.2      0.0
  SINCE JUL 1     47.2                      42.0    5.2     55.6
  SNOW DEPTH       T

DEGREE DAYS
 HEATING
  YESTERDAY       31                        22      9       21
  MONTH TO DATE  118                        90     28      125
  SINCE JUL 1   7463                      6543    920     6649

 COOLING
  YESTERDAY        0                         0      0        0
  MONTH TO DATE    0                         0      0        0
  SINCE JAN 1      0                         0      0        0
..................................................................

WIND (MPH)
  HIGHEST WIND SPEED    30   HIGHEST WIND DIRECTION    NW (320)
  HIGHEST GUST SPEED    36   HIGHEST GUST DIRECTION    NW (310)
  AVERAGE WIND SPEED    14.2

SKY COVER
  POSSIBLE SUNSHINE  MM
  AVERAGE SKY COVER 0.8

WEATHER CONDITIONS
 THE FOLLOWING WEATHER WAS RECORDED YESTERDAY.
  LIGHT RAIN
  LIGHT SNOW
  FOG

RELATIVE HUMIDITY (PERCENT)
 HIGHEST    92           800 AM
 LOWEST     64           600 PM
 AVERAGE    78
..........................................................

THE LA CROSSE WI CLIMATE NORMALS FOR TODAY
                         NORMAL    RECORD    YEAR
 MAXIMUM TEMPERATURE (F)   54        85      1991
 MINIMUM TEMPERATURE (F)   34        12      1887

SUNRISE AND SUNSET
APRIL  5 2014.........SUNRISE   639 AM CDT   SUNSET   737 PM CDT
APRIL  6 2014.........SUNRISE   638 AM CDT   SUNSET   738 PM CDT

-  INDICATES NEGATIVE NUMBERS.
R  INDICATES RECORD WAS SET OR TIED.
MM INDICATES DATA IS MISSING.
T  INDICATES TRACE AMOUNT.

$$

BOYNE
