024
CDUS43 KARX 142138
CLILSE


CLIMATE REPORT
NATIONAL WEATHER SERVICE LA CROSSE WI
437 PM CDT THU SEP 14 2017


...................................

...THE LA CROSSE WI CLIMATE SUMMARY FOR SEPTEMBER 14 2017...
VALID TODAY AS OF 0400 PM LOCAL TIME.

CLIMATE NORMAL PERIOD 1981 TO 2010
CLIMATE RECORD PERIOD 1873 TO 2017


WEATHER ITEM   OBSERVED TIME   RECORD YEAR NORMAL DEPARTURE LAST
                VALUE   (LST)  VALUE       VALUE  FROM      YEAR
                                                  NORMAL
..................................................................
TEMPERATURE (F)
 TODAY
  MAXIMUM         91    244 PM  96    1939  74     17       74
  MINIMUM         61    529 AM  31    1923  53      8       54
  AVERAGE         76                        64     12       64

PRECIPITATION (IN)
  TODAY            0.00          2.50 2004   0.12  -0.12     0.01
  MONTH TO DATE    0.18                      1.73  -1.55     4.84
  SINCE SEP 1      0.18                      1.73  -1.55     4.84
  SINCE JAN 1     31.94                     25.69   6.25    33.56

SNOWFALL (IN)
  TODAY            0.0           0.0  2002   0.0    0.0      0.0
                                      2001
  MONTH TO DATE    0.0                       0.0    0.0      0.0
  SINCE JUL 1      0.0                       0.0    0.0      0.0
  SNOW DEPTH       0

DEGREE DAYS
 HEATING
  TODAY            0                         4     -4        1
  MONTH TO DATE   21                        34    -13        1
  SINCE JUL 1     21                        54    -33        1

 COOLING
  TODAY           11                         3      8        0
  MONTH TO DATE   50                        52     -2       60
  SINCE JAN 1    865                       752    113      969
..................................................................


WIND (MPH)
  HIGHEST WIND SPEED    18   HIGHEST WIND DIRECTION     S (180)
  HIGHEST GUST SPEED    23   HIGHEST GUST DIRECTION     S (170)
  AVERAGE WIND SPEED     8.6


SKY COVER
  POSSIBLE SUNSHINE  MM
  AVERAGE SKY COVER 0.0


WEATHER CONDITIONS
 THE FOLLOWING WEATHER WAS RECORDED TODAY.
  NO SIGNIFICANT WEATHER WAS OBSERVED.


RELATIVE HUMIDITY (PERCENT)
 HIGHEST    93          1200 AM
 LOWEST     41           300 PM
 AVERAGE    67

..........................................................


THE LA CROSSE WI CLIMATE NORMALS FOR TOMORROW
                         NORMAL    RECORD    YEAR
 MAXIMUM TEMPERATURE (F)   74        96      1939
 MINIMUM TEMPERATURE (F)   53        34      2007
                                             1916


SUNRISE AND SUNSET
SEPTEMBER 14 2017.....SUNRISE   643 AM CDT   SUNSET   717 PM CDT
SEPTEMBER 15 2017.....SUNRISE   645 AM CDT   SUNSET   715 PM CDT


-  INDICATES NEGATIVE NUMBERS.
R  INDICATES RECORD WAS SET OR TIED.
MM INDICATES DATA IS MISSING.
T  INDICATES TRACE AMOUNT.




$$
