000
CDUS43 KARX 110701
CLILSE


CLIMATE REPORT
NATIONAL WEATHER SERVICE LA CROSSE WI
201 AM CDT WED MAY 11 2016


...................................

...THE LA CROSSE WI CLIMATE SUMMARY FOR MAY 10 2016...

CLIMATE NORMAL PERIOD 1981 TO 2010
CLIMATE RECORD PERIOD 1873 TO 2016


WEATHER ITEM   OBSERVED TIME   RECORD YEAR NORMAL DEPARTURE LAST
                VALUE   (LST)  VALUE       VALUE  FROM      YEAR
                                                  NORMAL
..................................................................
TEMPERATURE (F)
 YESTERDAY
  MAXIMUM         55   1241 PM  90    1911  69    -14       64
  MINIMUM         49    347 AM  27    1966  47      2       52
  AVERAGE         52                        58     -6       58

PRECIPITATION (IN)
  YESTERDAY        0.51          1.02 1892   0.11   0.40      T
  MONTH TO DATE    0.78                      1.13  -0.35     1.07
  SINCE MAR 1      5.47                      6.51  -1.04     6.04
  SINCE JAN 1      7.12                      8.68  -1.56     7.25

SNOWFALL (IN)
  YESTERDAY        0.0           0.0  2002   0.0    0.0      0.0
                                      2001
  MONTH TO DATE    0.0                       0.1   -0.1      0.0
  SINCE JUL 1     40.3                      43.4   -3.1     38.8
  SNOW DEPTH       0

DEGREE DAYS
 HEATING
  YESTERDAY       13                         8      5        7
  MONTH TO DATE   86                        90     -4       32
  SINCE JUL 1   5843                      7042  -1199     6939

 COOLING
  YESTERDAY        0                         1     -1        0
  MONTH TO DATE    7                         8     -1       23
  SINCE JAN 1     18                        15      3       24
..................................................................


WIND (MPH)
  HIGHEST WIND SPEED    14   HIGHEST WIND DIRECTION     E (70)
  HIGHEST GUST SPEED    20   HIGHEST GUST DIRECTION    NE (60)
  AVERAGE WIND SPEED     6.1


SKY COVER
  POSSIBLE SUNSHINE  MM
  AVERAGE SKY COVER 1.0


WEATHER CONDITIONS
 THE FOLLOWING WEATHER WAS RECORDED YESTERDAY.
  RAIN
  LIGHT RAIN
  FOG


RELATIVE HUMIDITY (PERCENT)
 HIGHEST    93           300 AM
 LOWEST     83           800 AM
 AVERAGE    88

..........................................................


THE LA CROSSE WI CLIMATE NORMALS FOR TODAY
                         NORMAL    RECORD    YEAR
 MAXIMUM TEMPERATURE (F)   69        89      1922
 MINIMUM TEMPERATURE (F)   47        30      1925


SUNRISE AND SUNSET
MAY 11 2016...........SUNRISE   543 AM CDT   SUNSET   820 PM CDT
MAY 12 2016...........SUNRISE   542 AM CDT   SUNSET   821 PM CDT


-  INDICATES NEGATIVE NUMBERS.
R  INDICATES RECORD WAS SET OR TIED.
MM INDICATES DATA IS MISSING.
T  INDICATES TRACE AMOUNT.




$$
