000
CDUS43 KARX 110628
CLILSE


CLIMATE REPORT
NATIONAL WEATHER SERVICE LA CROSSE WI
128 AM CDT MON APR 11 2016


...................................

...THE LA CROSSE WI CLIMATE SUMMARY FOR APRIL 10 2016...

CLIMATE NORMAL PERIOD 1981 TO 2010
CLIMATE RECORD PERIOD 1873 TO 2016


WEATHER ITEM   OBSERVED TIME   RECORD YEAR NORMAL DEPARTURE LAST
                VALUE   (LST)  VALUE       VALUE  FROM      YEAR
                                                  NORMAL
..................................................................
TEMPERATURE (F)
 YESTERDAY
  MAXIMUM         62    241 PM  91    1930  57      5       54
  MINIMUM         37    118 AM  19    1909  36      1       34
  AVERAGE         50                        46      4       44

PRECIPITATION (IN)
  YESTERDAY        0.00          1.42 2011   0.11  -0.11     0.06
  MONTH TO DATE    0.18                      0.97  -0.79     3.21
  SINCE MAR 1      3.79                      3.01   0.78     4.02
  SINCE JAN 1      5.44                      5.18   0.26     5.23

SNOWFALL (IN)
  YESTERDAY        0.0           1.0  1914   0.0    0.0      0.0
                                      1995
  MONTH TO DATE    0.6                       0.8   -0.2      0.4
  SINCE JUL 1     40.3                      42.4   -2.1     38.7
  SNOW DEPTH       0

DEGREE DAYS
 HEATING
  YESTERDAY       15                        19     -4       21
  MONTH TO DATE  254                       210     44      178
  SINCE JUL 1   5553                      6663  -1110     6670

 COOLING
  YESTERDAY        0                         0      0        0
  MONTH TO DATE    0                         0      0        0
  SINCE JAN 1      0                         0      0        0
..................................................................


WIND (MPH)
  HIGHEST WIND SPEED    24   HIGHEST WIND DIRECTION    NW (320)
  HIGHEST GUST SPEED    30   HIGHEST GUST DIRECTION    NW (310)
  AVERAGE WIND SPEED    12.4


SKY COVER
  POSSIBLE SUNSHINE  MM
  AVERAGE SKY COVER 0.3


WEATHER CONDITIONS
 THE FOLLOWING WEATHER WAS RECORDED YESTERDAY.
  NO SIGNIFICANT WEATHER WAS OBSERVED.


RELATIVE HUMIDITY (PERCENT)
 HIGHEST    53           900 AM
 LOWEST     33           300 PM
 AVERAGE    43

..........................................................


THE LA CROSSE WI CLIMATE NORMALS FOR TODAY
                         NORMAL    RECORD    YEAR
 MAXIMUM TEMPERATURE (F)   57        85      1977
 MINIMUM TEMPERATURE (F)   36        20      1940


SUNRISE AND SUNSET
APRIL 11 2016.........SUNRISE   628 AM CDT   SUNSET   745 PM CDT
APRIL 12 2016.........SUNRISE   626 AM CDT   SUNSET   746 PM CDT


-  INDICATES NEGATIVE NUMBERS.
R  INDICATES RECORD WAS SET OR TIED.
MM INDICATES DATA IS MISSING.
T  INDICATES TRACE AMOUNT.




$$
