968
CDUS43 KARX 232249
CLILSE


CLIMATE REPORT
NATIONAL WEATHER SERVICE LA CROSSE WI
449 PM CST WED NOV 23 2016


...................................

...THE LA CROSSE WI CLIMATE SUMMARY FOR NOVEMBER 23 2016...
VALID TODAY AS OF 0400 PM LOCAL TIME.

CLIMATE NORMAL PERIOD 1981 TO 2010
CLIMATE RECORD PERIOD 1873 TO 2016


WEATHER ITEM   OBSERVED TIME   RECORD YEAR NORMAL DEPARTURE LAST
                VALUE   (LST)  VALUE       VALUE  FROM      YEAR
                                                  NORMAL
..................................................................
TEMPERATURE (F)
 TODAY
  MAXIMUM         40    239 PM  61    1931  39      1       49
  MINIMUM         38    359 PM  -2    1950  24     14       23
                                      1898
  AVERAGE         39                        32      7       36

PRECIPITATION (IN)
  TODAY            0.15          1.42 1999   0.06   0.09     0.00
  MONTH TO DATE    0.33                      1.55  -1.22     1.04
  SINCE SEP 1     13.02                      7.28   5.74     5.95
  SINCE JAN 1     41.74                     31.24  10.50    28.66

SNOWFALL (IN)
  TODAY            T            13.0  1991   0.2   -0.2      0.0
  MONTH TO DATE    T                         2.4   -2.4      0.7
  SINCE JUL 1      T                         2.6   -2.6      0.7
  SNOW DEPTH       0

DEGREE DAYS
 HEATING
  TODAY           26                        33     -7       29
  MONTH TO DATE  389                       623   -234      431
  SINCE JUL 1    692                      1251   -559      869

 COOLING
  TODAY            0                         0      0        0
  MONTH TO DATE    0                         0      0        0
  SINCE JAN 1   1033                       782    251      887
..................................................................


WIND (MPH)
  HIGHEST WIND SPEED    14   HIGHEST WIND DIRECTION    NW (310)
  HIGHEST GUST SPEED    17   HIGHEST GUST DIRECTION    NW (310)
  AVERAGE WIND SPEED     5.5


SKY COVER
  POSSIBLE SUNSHINE  MM
  AVERAGE SKY COVER 1.0


WEATHER CONDITIONS
 THE FOLLOWING WEATHER WAS RECORDED TODAY.
  LIGHT RAIN
  FOG


RELATIVE HUMIDITY (PERCENT)
 HIGHEST    92           400 AM
 LOWEST     79           200 AM
 AVERAGE    86

..........................................................


THE LA CROSSE WI CLIMATE NORMALS FOR TOMORROW
                         NORMAL    RECORD    YEAR
 MAXIMUM TEMPERATURE (F)   39        62      1931
 MINIMUM TEMPERATURE (F)   24        -6      1898


SUNRISE AND SUNSET
NOVEMBER 23 2016......SUNRISE   711 AM CST   SUNSET   432 PM CST
NOVEMBER 24 2016......SUNRISE   712 AM CST   SUNSET   432 PM CST


-  INDICATES NEGATIVE NUMBERS.
R  INDICATES RECORD WAS SET OR TIED.
MM INDICATES DATA IS MISSING.
T  INDICATES TRACE AMOUNT.




$$
