000
CDUS43 KARX 070704
CLILSE


CLIMATE REPORT
NATIONAL WEATHER SERVICE LA CROSSE WI
203 AM CDT THU JUL 7 2016


...................................

...THE LA CROSSE WI CLIMATE SUMMARY FOR JULY 6 2016...

CLIMATE NORMAL PERIOD 1981 TO 2010
CLIMATE RECORD PERIOD 1873 TO 2016


WEATHER ITEM   OBSERVED TIME   RECORD YEAR NORMAL DEPARTURE LAST
                VALUE   (LST)  VALUE       VALUE  FROM      YEAR
                                                  NORMAL
..................................................................
TEMPERATURE (F)
 YESTERDAY
  MAXIMUM         86    444 PM 103    2012  84      2       78
  MINIMUM         67    117 AM  48    1983  63      4       59
  AVERAGE         77                        74      3       69

PRECIPITATION (IN)
  YESTERDAY        0.00          2.58 1943   0.14  -0.14     0.40
  MONTH TO DATE    0.69                      0.82  -0.13     0.40
  SINCE JUN 1      7.42                      5.16   2.26     4.10
  SINCE JAN 1     17.90                     16.23   1.67    16.69

SNOWFALL (IN)
  YESTERDAY        0.0           0.0  2002   0.0    0.0      0.0
                                      2001
  MONTH TO DATE    0.0                       0.0    0.0      0.0
  SINCE JUL 1      0.0                       0.0    0.0      0.0
  SNOW DEPTH       0

DEGREE DAYS
 HEATING
  YESTERDAY        0                         0      0        0
  MONTH TO DATE    0                         0      0        3
  SINCE JUL 1      0                         0      0        3

 COOLING
  YESTERDAY       12                         9      3        4
  MONTH TO DATE   37                        53    -16       24
  SINCE JAN 1    335                       267     68      256
..................................................................


WIND (MPH)
  HIGHEST WIND SPEED    12   HIGHEST WIND DIRECTION     S (170)
  HIGHEST GUST SPEED    14   HIGHEST GUST DIRECTION    SE (150)
  AVERAGE WIND SPEED     4.5


SKY COVER
  POSSIBLE SUNSHINE  MM
  AVERAGE SKY COVER 0.2


WEATHER CONDITIONS
 THE FOLLOWING WEATHER WAS RECORDED YESTERDAY.
  NO SIGNIFICANT WEATHER WAS OBSERVED.


RELATIVE HUMIDITY (PERCENT)
 HIGHEST    93           100 AM
 LOWEST     54          1200 PM
 AVERAGE    74

..........................................................


THE LA CROSSE WI CLIMATE NORMALS FOR TODAY
                         NORMAL    RECORD    YEAR
 MAXIMUM TEMPERATURE (F)   84       104      1980
                                             1936
 MINIMUM TEMPERATURE (F)   63        46      1997


SUNRISE AND SUNSET
JULY  7 2016..........SUNRISE   531 AM CDT   SUNSET   849 PM CDT
JULY  8 2016..........SUNRISE   531 AM CDT   SUNSET   849 PM CDT


-  INDICATES NEGATIVE NUMBERS.
R  INDICATES RECORD WAS SET OR TIED.
MM INDICATES DATA IS MISSING.
T  INDICATES TRACE AMOUNT.




$$
