000
CDUS43 KARX 090636
CLILSE


CLIMATE REPORT
NATIONAL WEATHER SERVICE LA CROSSE WI
1236 AM CST THU MAR 9 2017


...................................

...THE LA CROSSE WI CLIMATE SUMMARY FOR MARCH 8 2017...

CLIMATE NORMAL PERIOD 1981 TO 2010
CLIMATE RECORD PERIOD 1873 TO 2017


WEATHER ITEM   OBSERVED TIME   RECORD YEAR NORMAL DEPARTURE LAST
                VALUE   (LST)  VALUE       VALUE  FROM      YEAR
                                                  NORMAL
..................................................................
TEMPERATURE (F)
 YESTERDAY
  MAXIMUM         42   1229 AM  74    2000  40      2       72
  MINIMUM         32   1159 PM  -9    2008  22     10       49
  AVERAGE         37                        31      6       61

PRECIPITATION (IN)
  YESTERDAY        0.00          1.12 1891   0.06  -0.06      T
  MONTH TO DATE    0.59                      0.45   0.14     0.28
  SINCE MAR 1      0.59                      0.45   0.14     0.28
  SINCE JAN 1      4.45                      2.62   1.83     1.93

SNOWFALL (IN)
  YESTERDAY        0.0           8.5  1961   0.3   -0.3      0.0
  MONTH TO DATE    4.0                       2.5    1.5      4.8
  SINCE JUL 1     38.2                      37.0    1.2     32.2
  SNOW DEPTH       0

DEGREE DAYS
 HEATING
  YESTERDAY       28                        34     -6        4
  MONTH TO DATE  220                       285    -65      238
  SINCE JUL 1   4500                      5794  -1294     4813

 COOLING
  YESTERDAY        0                         0      0        0
  MONTH TO DATE    0                         0      0        0
  SINCE JAN 1      0                         0      0        0
..................................................................


WIND (MPH)
  HIGHEST WIND SPEED    41   HIGHEST WIND DIRECTION     W (290)
  HIGHEST GUST SPEED    53   HIGHEST GUST DIRECTION     W (280)
  AVERAGE WIND SPEED    23.0


SKY COVER
  POSSIBLE SUNSHINE  MM
  AVERAGE SKY COVER 0.1


WEATHER CONDITIONS
 THE FOLLOWING WEATHER WAS RECORDED YESTERDAY.
  NO SIGNIFICANT WEATHER WAS OBSERVED.


RELATIVE HUMIDITY (PERCENT)
 HIGHEST    51          1000 PM
 LOWEST     30           100 PM
 AVERAGE    41

..........................................................


THE LA CROSSE WI CLIMATE NORMALS FOR TODAY
                         NORMAL    RECORD    YEAR
 MAXIMUM TEMPERATURE (F)   40        67      1878
 MINIMUM TEMPERATURE (F)   22        -8      1995


SUNRISE AND SUNSET
MARCH  9 2017.........SUNRISE   627 AM CST   SUNSET   604 PM CST
MARCH 10 2017.........SUNRISE   626 AM CST   SUNSET   605 PM CST


-  INDICATES NEGATIVE NUMBERS.
R  INDICATES RECORD WAS SET OR TIED.
MM INDICATES DATA IS MISSING.
T  INDICATES TRACE AMOUNT.




$$
