000
CDUS43 KARX 070650
CLILSE


CLIMATE REPORT
NATIONAL WEATHER SERVICE LA CROSSE WI
148 AM CDT SAT MAY 7 2016


...................................

...THE LA CROSSE WI CLIMATE SUMMARY FOR MAY 6 2016...

CLIMATE NORMAL PERIOD 1981 TO 2010
CLIMATE RECORD PERIOD 1873 TO 2016


WEATHER ITEM   OBSERVED TIME   RECORD YEAR NORMAL DEPARTURE LAST
                VALUE   (LST)  VALUE       VALUE  FROM      YEAR
                                                  NORMAL
..................................................................
TEMPERATURE (F)
 YESTERDAY
  MAXIMUM         91    322 PM  98    1934  68     23       82
  MINIMUM         52    543 AM  26    1989  46      6       56
  AVERAGE         72                        57     15       69

PRECIPITATION (IN)
  YESTERDAY        0.00          1.56 1960   0.11  -0.11     0.03
  MONTH TO DATE    0.19                      0.69  -0.50     1.04
  SINCE MAR 1      4.88                      6.07  -1.19     6.01
  SINCE JAN 1      6.53                      8.24  -1.71     7.22

SNOWFALL (IN)
  YESTERDAY        0.0           0.0  2000   0.0    0.0      0.0
                                      2002
                                      2001
  MONTH TO DATE    0.0                       0.1   -0.1      0.0
  SINCE JUL 1     40.3                      43.4   -3.1     38.8
  SNOW DEPTH      MM

DEGREE DAYS
 HEATING
  YESTERDAY        0                         9     -9        0
  MONTH TO DATE   54                        57     -3       20
  SINCE JUL 1   5811                      7009  -1198     6927

 COOLING
  YESTERDAY        7                         1      6        4
  MONTH TO DATE    7                         4      3       14
  SINCE JAN 1     18                        11      7       15
..................................................................


WIND (MPH)
  HIGHEST WIND SPEED    21   HIGHEST WIND DIRECTION    SW (240)
  HIGHEST GUST SPEED    30   HIGHEST GUST DIRECTION     W (260)
  AVERAGE WIND SPEED     8.1


SKY COVER
  POSSIBLE SUNSHINE  MM
  AVERAGE SKY COVER 0.0


WEATHER CONDITIONS
 THE FOLLOWING WEATHER WAS RECORDED YESTERDAY.
  NO SIGNIFICANT WEATHER WAS OBSERVED.


RELATIVE HUMIDITY (PERCENT)
 HIGHEST    71           500 AM
 LOWEST     16           300 PM
 AVERAGE    44

..........................................................


THE LA CROSSE WI CLIMATE NORMALS FOR TODAY
                         NORMAL    RECORD    YEAR
 MAXIMUM TEMPERATURE (F)   68        88      1970
 MINIMUM TEMPERATURE (F)   46        29      1890


SUNRISE AND SUNSET
MAY  7 2016...........SUNRISE   548 AM CDT   SUNSET   816 PM CDT
MAY  8 2016...........SUNRISE   547 AM CDT   SUNSET   817 PM CDT


-  INDICATES NEGATIVE NUMBERS.
R  INDICATES RECORD WAS SET OR TIED.
MM INDICATES DATA IS MISSING.
T  INDICATES TRACE AMOUNT.




$$
