000
CDUS43 KARX 080633
CLILSE


CLIMATE REPORT
NATIONAL WEATHER SERVICE LA CROSSE WI
133 AM CDT MON AUG 8 2016


...................................

...THE LA CROSSE WI CLIMATE SUMMARY FOR AUGUST 7 2016...

CLIMATE NORMAL PERIOD 1981 TO 2010
CLIMATE RECORD PERIOD 1873 TO 2016


WEATHER ITEM   OBSERVED TIME   RECORD YEAR NORMAL DEPARTURE LAST
                VALUE   (LST)  VALUE       VALUE  FROM      YEAR
                                                  NORMAL
..................................................................
TEMPERATURE (F)
 YESTERDAY
  MAXIMUM         82    319 PM  99    2001  83     -1       84
  MINIMUM         61    443 AM  49    1976  62     -1       66
  AVERAGE         72                        72      0       75

PRECIPITATION (IN)
  YESTERDAY        0.00          2.40 1889   0.15  -0.15     0.14
  MONTH TO DATE    1.34                      1.01   0.33     0.22
  SINCE JUN 1     13.22                      9.61   3.61     7.54
  SINCE JAN 1     23.70                     20.68   3.02    20.13

SNOWFALL (IN)
  YESTERDAY        0.0           0.0  2002   0.0    0.0      0.0
                                      2001
  MONTH TO DATE    0.0                       0.0    0.0      0.0
  SINCE JUL 1      0.0                       0.0    0.0      0.0
  SNOW DEPTH       0

DEGREE DAYS
 HEATING
  YESTERDAY        0                         0      0        0
  MONTH TO DATE    0                         0      0        0
  SINCE JUL 1      0                         5     -5        3

 COOLING
  YESTERDAY        7                         8     -1       10
  MONTH TO DATE   80                        56     24       62
  SINCE JAN 1    696                       543    153      544
..................................................................


WIND (MPH)
  HIGHEST WIND SPEED     8   HIGHEST WIND DIRECTION    SE (130)
  HIGHEST GUST SPEED    13   HIGHEST GUST DIRECTION     E (110)
  AVERAGE WIND SPEED     2.4


SKY COVER
  POSSIBLE SUNSHINE  MM
  AVERAGE SKY COVER 0.1


WEATHER CONDITIONS
 THE FOLLOWING WEATHER WAS RECORDED YESTERDAY.
  NO SIGNIFICANT WEATHER WAS OBSERVED.


RELATIVE HUMIDITY (PERCENT)
 HIGHEST    93          1200 AM
 LOWEST     45           200 PM
 AVERAGE    69

..........................................................


THE LA CROSSE WI CLIMATE NORMALS FOR TODAY
                         NORMAL    RECORD    YEAR
 MAXIMUM TEMPERATURE (F)   83       101      1894
 MINIMUM TEMPERATURE (F)   62        43      1904


SUNRISE AND SUNSET
AUGUST  8 2016........SUNRISE   602 AM CDT   SUNSET   819 PM CDT
AUGUST  9 2016........SUNRISE   603 AM CDT   SUNSET   817 PM CDT


-  INDICATES NEGATIVE NUMBERS.
R  INDICATES RECORD WAS SET OR TIED.
MM INDICATES DATA IS MISSING.
T  INDICATES TRACE AMOUNT.




$$
