000
CDUS43 KARX 090640
CLILSE


CLIMATE REPORT
NATIONAL WEATHER SERVICE LA CROSSE WI
139 AM CDT SAT AUG 9 2014


...................................

...THE LA CROSSE WI CLIMATE SUMMARY FOR AUGUST 8 2014...

CLIMATE NORMAL PERIOD 1981 TO 2010
CLIMATE RECORD PERIOD 1873 TO 2014


WEATHER ITEM   OBSERVED TIME   RECORD YEAR NORMAL DEPARTURE LAST
                VALUE   (LST)  VALUE       VALUE  FROM      YEAR
                                                  NORMAL
..................................................................
TEMPERATURE (F)
 YESTERDAY
  MAXIMUM         84    259 PM 101    1894  83      1       79
  MINIMUM         65    645 AM  43    1904  62      3       50
  AVERAGE         75                        72      3       65

PRECIPITATION (IN)
  YESTERDAY        0.00          2.55 2009   0.15  -0.15     0.00
  MONTH TO DATE    0.61                      1.16  -0.55     0.30
  SINCE JUN 1     12.31                      9.76   2.55     7.48
  SINCE JAN 1     25.47                     20.83   4.64    26.41

SNOWFALL (IN)
  YESTERDAY        0.0           0.0  2002   0.0    0.0      0.0
                                      2001
  MONTH TO DATE    0.0                       0.0    0.0      0.0
  SINCE JUL 1      0.0                       0.0    0.0       T
  SNOW DEPTH       0

DEGREE DAYS
 HEATING
  YESTERDAY        0                         0      0        0
  MONTH TO DATE    0                         0      0        1
  SINCE JUL 1      3                         5     -2       13

 COOLING
  YESTERDAY       10                         8      2        0
  MONTH TO DATE   72                        64      8       27
  SINCE JAN 1    551                       551      0      552
..................................................................


WIND (MPH)
  HIGHEST WIND SPEED    13   HIGHEST WIND DIRECTION     E (80)
  HIGHEST GUST SPEED    17   HIGHEST GUST DIRECTION     E (80)
  AVERAGE WIND SPEED     5.2


SKY COVER
  POSSIBLE SUNSHINE  MM
  AVERAGE SKY COVER 0.6


WEATHER CONDITIONS
 THE FOLLOWING WEATHER WAS RECORDED YESTERDAY.
  NO SIGNIFICANT WEATHER WAS OBSERVED.


RELATIVE HUMIDITY (PERCENT)
 HIGHEST    84          1000 PM
 LOWEST     43           200 PM
 AVERAGE    64

..........................................................


THE LA CROSSE WI CLIMATE NORMALS FOR TODAY
                         NORMAL    RECORD    YEAR
 MAXIMUM TEMPERATURE (F)   83        98      1936
 MINIMUM TEMPERATURE (F)   62        44      1927


SUNRISE AND SUNSET
AUGUST  9 2014........SUNRISE   602 AM CDT   SUNSET   818 PM CDT
AUGUST 10 2014........SUNRISE   603 AM CDT   SUNSET   816 PM CDT


-  INDICATES NEGATIVE NUMBERS.
R  INDICATES RECORD WAS SET OR TIED.
MM INDICATES DATA IS MISSING.
T  INDICATES TRACE AMOUNT.




$$
