000
CDUS43 KARX 190650
CLILSE


CLIMATE REPORT
NATIONAL WEATHER SERVICE LA CROSSE WI
146 AM CDT TUE JUL 19 2016


...................................

...THE LA CROSSE WI CLIMATE SUMMARY FOR JULY 18 2016...

CLIMATE NORMAL PERIOD 1981 TO 2010
CLIMATE RECORD PERIOD 1873 TO 2016


WEATHER ITEM   OBSERVED TIME   RECORD YEAR NORMAL DEPARTURE LAST
                VALUE   (LST)  VALUE       VALUE  FROM      YEAR
                                                  NORMAL
..................................................................
TEMPERATURE (F)
 YESTERDAY
  MAXIMUM         87    513 PM 100    1935  84      3       91
  MINIMUM         64    454 AM  50    1984  63      1       68
  AVERAGE         76                        74      2       80

PRECIPITATION (IN)
  YESTERDAY        0.00          1.86 1895   0.13  -0.13     0.89
  MONTH TO DATE    2.85                      2.48   0.37     2.54
  SINCE JUN 1      9.58                      6.82   2.76     6.24
  SINCE JAN 1     20.06                     17.89   2.17    18.83

SNOWFALL (IN)
  YESTERDAY        0.0           0.0  2002   0.0    0.0      0.0
                                      2001
  MONTH TO DATE    0.0                       0.0    0.0      0.0
  SINCE JUL 1      0.0                       0.0    0.0      0.0
  SNOW DEPTH       0

DEGREE DAYS
 HEATING
  YESTERDAY        0                         0      0        0
  MONTH TO DATE    0                         0      0        3
  SINCE JUL 1      0                         0      0        3

 COOLING
  YESTERDAY       11                         9      2       15
  MONTH TO DATE  163                       161      2      116
  SINCE JAN 1    461                       375     86      348
..................................................................


WIND (MPH)
  HIGHEST WIND SPEED    10   HIGHEST WIND DIRECTION     N (340)
  HIGHEST GUST SPEED    14   HIGHEST GUST DIRECTION    SE (130)
  AVERAGE WIND SPEED     2.8


SKY COVER
  POSSIBLE SUNSHINE  MM
  AVERAGE SKY COVER 0.0


WEATHER CONDITIONS
 THE FOLLOWING WEATHER WAS RECORDED YESTERDAY.
  FOG


RELATIVE HUMIDITY (PERCENT)
 HIGHEST    93           100 AM
 LOWEST     39           200 PM
 AVERAGE    66

..........................................................


THE LA CROSSE WI CLIMATE NORMALS FOR TODAY
                         NORMAL    RECORD    YEAR
 MAXIMUM TEMPERATURE (F)   84        97      1974
                                             1964
                                             1931
 MINIMUM TEMPERATURE (F)   63        48      1912


SUNRISE AND SUNSET
JULY 19 2016..........SUNRISE   541 AM CDT   SUNSET   841 PM CDT
JULY 20 2016..........SUNRISE   542 AM CDT   SUNSET   841 PM CDT


-  INDICATES NEGATIVE NUMBERS.
R  INDICATES RECORD WAS SET OR TIED.
MM INDICATES DATA IS MISSING.
T  INDICATES TRACE AMOUNT.




$$
