000
CDUS43 KARX 242135
CLILSE


CLIMATE REPORT
NATIONAL WEATHER SERVICE LA CROSSE WI
434 PM CDT MON AUG 24 2015


...................................

...THE LA CROSSE WI CLIMATE SUMMARY FOR AUGUST 24 2015...
VALID TODAY AS OF 0430 PM LOCAL TIME.

CLIMATE NORMAL PERIOD 1981 TO 2010
CLIMATE RECORD PERIOD 1873 TO 2015


WEATHER ITEM   OBSERVED TIME   RECORD YEAR NORMAL DEPARTURE LAST
                VALUE   (LST)  VALUE       VALUE  FROM      YEAR
                                                  NORMAL
..................................................................
TEMPERATURE (F)
 TODAY
  MAXIMUM         64    259 PM 102    1948  81    -17       90
  MINIMUM         56    616 AM  41    1934  61     -5       72
                                      1891
  AVERAGE         60                        70    -10       81

PRECIPITATION (IN)
  TODAY            0.00          1.50 1905   0.12  -0.12     0.00
  MONTH TO DATE    1.31                      3.38  -2.07     2.39
  SINCE JUN 1      8.63                     11.98  -3.35    14.09
  SINCE JAN 1     21.22                     23.05  -1.83    27.25

SNOWFALL (IN)
  TODAY            0.0           0.0  2002   0.0    0.0      0.0
                                      2001
  MONTH TO DATE    0.0                       0.0    0.0      0.0
  SINCE JUL 1      0.0                       0.0    0.0      0.0
  SNOW DEPTH       0

DEGREE DAYS
 HEATING
  TODAY            5                         1      4        0
  MONTH TO DATE    7                         4      3        0
  SINCE JUL 1     10                         9      1        3

 COOLING
  TODAY            0                         6     -6       16
  MONTH TO DATE  195                       176     19      213
  SINCE JAN 1    677                       663     14      692
..................................................................


WIND (MPH)
  HIGHEST WIND SPEED    24   HIGHEST WIND DIRECTION    NW (310)
  HIGHEST GUST SPEED    32   HIGHEST GUST DIRECTION    NW (320)
  AVERAGE WIND SPEED    15.8


SKY COVER
  POSSIBLE SUNSHINE  MM
  AVERAGE SKY COVER 0.5


WEATHER CONDITIONS
 THE FOLLOWING WEATHER WAS RECORDED TODAY.
  NO SIGNIFICANT WEATHER WAS OBSERVED.


RELATIVE HUMIDITY (PERCENT)
 HIGHEST    72           500 AM
 LOWEST     52          1100 AM
 AVERAGE    62

..........................................................


THE LA CROSSE WI CLIMATE NORMALS FOR TOMORROW
                         NORMAL    RECORD    YEAR
 MAXIMUM TEMPERATURE (F)   80        97      1948
 MINIMUM TEMPERATURE (F)   60        43      1958


SUNRISE AND SUNSET
AUGUST 24 2015........SUNRISE   619 AM CDT   SUNSET   755 PM CDT
AUGUST 25 2015........SUNRISE   620 AM CDT   SUNSET   753 PM CDT


-  INDICATES NEGATIVE NUMBERS.
R  INDICATES RECORD WAS SET OR TIED.
MM INDICATES DATA IS MISSING.
T  INDICATES TRACE AMOUNT.




$$
