000
CDUS43 KARX 152135
CLILSE


CLIMATE REPORT
NATIONAL WEATHER SERVICE LA CROSSE WI
434 PM CDT SAT APR 15 2017


...................................

...THE LA CROSSE WI CLIMATE SUMMARY FOR APRIL 15 2017...
VALID TODAY AS OF 0430 PM LOCAL TIME.

CLIMATE NORMAL PERIOD 1981 TO 2010
CLIMATE RECORD PERIOD 1873 TO 2017


WEATHER ITEM   OBSERVED TIME   RECORD YEAR NORMAL DEPARTURE LAST
                VALUE   (LST)  VALUE       VALUE  FROM      YEAR
                                                  NORMAL
..................................................................
TEMPERATURE (F)
 TODAY
  MAXIMUM         76   1222 PM  90    2002  59     17       76
  MINIMUM         59    410 AM  17    1928  38     21       48
  AVERAGE         68                        48     20       62

PRECIPITATION (IN)
  TODAY            0.14          2.06 1973   0.11   0.03     0.00
  MONTH TO DATE    2.71                      1.54   1.17     0.21
  SINCE MAR 1      4.47                      3.58   0.89     3.82
  SINCE JAN 1      8.33                      5.75   2.58     5.47

SNOWFALL (IN)
  TODAY            0.0           3.7  1993   0.1   -0.1      0.0
  MONTH TO DATE    0.0                       1.2   -1.2      0.6
  SINCE JUL 1     42.2                      42.8   -0.6     40.3
  SNOW DEPTH       0

DEGREE DAYS
 HEATING
  TODAY            0                        17    -17        3
  MONTH TO DATE  186                       298   -112      327
  SINCE JUL 1   5368                      6751  -1383     5626

 COOLING
  TODAY            3                         0      3        0
  MONTH TO DATE    6                         0      6        0
  SINCE JAN 1      6                         0      6        0
..................................................................


WIND (MPH)
  HIGHEST WIND SPEED    24   HIGHEST WIND DIRECTION    SW (210)
  HIGHEST GUST SPEED    31   HIGHEST GUST DIRECTION    SW (210)
  AVERAGE WIND SPEED    12.9


SKY COVER
  POSSIBLE SUNSHINE  MM
  AVERAGE SKY COVER 0.7


WEATHER CONDITIONS
 THE FOLLOWING WEATHER WAS RECORDED TODAY.
  THUNDERSTORM
  HEAVY RAIN
  LIGHT RAIN
  FOG


RELATIVE HUMIDITY (PERCENT)
 HIGHEST    97          1200 AM
 LOWEST     57           100 PM
 AVERAGE    77

..........................................................


THE LA CROSSE WI CLIMATE NORMALS FOR TOMORROW
                         NORMAL    RECORD    YEAR
 MAXIMUM TEMPERATURE (F)   60        87      1964
 MINIMUM TEMPERATURE (F)   38        13      1875


SUNRISE AND SUNSET
APRIL 15 2017.........SUNRISE   621 AM CDT   SUNSET   749 PM CDT
APRIL 16 2017.........SUNRISE   620 AM CDT   SUNSET   750 PM CDT


-  INDICATES NEGATIVE NUMBERS.
R  INDICATES RECORD WAS SET OR TIED.
MM INDICATES DATA IS MISSING.
T  INDICATES TRACE AMOUNT.




$$
