000
CDUS43 KARX 290632
CLILSE


CLIMATE REPORT
NATIONAL WEATHER SERVICE LA CROSSE WI
1231 AM CST SUN JAN 29 2017


...................................

...THE LA CROSSE WI CLIMATE SUMMARY FOR JANUARY 28 2017...

CLIMATE NORMAL PERIOD 1981 TO 2010
CLIMATE RECORD PERIOD 1873 TO 2017


WEATHER ITEM   OBSERVED TIME   RECORD YEAR NORMAL DEPARTURE LAST
                VALUE   (LST)  VALUE       VALUE  FROM      YEAR
                                                  NORMAL
..................................................................
TEMPERATURE (F)
 YESTERDAY
  MAXIMUM         30    434 PM  49    1914  27      3       39
  MINIMUM         21    121 AM -28    1915   9     12       20
                                      1873
  AVERAGE         26                        18      8       30

PRECIPITATION (IN)
  YESTERDAY        T             0.78 1914   0.04  -0.04      T
  MONTH TO DATE    2.62                      1.01   1.61     0.66
  SINCE DEC 1      4.81                      2.37   2.44     5.59
  SINCE JAN 1      2.62                      1.01   1.61     0.66

SNOWFALL (IN)
  YESTERDAY        T             8.0  1947   0.4   -0.4       T
  MONTH TO DATE    8.4                       9.6   -1.2      4.1
  SINCE JUL 1     29.2                      25.2    4.0     16.6
  SNOW DEPTH       3

DEGREE DAYS
 HEATING
  YESTERDAY       39                        47     -8       35
  MONTH TO DATE 1148                      1336   -188     1302
  SINCE JUL 1   3283                      4180   -897     3337

 COOLING
  YESTERDAY        0                         0      0        0
  MONTH TO DATE    0                         0      0        0
  SINCE JAN 1      0                         0      0        0
..................................................................


WIND (MPH)
  HIGHEST WIND SPEED    18   HIGHEST WIND DIRECTION    NW (320)
  HIGHEST GUST SPEED    22   HIGHEST GUST DIRECTION    NW (320)
  AVERAGE WIND SPEED    10.1


SKY COVER
  POSSIBLE SUNSHINE  MM
  AVERAGE SKY COVER 0.9


WEATHER CONDITIONS
 THE FOLLOWING WEATHER WAS RECORDED YESTERDAY.
  LIGHT SNOW


RELATIVE HUMIDITY (PERCENT)
 HIGHEST    81          1200 AM
 LOWEST     63           200 PM
 AVERAGE    72

..........................................................


THE LA CROSSE WI CLIMATE NORMALS FOR TODAY
                         NORMAL    RECORD    YEAR
 MAXIMUM TEMPERATURE (F)   27        49      1914
 MINIMUM TEMPERATURE (F)    9       -36      1873


SUNRISE AND SUNSET
JANUARY 29 2017.......SUNRISE   725 AM CST   SUNSET   512 PM CST
JANUARY 30 2017.......SUNRISE   724 AM CST   SUNSET   513 PM CST


-  INDICATES NEGATIVE NUMBERS.
R  INDICATES RECORD WAS SET OR TIED.
MM INDICATES DATA IS MISSING.
T  INDICATES TRACE AMOUNT.




$$
