000
CDUS43 KARX 190638
CLILSE


CLIMATE REPORT
NATIONAL WEATHER SERVICE LA CROSSE WI
1237 AM CST THU FEB 19 2015


...................................

...THE LA CROSSE WI CLIMATE SUMMARY FOR FEBRUARY 18 2015...

CLIMATE NORMAL PERIOD 1981 TO 2010
CLIMATE RECORD PERIOD 1873 TO 2015


WEATHER ITEM   OBSERVED TIME   RECORD YEAR NORMAL DEPARTURE LAST
                VALUE   (LST)  VALUE       VALUE  FROM      YEAR
                                                  NORMAL
..................................................................
TEMPERATURE (F)
 YESTERDAY
  MAXIMUM          7   1201 AM  64    1981  32    -25       42
  MINIMUM         -8   1159 PM -21    2006  15    -23       11
  AVERAGE          0                        24    -24       27

PRECIPITATION (IN)
  YESTERDAY        T             0.90 1961   0.04  -0.04      T
  MONTH TO DATE    0.45                      0.63  -0.18     0.53
  SINCE DEC 1      2.22                      3.11  -0.89     3.03
  SINCE JAN 1      1.12                      1.75  -0.63     1.51

SNOWFALL (IN)
  YESTERDAY        T             5.6  1962   0.2   -0.2      0.0
  MONTH TO DATE    7.8                       5.4    2.4      7.8
  SINCE JUL 1     27.0                      31.7   -4.7     37.2
  SNOW DEPTH       5

DEGREE DAYS
 HEATING
  YESTERDAY       65                        42     23       38
  MONTH TO DATE  925                       797    128     1026
  SINCE JUL 1   5032                      5116    -84     5673

 COOLING
  YESTERDAY        0                         0      0        0
  MONTH TO DATE    0                         0      0        0
  SINCE JAN 1      0                         0      0        0
..................................................................


WIND (MPH)
  HIGHEST WIND SPEED    22   HIGHEST WIND DIRECTION    NW (330)
  HIGHEST GUST SPEED    27   HIGHEST GUST DIRECTION    NW (310)
  AVERAGE WIND SPEED    12.7


SKY COVER
  POSSIBLE SUNSHINE  MM
  AVERAGE SKY COVER 0.4


WEATHER CONDITIONS
 THE FOLLOWING WEATHER WAS RECORDED YESTERDAY.
  LIGHT SNOW


RELATIVE HUMIDITY (PERCENT)
 HIGHEST    75           300 AM
 LOWEST     49          1100 AM
 AVERAGE    62

..........................................................


THE LA CROSSE WI CLIMATE NORMALS FOR TODAY
                         NORMAL    RECORD    YEAR
 MAXIMUM TEMPERATURE (F)   33        59      1930
 MINIMUM TEMPERATURE (F)   15       -20      1929


SUNRISE AND SUNSET
FEBRUARY 19 2015......SUNRISE   658 AM CST   SUNSET   540 PM CST
FEBRUARY 20 2015......SUNRISE   657 AM CST   SUNSET   541 PM CST


-  INDICATES NEGATIVE NUMBERS.
R  INDICATES RECORD WAS SET OR TIED.
MM INDICATES DATA IS MISSING.
T  INDICATES TRACE AMOUNT.




$$
