111
CDUS43 KARX 310639
CLILSE


CLIMATE REPORT
NATIONAL WEATHER SERVICE LA CROSSE WI
1237 AM CST SUN JAN 31 2016


...................................

...THE LA CROSSE WI CLIMATE SUMMARY FOR JANUARY 30 2016...

CLIMATE NORMAL PERIOD 1981 TO 2010
CLIMATE RECORD PERIOD 1873 TO 2016


WEATHER ITEM   OBSERVED TIME   RECORD YEAR NORMAL DEPARTURE LAST
                VALUE   (LST)  VALUE       VALUE  FROM      YEAR
                                                  NORMAL
..................................................................
TEMPERATURE (F)
 YESTERDAY
  MAXIMUM         42    608 PM  48    1931  27     15       27
                                      1890
  MINIMUM         26    452 AM -37    1951   9     17       10
  AVERAGE         34                        18     16       19

PRECIPITATION (IN)
  YESTERDAY        0.11          0.81 1874   0.03   0.08     0.00
  MONTH TO DATE    0.77                      1.08  -0.31     0.61
  SINCE DEC 1      5.70                      2.44   3.26     1.71
  SINCE JAN 1      0.77                      1.08  -0.31     0.61

SNOWFALL (IN)
  YESTERDAY        0.0           5.5  1937   0.4   -0.4      0.0
  MONTH TO DATE    4.1                      10.3   -6.2      8.6
  SINCE JUL 1     16.6                      25.9   -9.3     18.4
  SNOW DEPTH       4

DEGREE DAYS
 HEATING
  YESTERDAY       31                        47    -16       46
  MONTH TO DATE 1375                      1430    -55     1331
  SINCE JUL 1   3410                      4274   -864     4070

 COOLING
  YESTERDAY        0                         0      0        0
  MONTH TO DATE    0                         0      0        0
  SINCE JAN 1      0                         0      0        0
..................................................................


WIND (MPH)
  HIGHEST WIND SPEED    15   HIGHEST WIND DIRECTION    SW (220)
  HIGHEST GUST SPEED    19   HIGHEST GUST DIRECTION    SW (230)
  AVERAGE WIND SPEED     7.5


SKY COVER
  POSSIBLE SUNSHINE  MM
  AVERAGE SKY COVER 0.4


WEATHER CONDITIONS
 THE FOLLOWING WEATHER WAS RECORDED YESTERDAY.
  LIGHT RAIN
  FOG


RELATIVE HUMIDITY (PERCENT)
 HIGHEST    92           400 AM
 LOWEST     60           200 PM
 AVERAGE    76

..........................................................


THE LA CROSSE WI CLIMATE NORMALS FOR TODAY
                         NORMAL    RECORD    YEAR
 MAXIMUM TEMPERATURE (F)   27        52      1989
 MINIMUM TEMPERATURE (F)    9       -30      1994


SUNRISE AND SUNSET
JANUARY 31 2016.......SUNRISE   724 AM CST   SUNSET   514 PM CST
FEBRUARY  1 2016......SUNRISE   723 AM CST   SUNSET   515 PM CST


-  INDICATES NEGATIVE NUMBERS.
R  INDICATES RECORD WAS SET OR TIED.
MM INDICATES DATA IS MISSING.
T  INDICATES TRACE AMOUNT.




$$
