000
CDUS43 KARX 100630
CLILSE


CLIMATE REPORT
NATIONAL WEATHER SERVICE LA CROSSE WI
130 AM CDT SUN APR 10 2016


...................................

...THE LA CROSSE WI CLIMATE SUMMARY FOR APRIL 9 2016...

CLIMATE NORMAL PERIOD 1981 TO 2010
CLIMATE RECORD PERIOD 1873 TO 2016


WEATHER ITEM   OBSERVED TIME   RECORD YEAR NORMAL DEPARTURE LAST
                VALUE   (LST)  VALUE       VALUE  FROM      YEAR
                                                  NORMAL
..................................................................
TEMPERATURE (F)
 YESTERDAY
  MAXIMUM         42    514 PM  79    1887  56    -14       45
  MINIMUM         20    546 AM  17    1928  35    -15       34
  AVERAGE         31                        46    -15       40

PRECIPITATION (IN)
  YESTERDAY        0.00          1.83 2013   0.10  -0.10     1.42
  MONTH TO DATE    0.18                      0.86  -0.68     3.15
  SINCE MAR 1      3.79                      2.90   0.89     3.96
  SINCE JAN 1      5.44                      5.07   0.37     5.17

SNOWFALL (IN)
  YESTERDAY        0.0          10.3  1973   0.1   -0.1      0.4
  MONTH TO DATE    0.6                       0.8   -0.2      0.4
  SINCE JUL 1     40.3                      42.4   -2.1     38.7
  SNOW DEPTH       0

DEGREE DAYS
 HEATING
  YESTERDAY       34                        19     15       25
  MONTH TO DATE  239                       191     48      157
  SINCE JUL 1   5538                      6644  -1106     6649

 COOLING
  YESTERDAY        0                         0      0        0
  MONTH TO DATE    0                         0      0        0
  SINCE JAN 1      0                         0      0        0
..................................................................


WIND (MPH)
  HIGHEST WIND SPEED    22   HIGHEST WIND DIRECTION    SE (150)
  HIGHEST GUST SPEED    28   HIGHEST GUST DIRECTION    SE (150)
  AVERAGE WIND SPEED    10.7


SKY COVER
  POSSIBLE SUNSHINE  MM
  AVERAGE SKY COVER 0.1


WEATHER CONDITIONS
 THE FOLLOWING WEATHER WAS RECORDED YESTERDAY.
  NO SIGNIFICANT WEATHER WAS OBSERVED.


RELATIVE HUMIDITY (PERCENT)
 HIGHEST    77           200 AM
 LOWEST     23           400 PM
 AVERAGE    50

..........................................................


THE LA CROSSE WI CLIMATE NORMALS FOR TODAY
                         NORMAL    RECORD    YEAR
 MAXIMUM TEMPERATURE (F)   57        91      1930
 MINIMUM TEMPERATURE (F)   36        19      1909


SUNRISE AND SUNSET
APRIL 10 2016.........SUNRISE   630 AM CDT   SUNSET   743 PM CDT
APRIL 11 2016.........SUNRISE   628 AM CDT   SUNSET   745 PM CDT


-  INDICATES NEGATIVE NUMBERS.
R  INDICATES RECORD WAS SET OR TIED.
MM INDICATES DATA IS MISSING.
T  INDICATES TRACE AMOUNT.




$$
