000
CDUS43 KARX 210648
CLILSE


CLIMATE REPORT
NATIONAL WEATHER SERVICE LA CROSSE WI
1246 AM CST WED JAN 21 2015


...................................

...THE LA CROSSE WI CLIMATE SUMMARY FOR JANUARY 20 2015...

CLIMATE NORMAL PERIOD 1981 TO 2010
CLIMATE RECORD PERIOD 1873 TO 2015


WEATHER ITEM   OBSERVED TIME   RECORD YEAR NORMAL DEPARTURE LAST
                VALUE   (LST)  VALUE       VALUE  FROM      YEAR
                                                  NORMAL
..................................................................
TEMPERATURE (F)
 YESTERDAY
  MAXIMUM         35    220 AM  50    1968  26      9       33
                                      1921
  MINIMUM         31   1140 AM -33    1994   8     23        3
  AVERAGE         33                        17     16       18

PRECIPITATION (IN)
  YESTERDAY        0.05          0.42 1937   0.04   0.01     0.04
  MONTH TO DATE    0.48                      0.71  -0.23     0.67
  SINCE DEC 1      1.58                      2.07  -0.49     2.19
  SINCE JAN 1      0.48                      0.71  -0.23     0.67

SNOWFALL (IN)
  YESTERDAY        0.8           4.9  1990   0.4    0.4      0.4
  MONTH TO DATE    6.6                       6.5    0.1     10.8
  SINCE JUL 1     16.4                      22.1   -5.7     24.5
  SNOW DEPTH       2

DEGREE DAYS
 HEATING
  YESTERDAY       32                        48    -16       47
  MONTH TO DATE  974                       956     18     1055
  SINCE JUL 1   3713                      3800    -87     3983

 COOLING
  YESTERDAY        0                         0      0        0
  MONTH TO DATE    0                         0      0        0
  SINCE JAN 1      0                         0      0        0
..................................................................


WIND (MPH)
  HIGHEST WIND SPEED     8   HIGHEST WIND DIRECTION     E (100)
  HIGHEST GUST SPEED    10   HIGHEST GUST DIRECTION     E (110)
  AVERAGE WIND SPEED     4.7


SKY COVER
  POSSIBLE SUNSHINE  MM
  AVERAGE SKY COVER 1.0


WEATHER CONDITIONS
 THE FOLLOWING WEATHER WAS RECORDED YESTERDAY.
  LIGHT SNOW
  FOG
  HAZE


RELATIVE HUMIDITY (PERCENT)
 HIGHEST    92           800 AM
 LOWEST     75          1200 AM
 AVERAGE    84

..........................................................


THE LA CROSSE WI CLIMATE NORMALS FOR TODAY
                         NORMAL    RECORD    YEAR
 MAXIMUM TEMPERATURE (F)   26        50      1921
                                             1908
 MINIMUM TEMPERATURE (F)    8       -42      1888


SUNRISE AND SUNSET
JANUARY 21 2015.......SUNRISE   732 AM CST   SUNSET   501 PM CST
JANUARY 22 2015.......SUNRISE   732 AM CST   SUNSET   502 PM CST


-  INDICATES NEGATIVE NUMBERS.
R  INDICATES RECORD WAS SET OR TIED.
MM INDICATES DATA IS MISSING.
T  INDICATES TRACE AMOUNT.




$$
