000
CDUS43 KARX 060647
CLILSE


CLIMATE REPORT
NATIONAL WEATHER SERVICE LA CROSSE WI
1246 AM CST MON FEB 6 2017


...................................

...THE LA CROSSE WI CLIMATE SUMMARY FOR FEBRUARY 5 2017...

CLIMATE NORMAL PERIOD 1981 TO 2010
CLIMATE RECORD PERIOD 1873 TO 2017


WEATHER ITEM   OBSERVED TIME   RECORD YEAR NORMAL DEPARTURE LAST
                VALUE   (LST)  VALUE       VALUE  FROM      YEAR
                                                  NORMAL
..................................................................
TEMPERATURE (F)
 YESTERDAY
  MAXIMUM         34    507 AM  54    1946  28      6       26
                                      1878
  MINIMUM         19   1026 PM -24    1895  10      9        1
  AVERAGE         27                        19      8       14

PRECIPITATION (IN)
  YESTERDAY        T             0.52 1908   0.04  -0.04      T
  MONTH TO DATE    0.03                      0.18  -0.15     0.63
  SINCE DEC 1      4.91                      2.66   2.25     6.43
  SINCE JAN 1      2.72                      1.30   1.42     1.50

SNOWFALL (IN)
  YESTERDAY        T             5.2  1971   0.3   -0.3       T
  MONTH TO DATE    0.5                       1.7   -1.2      8.4
  SINCE JUL 1     30.8                      28.0    2.8     25.0
  SNOW DEPTH       3

DEGREE DAYS
 HEATING
  YESTERDAY       38                        46     -8       51
  MONTH TO DATE  222                       230     -8      220
  SINCE JUL 1   3619                      4549   -930     3659

 COOLING
  YESTERDAY        0                         0      0        0
  MONTH TO DATE    0                         0      0        0
  SINCE JAN 1      0                         0      0        0
..................................................................


WIND (MPH)
  HIGHEST WIND SPEED    21   HIGHEST WIND DIRECTION    NW (330)
  HIGHEST GUST SPEED    25   HIGHEST GUST DIRECTION    NW (330)
  AVERAGE WIND SPEED     7.9


SKY COVER
  POSSIBLE SUNSHINE  MM
  AVERAGE SKY COVER 0.4


WEATHER CONDITIONS
 THE FOLLOWING WEATHER WAS RECORDED YESTERDAY.
  NO SIGNIFICANT WEATHER WAS OBSERVED.


RELATIVE HUMIDITY (PERCENT)
 HIGHEST    78           100 AM
 LOWEST     45           300 PM
 AVERAGE    62

..........................................................


THE LA CROSSE WI CLIMATE NORMALS FOR TODAY
                         NORMAL    RECORD    YEAR
 MAXIMUM TEMPERATURE (F)   29        59      1878
 MINIMUM TEMPERATURE (F)   11       -22      1982


SUNRISE AND SUNSET
FEBRUARY  6 2017......SUNRISE   716 AM CST   SUNSET   523 PM CST
FEBRUARY  7 2017......SUNRISE   714 AM CST   SUNSET   524 PM CST


-  INDICATES NEGATIVE NUMBERS.
R  INDICATES RECORD WAS SET OR TIED.
MM INDICATES DATA IS MISSING.
T  INDICATES TRACE AMOUNT.




$$
