000
CDUS43 KARX 022134
CLILSE


CLIMATE REPORT
NATIONAL WEATHER SERVICE LA CROSSE WI
433 PM CDT FRI SEP 2 2016


...................................

...THE LA CROSSE WI CLIMATE SUMMARY FOR SEPTEMBER 2 2016...
VALID TODAY AS OF 0430 PM LOCAL TIME.

CLIMATE NORMAL PERIOD 1981 TO 2010
CLIMATE RECORD PERIOD 1873 TO 2016


WEATHER ITEM   OBSERVED TIME   RECORD YEAR NORMAL DEPARTURE LAST
                VALUE   (LST)  VALUE       VALUE  FROM      YEAR
                                                  NORMAL
..................................................................
TEMPERATURE (F)
 TODAY
  MAXIMUM         78    252 PM  98    1937  78      0       87
  MINIMUM         52    607 AM  42    1893  58     -6       73
  AVERAGE         65                        68     -3       80

PRECIPITATION (IN)
  TODAY            0.00          1.63 1875   0.12  -0.12     0.00
  MONTH TO DATE    0.00                      0.25  -0.25     0.00
  SINCE SEP 1      0.00                      0.25  -0.25     0.00
  SINCE JAN 1     28.72                     24.21   4.51    22.71

SNOWFALL (IN)
  TODAY            0.0           0.0  2002   0.0    0.0      0.0
                                      2001
  MONTH TO DATE    0.0                       0.0    0.0      0.0
  SINCE JUL 1      0.0                       0.0    0.0      0.0
  SNOW DEPTH       0

DEGREE DAYS
 HEATING
  TODAY            0                         1     -1        0
  MONTH TO DATE    0                         2     -2        0
  SINCE JUL 1      0                        22    -22       14

 COOLING
  TODAY            0                         5     -5       15
  MONTH TO DATE    1                        10     -9       30
  SINCE JAN 1    910                       710    200      721
..................................................................


WIND (MPH)
  HIGHEST WIND SPEED    12   HIGHEST WIND DIRECTION     S (160)
  HIGHEST GUST SPEED    15   HIGHEST GUST DIRECTION     S (160)
  AVERAGE WIND SPEED     3.5


SKY COVER
  POSSIBLE SUNSHINE  MM
  AVERAGE SKY COVER 0.1


WEATHER CONDITIONS
 THE FOLLOWING WEATHER WAS RECORDED TODAY.
  FOG
  FOG W/VISIBILITY <= 1/4 MILE


RELATIVE HUMIDITY (PERCENT)
 HIGHEST   100           400 AM
 LOWEST     36           200 PM
 AVERAGE    68

..........................................................


THE LA CROSSE WI CLIMATE NORMALS FOR TOMORROW
                         NORMAL    RECORD    YEAR
 MAXIMUM TEMPERATURE (F)   78        95      1929
 MINIMUM TEMPERATURE (F)   58        38      1974


SUNRISE AND SUNSET
SEPTEMBER  2 2016.....SUNRISE   630 AM CDT   SUNSET   738 PM CDT
SEPTEMBER  3 2016.....SUNRISE   631 AM CDT   SUNSET   736 PM CDT


-  INDICATES NEGATIVE NUMBERS.
R  INDICATES RECORD WAS SET OR TIED.
MM INDICATES DATA IS MISSING.
T  INDICATES TRACE AMOUNT.




$$
