000
CDUS43 KARX 260658
CLILSE


CLIMATE REPORT
NATIONAL WEATHER SERVICE LA CROSSE WI
1258 AM CST TUE DEC 26 2017


...................................

...THE LA CROSSE WI CLIMATE SUMMARY FOR DECEMBER 25 2017...

CLIMATE NORMAL PERIOD 1981 TO 2010
CLIMATE RECORD PERIOD 1873 TO 2017


WEATHER ITEM   OBSERVED TIME   RECORD YEAR NORMAL DEPARTURE LAST
                VALUE   (LST)  VALUE       VALUE  FROM      YEAR
                                                  NORMAL
..................................................................
TEMPERATURE (F)
 YESTERDAY
  MAXIMUM         18   1205 AM  55    1936  27     -9       40
  MINIMUM         -3   1159 PM -26    2000  11    -14       35
                                      1884
                                      1879
  AVERAGE          8                        19    -11       38

PRECIPITATION (IN)
  YESTERDAY        T             1.61 1895   0.04  -0.04     0.63
  MONTH TO DATE    0.47                      1.15  -0.68     2.15
  SINCE DEC 1      0.47                      1.15  -0.68     2.15
  SINCE JAN 1     39.54                     32.85   6.69    44.72

SNOWFALL (IN)
  YESTERDAY        T             5.4  1950   0.3   -0.3      0.0
  MONTH TO DATE    3.1                       9.4   -6.3     20.8
  SINCE JUL 1      3.1                      13.7  -10.6     20.8
  SNOW DEPTH       T

DEGREE DAYS
 HEATING
  YESTERDAY       57                        46     11       27
  MONTH TO DATE  942                      1064   -122     1056
  SINCE JUL 1   2179                      2564   -385     1915

 COOLING
  YESTERDAY        0                         0      0        0
  MONTH TO DATE    0                         0      0        0
  SINCE JAN 1   1001                       782    219     1033
..................................................................


WIND (MPH)
  HIGHEST WIND SPEED    21   HIGHEST WIND DIRECTION    NW (310)
  HIGHEST GUST SPEED    29   HIGHEST GUST DIRECTION    NW (320)
  AVERAGE WIND SPEED    13.5


SKY COVER
  POSSIBLE SUNSHINE  MM
  AVERAGE SKY COVER 0.4


WEATHER CONDITIONS
 THE FOLLOWING WEATHER WAS RECORDED YESTERDAY.
  LIGHT SNOW
  HAZE
  BLOWING SNOW


RELATIVE HUMIDITY (PERCENT)
 HIGHEST    69           500 AM
 LOWEST     49           200 PM
 AVERAGE    59

..........................................................


THE LA CROSSE WI CLIMATE NORMALS FOR TODAY
                         NORMAL    RECORD    YEAR
 MAXIMUM TEMPERATURE (F)   26        54      1936
 MINIMUM TEMPERATURE (F)   11       -24      1914


SUNRISE AND SUNSET
DECEMBER 26 2017......SUNRISE   738 AM CST   SUNSET   433 PM CST
DECEMBER 27 2017......SUNRISE   739 AM CST   SUNSET   434 PM CST


-  INDICATES NEGATIVE NUMBERS.
R  INDICATES RECORD WAS SET OR TIED.
MM INDICATES DATA IS MISSING.
T  INDICATES TRACE AMOUNT.




$$
