000
CDUS43 KARX 032134
CLILSE


CLIMATE REPORT
NATIONAL WEATHER SERVICE LA CROSSE WI
433 PM CDT MON APR 3 2017


...................................

...THE LA CROSSE WI CLIMATE SUMMARY FOR APRIL 3 2017...
VALID TODAY AS OF 0430 PM LOCAL TIME.

CLIMATE NORMAL PERIOD 1981 TO 2010
CLIMATE RECORD PERIOD 1873 TO 2017


WEATHER ITEM   OBSERVED TIME   RECORD YEAR NORMAL DEPARTURE LAST
                VALUE   (LST)  VALUE       VALUE  FROM      YEAR
                                                  NORMAL
..................................................................
TEMPERATURE (F)
 TODAY
  MAXIMUM         51    201 PM  80    1921  53     -2       75
  MINIMUM         48   1115 AM  10    1954  33     15       33
  AVERAGE         50                        43      7       54

PRECIPITATION (IN)
  TODAY            0.83          2.17 1981   0.08   0.75      T
  MONTH TO DATE    0.83                      0.26   0.57     0.04
  SINCE MAR 1      2.59                      2.30   0.29     3.65
  SINCE JAN 1      6.45                      4.47   1.98     5.30

SNOWFALL (IN)
  TODAY            0.0           6.0  1945   0.1   -0.1      0.0
  MONTH TO DATE    0.0                       0.3   -0.3      0.6
  SINCE JUL 1     42.2                      41.9    0.3     40.3
  SNOW DEPTH       0

DEGREE DAYS
 HEATING
  TODAY           15                        22     -7       11
  MONTH TO DATE   49                        68    -19       67
  SINCE JUL 1   5231                      6521  -1290     5366

 COOLING
  TODAY            0                         0      0        0
  MONTH TO DATE    0                         0      0        0
  SINCE JAN 1      0                         0      0        0
..................................................................


WIND (MPH)
  HIGHEST WIND SPEED     9   HIGHEST WIND DIRECTION     N (340)
  HIGHEST GUST SPEED    11   HIGHEST GUST DIRECTION     E (90)
  AVERAGE WIND SPEED     4.2


SKY COVER
  POSSIBLE SUNSHINE  MM
  AVERAGE SKY COVER 1.0


WEATHER CONDITIONS
 THE FOLLOWING WEATHER WAS RECORDED TODAY.
  HEAVY RAIN
  RAIN
  LIGHT RAIN
  FOG


RELATIVE HUMIDITY (PERCENT)
 HIGHEST    93           200 AM
 LOWEST     80          1200 AM
 AVERAGE    87

..........................................................


THE LA CROSSE WI CLIMATE NORMALS FOR TOMORROW
                         NORMAL    RECORD    YEAR
 MAXIMUM TEMPERATURE (F)   54        80      1929
                                             1910
 MINIMUM TEMPERATURE (F)   33        11      1995


SUNRISE AND SUNSET
APRIL  3 2017.........SUNRISE   642 AM CDT   SUNSET   735 PM CDT
APRIL  4 2017.........SUNRISE   641 AM CDT   SUNSET   736 PM CDT


-  INDICATES NEGATIVE NUMBERS.
R  INDICATES RECORD WAS SET OR TIED.
MM INDICATES DATA IS MISSING.
T  INDICATES TRACE AMOUNT.




$$
