000
CDUS43 KARX 170646
CLILSE


CLIMATE REPORT
NATIONAL WEATHER SERVICE LA CROSSE WI
146 AM CDT WED AUG 17 2016


...................................

...THE LA CROSSE WI CLIMATE SUMMARY FOR AUGUST 16 2016...

CLIMATE NORMAL PERIOD 1981 TO 2010
CLIMATE RECORD PERIOD 1873 TO 2016


WEATHER ITEM   OBSERVED TIME   RECORD YEAR NORMAL DEPARTURE LAST
                VALUE   (LST)  VALUE       VALUE  FROM      YEAR
                                                  NORMAL
..................................................................
TEMPERATURE (F)
 YESTERDAY
  MAXIMUM         87    230 PM 101    1988  82      5       92
  MINIMUM         66    340 AM  44    1976  62      4       70
  AVERAGE         77                        72      5       81

PRECIPITATION (IN)
  YESTERDAY        1.03          2.61 1938   0.15   0.88     0.00
  MONTH TO DATE    3.91                      2.30   1.61     0.75
  SINCE JUN 1     15.79                     10.90   4.89     8.07
  SINCE JAN 1     26.27                     21.97   4.30    20.66

SNOWFALL (IN)
  YESTERDAY        0.0           0.0  2002   0.0    0.0      0.0
                                      2001
  MONTH TO DATE    0.0                       0.0    0.0      0.0
  SINCE JUL 1      0.0                       0.0    0.0      0.0
  SNOW DEPTH       0

DEGREE DAYS
 HEATING
  YESTERDAY        0                         0      0        0
  MONTH TO DATE    0                         0      0        0
  SINCE JUL 1      0                         5     -5        3

 COOLING
  YESTERDAY       12                         7      5       16
  MONTH TO DATE  184                       123     61      168
  SINCE JAN 1    800                       610    190      650
..................................................................


WIND (MPH)
  HIGHEST WIND SPEED    30   HIGHEST WIND DIRECTION    NW (310)
  HIGHEST GUST SPEED    40   HIGHEST GUST DIRECTION    NW (300)
  AVERAGE WIND SPEED     6.1


SKY COVER
  POSSIBLE SUNSHINE  MM
  AVERAGE SKY COVER 0.4


WEATHER CONDITIONS
 THE FOLLOWING WEATHER WAS RECORDED YESTERDAY.
  THUNDERSTORM
  HEAVY RAIN
  RAIN
  LIGHT RAIN
  FOG
  FOG W/VISIBILITY <= 1/4 MILE


RELATIVE HUMIDITY (PERCENT)
 HIGHEST   100           300 AM
 LOWEST     51          1200 PM
 AVERAGE    76

..........................................................


THE LA CROSSE WI CLIMATE NORMALS FOR TODAY
                         NORMAL    RECORD    YEAR
 MAXIMUM TEMPERATURE (F)   82       103      1988
 MINIMUM TEMPERATURE (F)   62        48      1981


SUNRISE AND SUNSET
AUGUST 17 2016........SUNRISE   612 AM CDT   SUNSET   805 PM CDT
AUGUST 18 2016........SUNRISE   613 AM CDT   SUNSET   803 PM CDT


-  INDICATES NEGATIVE NUMBERS.
R  INDICATES RECORD WAS SET OR TIED.
MM INDICATES DATA IS MISSING.
T  INDICATES TRACE AMOUNT.




$$
