000
CDUS43 KARX 280653
CLILSE


CLIMATE REPORT
NATIONAL WEATHER SERVICE LA CROSSE WI
153 AM CDT MON AUG 28 2017


...................................

...THE LA CROSSE WI CLIMATE SUMMARY FOR AUGUST 27 2017...

CLIMATE NORMAL PERIOD 1981 TO 2010
CLIMATE RECORD PERIOD 1873 TO 2017


WEATHER ITEM   OBSERVED TIME   RECORD YEAR NORMAL DEPARTURE LAST
                VALUE   (LST)  VALUE       VALUE  FROM      YEAR
                                                  NORMAL
..................................................................
TEMPERATURE (F)
 YESTERDAY
  MAXIMUM         81    401 PM  96    2013  80      1       71
  MINIMUM         65   1048 PM  42    1915  60      5       63
  AVERAGE         73                        70      3       67

PRECIPITATION (IN)
  YESTERDAY        0.00          2.55 1877   0.13  -0.13      T
  MONTH TO DATE    1.06                      3.77  -2.71     6.36
  SINCE JUN 1     14.07                     12.37   1.70    18.24
  SINCE JAN 1     31.76                     23.44   8.32    28.72

SNOWFALL (IN)
  YESTERDAY        0.0           0.0  2002   0.0    0.0      0.0
                                      2000
                                      2001
  MONTH TO DATE    0.0                       0.0    0.0      0.0
  SINCE JUL 1      0.0                       0.0    0.0      0.0
  SNOW DEPTH       0

DEGREE DAYS
 HEATING
  YESTERDAY        0                         1     -1        0
  MONTH TO DATE    0                         7     -7        0
  SINCE JUL 1      0                        12    -12        0

 COOLING
  YESTERDAY        8                         6      2        2
  MONTH TO DATE  175                       194    -19      260
  SINCE JAN 1    798                       681    117      876
..................................................................


WIND (MPH)
  HIGHEST WIND SPEED    14   HIGHEST WIND DIRECTION     W (280)
  HIGHEST GUST SPEED    18   HIGHEST GUST DIRECTION     S (180)
  AVERAGE WIND SPEED     5.6


SKY COVER
  POSSIBLE SUNSHINE  MM
  AVERAGE SKY COVER 0.7


WEATHER CONDITIONS
 THE FOLLOWING WEATHER WAS RECORDED YESTERDAY.
  NO SIGNIFICANT WEATHER WAS OBSERVED.


RELATIVE HUMIDITY (PERCENT)
 HIGHEST    87           500 AM
 LOWEST     51           400 PM
 AVERAGE    69

..........................................................


THE LA CROSSE WI CLIMATE NORMALS FOR TODAY
                         NORMAL    RECORD    YEAR
 MAXIMUM TEMPERATURE (F)   80        97      1955
 MINIMUM TEMPERATURE (F)   60        39      1891


SUNRISE AND SUNSET
AUGUST 28 2017........SUNRISE   624 AM CDT   SUNSET   747 PM CDT
AUGUST 29 2017........SUNRISE   625 AM CDT   SUNSET   745 PM CDT


-  INDICATES NEGATIVE NUMBERS.
R  INDICATES RECORD WAS SET OR TIED.
MM INDICATES DATA IS MISSING.
T  INDICATES TRACE AMOUNT.




$$
