000
CDUS43 KARX 300639
CLILSE


CLIMATE REPORT
NATIONAL WEATHER SERVICE LA CROSSE WI
138 AM CDT MON JUN 30 2014


...................................

...THE LA CROSSE WI CLIMATE SUMMARY FOR JUNE 29 2014...

CLIMATE NORMAL PERIOD 1981 TO 2010
CLIMATE RECORD PERIOD 1873 TO 2014


WEATHER ITEM   OBSERVED TIME   RECORD YEAR NORMAL DEPARTURE LAST
                VALUE   (LST)  VALUE       VALUE  FROM      YEAR
                                                  NORMAL
..................................................................
TEMPERATURE (F)
 YESTERDAY
  MAXIMUM         86    101 PM 101    1931  84      2       73
  MINIMUM         69    409 AM  45    1925  62      7       63
  AVERAGE         78                        73      5       68

PRECIPITATION (IN)
  YESTERDAY        0.11          1.33 1969   0.15  -0.04     0.18
  MONTH TO DATE    6.53                      4.19   2.34     5.82
  SINCE JUN 1      6.53                      4.19   2.34     5.82
  SINCE JAN 1     19.69                     15.26   4.43    24.75

SNOWFALL (IN)
  YESTERDAY        0.0           0.0  2002   0.0    0.0      0.0
                                      2001
  MONTH TO DATE    0.0                       0.0    0.0      0.0
  SINCE JUL 1     48.9                      43.3    5.6     60.6
  SNOW DEPTH       0

DEGREE DAYS
 HEATING
  YESTERDAY        0                         0      0        0
  MONTH TO DATE    1                        38    -37       44
  SINCE JUL 1   8136                      7195    941     7471

 COOLING
  YESTERDAY       13                         8      5        3
  MONTH TO DATE  214                       158     56      149
  SINCE JAN 1    273                       206     67      209
..................................................................


WIND (MPH)
  HIGHEST WIND SPEED    25   HIGHEST WIND DIRECTION    SW (210)
  HIGHEST GUST SPEED    33   HIGHEST GUST DIRECTION     S (200)
  AVERAGE WIND SPEED     9.0


SKY COVER
  POSSIBLE SUNSHINE  MM
  AVERAGE SKY COVER 0.4


WEATHER CONDITIONS
 THE FOLLOWING WEATHER WAS RECORDED YESTERDAY.
  THUNDERSTORM
  LIGHT RAIN
  FOG


RELATIVE HUMIDITY (PERCENT)
 HIGHEST    97           100 AM
 LOWEST     45           100 PM
 AVERAGE    71

..........................................................


THE LA CROSSE WI CLIMATE NORMALS FOR TODAY
                         NORMAL    RECORD    YEAR
 MAXIMUM TEMPERATURE (F)   84       100      1933
                                             1931
                                             1910
 MINIMUM TEMPERATURE (F)   63        48      1943


SUNRISE AND SUNSET
JUNE 30 2014..........SUNRISE   526 AM CDT   SUNSET   851 PM CDT
JULY  1 2014..........SUNRISE   526 AM CDT   SUNSET   851 PM CDT


-  INDICATES NEGATIVE NUMBERS.
R  INDICATES RECORD WAS SET OR TIED.
MM INDICATES DATA IS MISSING.
T  INDICATES TRACE AMOUNT.




$$
