000
CDUS43 KARX 292132
CLILSE


CLIMATE REPORT
NATIONAL WEATHER SERVICE LA CROSSE WI
431 PM CDT FRI SEP 29 2017


...................................

...THE LA CROSSE WI CLIMATE SUMMARY FOR SEPTEMBER 29 2017...
VALID TODAY AS OF 0430 PM LOCAL TIME.

CLIMATE NORMAL PERIOD 1981 TO 2010
CLIMATE RECORD PERIOD 1873 TO 2017


WEATHER ITEM   OBSERVED TIME   RECORD YEAR NORMAL DEPARTURE LAST
                VALUE   (LST)  VALUE       VALUE  FROM      YEAR
                                                  NORMAL
..................................................................
TEMPERATURE (F)
 TODAY
  MAXIMUM         69    323 PM  87    1898  67      2       75
  MINIMUM         50    608 AM  28    1967  46      4       50
  AVERAGE         60                        57      3       63

PRECIPITATION (IN)
  TODAY            0.00          1.84 1881   0.10  -0.10     0.00
  MONTH TO DATE    0.95                      3.47  -2.52    10.46
  SINCE SEP 1      0.95                      3.47  -2.52    10.46
  SINCE JAN 1     32.71                     27.43   5.28    39.18

SNOWFALL (IN)
  TODAY            0.0           0.0  2002   0.0    0.0      0.0
                                      2001
  MONTH TO DATE    0.0                       0.0    0.0      0.0
  SINCE JUL 1      0.0                       0.0    0.0      0.0
  SNOW DEPTH       0

DEGREE DAYS
 HEATING
  TODAY            5                         9     -4        2
  MONTH TO DATE   39                       130    -91       16
  SINCE JUL 1     39                       150   -111       16

 COOLING
  TODAY            0                         1     -1        0
  MONTH TO DATE  172                        73     99      111
  SINCE JAN 1    987                       773    214     1020
..................................................................


WIND (MPH)
  HIGHEST WIND SPEED    13   HIGHEST WIND DIRECTION     N (350)
  HIGHEST GUST SPEED    17   HIGHEST GUST DIRECTION     N (10)
  AVERAGE WIND SPEED     6.8


SKY COVER
  POSSIBLE SUNSHINE  MM
  AVERAGE SKY COVER 0.2


WEATHER CONDITIONS
 THE FOLLOWING WEATHER WAS RECORDED TODAY.
  NO SIGNIFICANT WEATHER WAS OBSERVED.


RELATIVE HUMIDITY (PERCENT)
 HIGHEST    89           500 AM
 LOWEST     39           200 PM
 AVERAGE    64

..........................................................


THE LA CROSSE WI CLIMATE NORMALS FOR TOMORROW
                         NORMAL    RECORD    YEAR
 MAXIMUM TEMPERATURE (F)   67        87      1996
 MINIMUM TEMPERATURE (F)   46        24      1899


SUNRISE AND SUNSET
SEPTEMBER 29 2017.....SUNRISE   701 AM CDT   SUNSET   649 PM CDT
SEPTEMBER 30 2017.....SUNRISE   702 AM CDT   SUNSET   647 PM CDT


-  INDICATES NEGATIVE NUMBERS.
R  INDICATES RECORD WAS SET OR TIED.
MM INDICATES DATA IS MISSING.
T  INDICATES TRACE AMOUNT.




$$
