000
CDUS43 KARX 060629
CLILSE


CLIMATE REPORT
NATIONAL WEATHER SERVICE LA CROSSE WI
128 AM CDT TUE JUN 6 2017


...................................

...THE LA CROSSE WI CLIMATE SUMMARY FOR JUNE 5 2017...

CLIMATE NORMAL PERIOD 1981 TO 2010
CLIMATE RECORD PERIOD 1873 TO 2017


WEATHER ITEM   OBSERVED TIME   RECORD YEAR NORMAL DEPARTURE LAST
                VALUE   (LST)  VALUE       VALUE  FROM      YEAR
                                                  NORMAL
..................................................................
TEMPERATURE (F)
 YESTERDAY
  MAXIMUM         83    309 PM  93    1934  77      6       84
  MINIMUM         59    455 AM  40    1945  55      4       59
  AVERAGE         71                        66      5       72

PRECIPITATION (IN)
  YESTERDAY        0.00          1.55 1980   0.15  -0.15     0.04
  MONTH TO DATE    0.03                      0.69  -0.66     0.76
  SINCE JUN 1      0.03                      0.69  -0.66     0.76
  SINCE JAN 1     17.72                     11.76   5.96    11.24

SNOWFALL (IN)
  YESTERDAY        0.0           0.0  2002   0.0    0.0      0.0
                                      2001
  MONTH TO DATE    0.0                       0.0    0.0      0.0
  SINCE JUL 1     42.2                      43.3   -1.1     40.3
  SNOW DEPTH       0

DEGREE DAYS
 HEATING
  YESTERDAY        0                         2     -2        0
  MONTH TO DATE    2                        14    -12        0
  SINCE JUL 1   5768                      7171  -1403     5949

 COOLING
  YESTERDAY        6                         3      3        7
  MONTH TO DATE   39                        15     24       24
  SINCE JAN 1     76                        63     13      110
..................................................................


WIND (MPH)
  HIGHEST WIND SPEED    16   HIGHEST WIND DIRECTION     E (90)
  HIGHEST GUST SPEED    24   HIGHEST GUST DIRECTION     E (100)
  AVERAGE WIND SPEED     7.5


SKY COVER
  POSSIBLE SUNSHINE  MM
  AVERAGE SKY COVER 0.1


WEATHER CONDITIONS
 THE FOLLOWING WEATHER WAS RECORDED YESTERDAY.
  NO SIGNIFICANT WEATHER WAS OBSERVED.


RELATIVE HUMIDITY (PERCENT)
 HIGHEST    80           500 AM
 LOWEST     28           300 PM
 AVERAGE    54

..........................................................


THE LA CROSSE WI CLIMATE NORMALS FOR TODAY
                         NORMAL    RECORD    YEAR
 MAXIMUM TEMPERATURE (F)   77        96      2011
 MINIMUM TEMPERATURE (F)   55        40      1983


SUNRISE AND SUNSET
JUNE  6 2017..........SUNRISE   523 AM CDT   SUNSET   844 PM CDT
JUNE  7 2017..........SUNRISE   523 AM CDT   SUNSET   845 PM CDT


-  INDICATES NEGATIVE NUMBERS.
R  INDICATES RECORD WAS SET OR TIED.
MM INDICATES DATA IS MISSING.
T  INDICATES TRACE AMOUNT.




$$
