000
CDUS43 KARX 260640
CLILSE


CLIMATE REPORT
NATIONAL WEATHER SERVICE LA CROSSE WI
1239 AM CST FRI DEC 26 2014


...................................

...THE LA CROSSE WI CLIMATE SUMMARY FOR DECEMBER 25 2014...

CLIMATE NORMAL PERIOD 1981 TO 2010
CLIMATE RECORD PERIOD 1873 TO 2014


WEATHER ITEM   OBSERVED TIME   RECORD YEAR NORMAL DEPARTURE LAST
                VALUE   (LST)  VALUE       VALUE  FROM      YEAR
                                                  NORMAL
..................................................................
TEMPERATURE (F)
 YESTERDAY
  MAXIMUM         42    258 PM  55    1936  27     15       26
  MINIMUM         29   1022 PM -26    2000  11     18        8
                                      1884
                                      1879
  AVERAGE         36                        19     17       17

PRECIPITATION (IN)
  YESTERDAY        0.00          1.61 1895   0.04  -0.04     0.04
  MONTH TO DATE    0.94                      1.15  -0.21     1.45
  SINCE DEC 1      0.94                      1.15  -0.21     1.45
  SINCE JAN 1     37.53                     32.85   4.68    35.82

SNOWFALL (IN)
  YESTERDAY        0.0           5.4  1950   0.3   -0.3      0.8
  MONTH TO DATE    1.3                       9.4   -8.1     12.0
  SINCE JUL 1      9.1                      13.7   -4.6     13.0
  SNOW DEPTH       0

DEGREE DAYS
 HEATING
  YESTERDAY       29                        46    -17       48
  MONTH TO DATE  851                      1064   -213     1214
  SINCE JUL 1   2451                      2564   -113     2618

 COOLING
  YESTERDAY        0                         0      0        0
  MONTH TO DATE    0                         0      0        0
  SINCE JAN 1    822                       782     40      917
..................................................................


WIND (MPH)
  HIGHEST WIND SPEED    21   HIGHEST WIND DIRECTION    SW (220)
  HIGHEST GUST SPEED    23   HIGHEST GUST DIRECTION    SW (210)
  AVERAGE WIND SPEED     7.2


SKY COVER
  POSSIBLE SUNSHINE  MM
  AVERAGE SKY COVER 0.6


WEATHER CONDITIONS
 THE FOLLOWING WEATHER WAS RECORDED YESTERDAY.
  NO SIGNIFICANT WEATHER WAS OBSERVED.


RELATIVE HUMIDITY (PERCENT)
 HIGHEST    92           900 PM
 LOWEST     62           300 PM
 AVERAGE    77

..........................................................


THE LA CROSSE WI CLIMATE NORMALS FOR TODAY
                         NORMAL    RECORD    YEAR
 MAXIMUM TEMPERATURE (F)   26        54      1936
 MINIMUM TEMPERATURE (F)   11       -24      1914


SUNRISE AND SUNSET
DECEMBER 26 2014......SUNRISE   738 AM CST   SUNSET   433 PM CST
DECEMBER 27 2014......SUNRISE   738 AM CST   SUNSET   434 PM CST


-  INDICATES NEGATIVE NUMBERS.
R  INDICATES RECORD WAS SET OR TIED.
MM INDICATES DATA IS MISSING.
T  INDICATES TRACE AMOUNT.




$$
