569
CDUS43 KARX 170701
CLILSE


CLIMATE REPORT
NATIONAL WEATHER SERVICE LA CROSSE WI
100 AM CST FRI NOV 17 2017


...................................

...THE LA CROSSE WI CLIMATE SUMMARY FOR NOVEMBER 16 2017...

CLIMATE NORMAL PERIOD 1981 TO 2010
CLIMATE RECORD PERIOD 1873 TO 2017


WEATHER ITEM   OBSERVED TIME   RECORD YEAR NORMAL DEPARTURE LAST
                VALUE   (LST)  VALUE       VALUE  FROM      YEAR
                                                  NORMAL
..................................................................
TEMPERATURE (F)
 YESTERDAY
  MAXIMUM         37    323 PM  70    1953  44     -7       60
  MINIMUM         32    647 AM   2    1959  28      4       31
  AVERAGE         35                        36     -1       46

PRECIPITATION (IN)
  YESTERDAY        0.00          1.51 1996   0.06  -0.06     0.00
  MONTH TO DATE    0.21                      1.08  -0.87      T
  SINCE SEP 1      7.17                      6.81   0.36    12.69
  SINCE JAN 1     38.93                     30.77   8.16    41.41

SNOWFALL (IN)
  YESTERDAY        0.0           4.2  1961   0.1   -0.1      0.0
  MONTH TO DATE    T                         1.2   -1.2      0.0
  SINCE JUL 1      T                         1.4   -1.4      0.0
  SNOW DEPTH       0

DEGREE DAYS
 HEATING
  YESTERDAY       30                        29      1       19
  MONTH TO DATE  474                       402     72      213
  SINCE JUL 1    866                      1030   -164      516

 COOLING
  YESTERDAY        0                         0      0        0
  MONTH TO DATE    0                         0      0        0
  SINCE JAN 1   1001                       782    219     1033
..................................................................


WIND (MPH)
  HIGHEST WIND SPEED    22   HIGHEST WIND DIRECTION     N (340)
  HIGHEST GUST SPEED    27   HIGHEST GUST DIRECTION    SE (140)
  AVERAGE WIND SPEED    10.1


SKY COVER
  POSSIBLE SUNSHINE  MM
  AVERAGE SKY COVER 0.9


WEATHER CONDITIONS
 THE FOLLOWING WEATHER WAS RECORDED YESTERDAY.
  NO SIGNIFICANT WEATHER WAS OBSERVED.


RELATIVE HUMIDITY (PERCENT)
 HIGHEST    75          1100 PM
 LOWEST     59           200 PM
 AVERAGE    67

..........................................................


THE LA CROSSE WI CLIMATE NORMALS FOR TODAY
                         NORMAL    RECORD    YEAR
 MAXIMUM TEMPERATURE (F)   43        70      2016
                                             1953
 MINIMUM TEMPERATURE (F)   28         0      1959


SUNRISE AND SUNSET
NOVEMBER 17 2017......SUNRISE   703 AM CST   SUNSET   437 PM CST
NOVEMBER 18 2017......SUNRISE   704 AM CST   SUNSET   436 PM CST


-  INDICATES NEGATIVE NUMBERS.
R  INDICATES RECORD WAS SET OR TIED.
MM INDICATES DATA IS MISSING.
T  INDICATES TRACE AMOUNT.




$$
