000
CDUS43 KARX 310654
CLILSE


CLIMATE REPORT
NATIONAL WEATHER SERVICE LA CROSSE WI
1254 AM CST SAT DEC 31 2016


...................................

...THE LA CROSSE WI CLIMATE SUMMARY FOR DECEMBER 30 2016...

CLIMATE NORMAL PERIOD 1981 TO 2010
CLIMATE RECORD PERIOD 1873 TO 2016


WEATHER ITEM   OBSERVED TIME   RECORD YEAR NORMAL DEPARTURE LAST
                VALUE   (LST)  VALUE       VALUE  FROM      YEAR
                                                  NORMAL
..................................................................
TEMPERATURE (F)
 YESTERDAY
  MAXIMUM         32   1159 PM  55    1875  26      6       29
  MINIMUM         19    756 AM -17    2013  10      9       21
                                      1976
  AVERAGE         26                        18      8       25

PRECIPITATION (IN)
  YESTERDAY        0.00          1.13 1906   0.04  -0.04      T
  MONTH TO DATE    2.19                      1.33   0.86     4.92
  SINCE DEC 1      2.19                      1.33   0.86     4.92
  SINCE JAN 1     44.76                     33.03  11.73    34.47

SNOWFALL (IN)
  YESTERDAY        0.0           8.1  1971   0.3   -0.3       T
  MONTH TO DATE   20.8                      11.0    9.8     11.5
  SINCE JUL 1     20.8                      15.3    5.5     12.4
  SNOW DEPTH       4

DEGREE DAYS
 HEATING
  YESTERDAY       39                        47     -8       40
  MONTH TO DATE 1239                      1297    -58      905
  SINCE JUL 1   2098                      2797   -699     1991

 COOLING
  YESTERDAY        0                         0      0        0
  MONTH TO DATE    0                         0      0        0
  SINCE JAN 1   1033                       782    251      887
..................................................................


WIND (MPH)
  HIGHEST WIND SPEED    20   HIGHEST WIND DIRECTION    NW (310)
  HIGHEST GUST SPEED    23   HIGHEST GUST DIRECTION    NW (310)
  AVERAGE WIND SPEED     8.6


SKY COVER
  POSSIBLE SUNSHINE  MM
  AVERAGE SKY COVER 0.5


WEATHER CONDITIONS
 THE FOLLOWING WEATHER WAS RECORDED YESTERDAY.
  NO SIGNIFICANT WEATHER WAS OBSERVED.


RELATIVE HUMIDITY (PERCENT)
 HIGHEST    77           900 AM
 LOWEST     58           400 PM
 AVERAGE    68

..........................................................


THE LA CROSSE WI CLIMATE NORMALS FOR TODAY
                         NORMAL    RECORD    YEAR
 MAXIMUM TEMPERATURE (F)   26        59      1965
 MINIMUM TEMPERATURE (F)   10       -20      1976


SUNRISE AND SUNSET
DECEMBER 31 2016......SUNRISE   739 AM CST   SUNSET   438 PM CST
JANUARY  1 2017.......SUNRISE   739 AM CST   SUNSET   438 PM CST


-  INDICATES NEGATIVE NUMBERS.
R  INDICATES RECORD WAS SET OR TIED.
MM INDICATES DATA IS MISSING.
T  INDICATES TRACE AMOUNT.




$$
