293
CDUS43 KARX 100649
CLILSE


CLIMATE REPORT
NATIONAL WEATHER SERVICE LA CROSSE WI
1249 AM CST FRI FEB 10 2017


...................................

...THE LA CROSSE WI CLIMATE SUMMARY FOR FEBRUARY 9 2017...

CLIMATE NORMAL PERIOD 1981 TO 2010
CLIMATE RECORD PERIOD 1873 TO 2017


WEATHER ITEM   OBSERVED TIME   RECORD YEAR NORMAL DEPARTURE LAST
                VALUE   (LST)  VALUE       VALUE  FROM      YEAR
                                                  NORMAL
..................................................................
TEMPERATURE (F)
 YESTERDAY
  MAXIMUM         22    342 PM  51    1966  29     -7       15
  MINIMUM          7    733 AM -32    1899  12     -5        2
  AVERAGE         15                        20     -5        9

PRECIPITATION (IN)
  YESTERDAY        0.00          0.81 1894   0.03  -0.03      T
  MONTH TO DATE    0.03                      0.31  -0.28     0.74
  SINCE DEC 1      4.91                      2.79   2.12     6.54
  SINCE JAN 1      2.72                      1.43   1.29     1.61

SNOWFALL (IN)
  YESTERDAY        0.0           4.4  1909   0.3   -0.3       T
  MONTH TO DATE    0.5                       2.9   -2.4      9.8
  SINCE JUL 1     30.8                      29.2    1.6     26.4
  SNOW DEPTH       2

DEGREE DAYS
 HEATING
  YESTERDAY       50                        45      5       56
  MONTH TO DATE  388                       410    -22      388
  SINCE JUL 1   3785                      4729   -944     3827

 COOLING
  YESTERDAY        0                         0      0        0
  MONTH TO DATE    0                         0      0        0
  SINCE JAN 1      0                         0      0        0
..................................................................


WIND (MPH)
  HIGHEST WIND SPEED    18   HIGHEST WIND DIRECTION     S (170)
  HIGHEST GUST SPEED    24   HIGHEST GUST DIRECTION     S (170)
  AVERAGE WIND SPEED     8.4


SKY COVER
  POSSIBLE SUNSHINE  MM
  AVERAGE SKY COVER 0.1


WEATHER CONDITIONS
 THE FOLLOWING WEATHER WAS RECORDED YESTERDAY.
  NO SIGNIFICANT WEATHER WAS OBSERVED.


RELATIVE HUMIDITY (PERCENT)
 HIGHEST    63           500 AM
 LOWEST     39           300 PM
 AVERAGE    51

..........................................................


THE LA CROSSE WI CLIMATE NORMALS FOR TODAY
                         NORMAL    RECORD    YEAR
 MAXIMUM TEMPERATURE (F)   30        51      2009
                                             1886
 MINIMUM TEMPERATURE (F)   12       -32      1899


SUNRISE AND SUNSET
FEBRUARY 10 2017......SUNRISE   711 AM CST   SUNSET   528 PM CST
FEBRUARY 11 2017......SUNRISE   709 AM CST   SUNSET   530 PM CST


-  INDICATES NEGATIVE NUMBERS.
R  INDICATES RECORD WAS SET OR TIED.
MM INDICATES DATA IS MISSING.
T  INDICATES TRACE AMOUNT.




$$
