000
CDUS43 KARX 060646
CLILSE


CLIMATE REPORT
NATIONAL WEATHER SERVICE LA CROSSE WI
145 AM CDT WED APR 6 2016


...................................

...THE LA CROSSE WI CLIMATE SUMMARY FOR APRIL 5 2016...

CLIMATE NORMAL PERIOD 1981 TO 2010
CLIMATE RECORD PERIOD 1873 TO 2016


WEATHER ITEM   OBSERVED TIME   RECORD YEAR NORMAL DEPARTURE LAST
                VALUE   (LST)  VALUE       VALUE  FROM      YEAR
                                                  NORMAL
..................................................................
TEMPERATURE (F)
 YESTERDAY
  MAXIMUM         41    957 AM  85    1991  54    -13       59
  MINIMUM         27    421 AM  12    1887  34     -7       37
  AVERAGE         34                        44    -10       48

PRECIPITATION (IN)
  YESTERDAY        0.04          1.57 1958   0.09  -0.05     0.02
  MONTH TO DATE    0.08                      0.45  -0.37     0.25
  SINCE MAR 1      3.69                      2.49   1.20     1.06
  SINCE JAN 1      5.34                      4.66   0.68     2.27

SNOWFALL (IN)
  YESTERDAY        T             2.4  1982   0.1   -0.1      0.0
  MONTH TO DATE    0.6                       0.5    0.1      0.0
  SINCE JUL 1     40.3                      42.1   -1.8     38.3
  SNOW DEPTH       0

DEGREE DAYS
 HEATING
  YESTERDAY       31                        21     10       17
  MONTH TO DATE  127                       111     16       72
  SINCE JUL 1   5426                      6564  -1138     6564

 COOLING
  YESTERDAY        0                         0      0        0
  MONTH TO DATE    0                         0      0        0
  SINCE JAN 1      0                         0      0        0
..................................................................


WIND (MPH)
  HIGHEST WIND SPEED    26   HIGHEST WIND DIRECTION    SE (150)
  HIGHEST GUST SPEED    31   HIGHEST GUST DIRECTION    SE (150)
  AVERAGE WIND SPEED    11.6


SKY COVER
  POSSIBLE SUNSHINE  MM
  AVERAGE SKY COVER 0.6


WEATHER CONDITIONS
 THE FOLLOWING WEATHER WAS RECORDED YESTERDAY.
  LIGHT RAIN
  SLEET


RELATIVE HUMIDITY (PERCENT)
 HIGHEST    70           300 PM
 LOWEST     48          1000 AM
 AVERAGE    59

..........................................................


THE LA CROSSE WI CLIMATE NORMALS FOR TODAY
                         NORMAL    RECORD    YEAR
 MAXIMUM TEMPERATURE (F)   55        91      1991
 MINIMUM TEMPERATURE (F)   34         7      1982


SUNRISE AND SUNSET
APRIL  6 2016.........SUNRISE   637 AM CDT   SUNSET   739 PM CDT
APRIL  7 2016.........SUNRISE   635 AM CDT   SUNSET   740 PM CDT


-  INDICATES NEGATIVE NUMBERS.
R  INDICATES RECORD WAS SET OR TIED.
MM INDICATES DATA IS MISSING.
T  INDICATES TRACE AMOUNT.




$$
