000
CDUS43 KARX 120652
CLILSE


CLIMATE REPORT
NATIONAL WEATHER SERVICE LA CROSSE WI
1250 AM CST WED NOV 12 2014


...................................

...THE LA CROSSE WI CLIMATE SUMMARY FOR NOVEMBER 11 2014...

CLIMATE NORMAL PERIOD 1981 TO 2010
CLIMATE RECORD PERIOD 1873 TO 2014


WEATHER ITEM   OBSERVED TIME   RECORD YEAR NORMAL DEPARTURE LAST
                VALUE   (LST)  VALUE       VALUE  FROM      YEAR
                                                  NORMAL
..................................................................
TEMPERATURE (F)
 YESTERDAY
  MAXIMUM         34    229 AM  70    1964  47    -13       45
  MINIMUM         24   1159 PM   4    1986  31     -7       22
  AVERAGE         29                        39    -10       34

PRECIPITATION (IN)
  YESTERDAY        0.17          1.90 1909   0.06   0.11     0.08
  MONTH TO DATE    0.26                      0.73  -0.47     1.38
  SINCE SEP 1      6.41                      6.46  -0.05     6.83
  SINCE JAN 1     35.89                     30.42   5.47    33.98

SNOWFALL (IN)
  YESTERDAY        2.7           3.3  1916   0.1    2.6      0.1
  MONTH TO DATE    2.7                       0.7    2.0      0.1
  SINCE JUL 1      2.7                       0.9    1.8      0.1
  SNOW DEPTH       2

DEGREE DAYS
 HEATING
  YESTERDAY       36                        26     10       31
  MONTH TO DATE  261                       261      0      265
  SINCE JUL 1    821                       889    -68      779

 COOLING
  YESTERDAY        0                         0      0        0
  MONTH TO DATE    0                         0      0        0
  SINCE JAN 1    822                       782     40      917
..................................................................


WIND (MPH)
  HIGHEST WIND SPEED    25   HIGHEST WIND DIRECTION    NW (320)
  HIGHEST GUST SPEED    32   HIGHEST GUST DIRECTION     N (340)
  AVERAGE WIND SPEED    17.6


SKY COVER
  POSSIBLE SUNSHINE  MM
  AVERAGE SKY COVER 1.0


WEATHER CONDITIONS
 THE FOLLOWING WEATHER WAS RECORDED YESTERDAY.
  LT FREEZING RAIN
  LIGHT SNOW
  FOG


RELATIVE HUMIDITY (PERCENT)
 HIGHEST    96          1200 AM
 LOWEST     63          1000 PM
 AVERAGE    80

..........................................................


THE LA CROSSE WI CLIMATE NORMALS FOR TODAY
                         NORMAL    RECORD    YEAR
 MAXIMUM TEMPERATURE (F)   46        67      1902
 MINIMUM TEMPERATURE (F)   30         5      1986


SUNRISE AND SUNSET
NOVEMBER 12 2014......SUNRISE   656 AM CST   SUNSET   442 PM CST
NOVEMBER 13 2014......SUNRISE   657 AM CST   SUNSET   441 PM CST


-  INDICATES NEGATIVE NUMBERS.
R  INDICATES RECORD WAS SET OR TIED.
MM INDICATES DATA IS MISSING.
T  INDICATES TRACE AMOUNT.




$$
