331
CDUS43 KARX 122128
CLILSE


CLIMATE REPORT
NATIONAL WEATHER SERVICE LA CROSSE WI
427 PM CDT WED APR 12 2017


...................................

...THE LA CROSSE WI CLIMATE SUMMARY FOR APRIL 12 2017...
VALID TODAY AS OF 0400 PM LOCAL TIME.

CLIMATE NORMAL PERIOD 1981 TO 2010
CLIMATE RECORD PERIOD 1873 TO 2017


WEATHER ITEM   OBSERVED TIME   RECORD YEAR NORMAL DEPARTURE LAST
                VALUE   (LST)  VALUE       VALUE  FROM      YEAR
                                                  NORMAL
..................................................................
TEMPERATURE (F)
 TODAY
  MAXIMUM         59    259 PM  81    1931  58      1       52
  MINIMUM         34    532 AM  19    1957  37     -3       25
                                      1939
  AVERAGE         47                        47      0       39

PRECIPITATION (IN)
  TODAY            T             1.90 1903   0.12  -0.12     0.00
  MONTH TO DATE    1.68                      1.20   0.48     0.18
  SINCE MAR 1      3.44                      3.24   0.20     3.79
  SINCE JAN 1      7.30                      5.41   1.89     5.44

SNOWFALL (IN)
  TODAY            0.0           3.1  1962   0.1   -0.1      0.0
  MONTH TO DATE    0.0                       1.0   -1.0      0.6
  SINCE JUL 1     42.2                      42.6   -0.4     40.3
  SNOW DEPTH       0

DEGREE DAYS
 HEATING
  TODAY           18                        18      0       26
  MONTH TO DATE  170                       246    -76      306
  SINCE JUL 1   5352                      6699  -1347     5605

 COOLING
  TODAY            0                         0      0        0
  MONTH TO DATE    3                         0      3        0
  SINCE JAN 1      3                         0      3        0
..................................................................


WIND (MPH)
  HIGHEST WIND SPEED     9   HIGHEST WIND DIRECTION     S (200)
  HIGHEST GUST SPEED    11   HIGHEST GUST DIRECTION    SE (120)
  AVERAGE WIND SPEED     5.7


SKY COVER
  POSSIBLE SUNSHINE  MM
  AVERAGE SKY COVER 0.6


WEATHER CONDITIONS
 THE FOLLOWING WEATHER WAS RECORDED TODAY.
  FOG


RELATIVE HUMIDITY (PERCENT)
 HIGHEST    96           500 AM
 LOWEST     51          1200 PM
 AVERAGE    74

..........................................................


THE LA CROSSE WI CLIMATE NORMALS FOR TOMORROW
                         NORMAL    RECORD    YEAR
 MAXIMUM TEMPERATURE (F)   58        80      1941
 MINIMUM TEMPERATURE (F)   37        23      1973
                                             1950
                                             1920


SUNRISE AND SUNSET
APRIL 12 2017.........SUNRISE   627 AM CDT   SUNSET   746 PM CDT
APRIL 13 2017.........SUNRISE   625 AM CDT   SUNSET   747 PM CDT


-  INDICATES NEGATIVE NUMBERS.
R  INDICATES RECORD WAS SET OR TIED.
MM INDICATES DATA IS MISSING.
T  INDICATES TRACE AMOUNT.




$$
