000
CDUS43 KARX 050648
CLILSE


CLIMATE REPORT
NATIONAL WEATHER SERVICE LA CROSSE WI
1247 AM CST WED NOV 5 2014


...................................

...THE LA CROSSE WI CLIMATE SUMMARY FOR NOVEMBER 4 2014...

CLIMATE NORMAL PERIOD 1981 TO 2010
CLIMATE RECORD PERIOD 1873 TO 2014


WEATHER ITEM   OBSERVED TIME   RECORD YEAR NORMAL DEPARTURE LAST
                VALUE   (LST)  VALUE       VALUE  FROM      YEAR
                                                  NORMAL
..................................................................
TEMPERATURE (F)
 YESTERDAY
  MAXIMUM         57    306 PM  75    2008  51      6       51
  MINIMUM         42   1024 PM   4    1991  34      8       39
  AVERAGE         50                        42      8       45

PRECIPITATION (IN)
  YESTERDAY        0.02          1.16 1959   0.07  -0.05     0.06
  MONTH TO DATE    0.03                      0.27  -0.24     0.06
  SINCE SEP 1      6.18                      6.00   0.18     5.51
  SINCE JAN 1     35.66                     29.96   5.70    32.66

SNOWFALL (IN)
  YESTERDAY        0.0           1.3  1959   0.1   -0.1      0.0
  MONTH TO DATE    0.0                       0.2   -0.2      0.0
  SINCE JUL 1      0.0                       0.4   -0.4       T
  SNOW DEPTH       0

DEGREE DAYS
 HEATING
  YESTERDAY       15                        23     -8       20
  MONTH TO DATE   78                        88    -10       87
  SINCE JUL 1    638                       716    -78      601

 COOLING
  YESTERDAY        0                         0      0        0
  MONTH TO DATE    0                         0      0        0
  SINCE JAN 1    822                       782     40      917
..................................................................


WIND (MPH)
  HIGHEST WIND SPEED    26   HIGHEST WIND DIRECTION    NW (300)
  HIGHEST GUST SPEED    32   HIGHEST GUST DIRECTION    NW (310)
  AVERAGE WIND SPEED    12.9


SKY COVER
  POSSIBLE SUNSHINE  MM
  AVERAGE SKY COVER 0.5


WEATHER CONDITIONS
 THE FOLLOWING WEATHER WAS RECORDED YESTERDAY.
  LIGHT RAIN
  FOG


RELATIVE HUMIDITY (PERCENT)
 HIGHEST    86           100 AM
 LOWEST     38           600 PM
 AVERAGE    62

..........................................................


THE LA CROSSE WI CLIMATE NORMALS FOR TODAY
                         NORMAL    RECORD    YEAR
 MAXIMUM TEMPERATURE (F)   50        71      1924
 MINIMUM TEMPERATURE (F)   34         1      1951


SUNRISE AND SUNSET
NOVEMBER  5 2014......SUNRISE   647 AM CST   SUNSET   450 PM CST
NOVEMBER  6 2014......SUNRISE   648 AM CST   SUNSET   449 PM CST


-  INDICATES NEGATIVE NUMBERS.
R  INDICATES RECORD WAS SET OR TIED.
MM INDICATES DATA IS MISSING.
T  INDICATES TRACE AMOUNT.




$$
