000
CDUS43 KARX 090641
CLILSE


CLIMATE REPORT
NATIONAL WEATHER SERVICE LA CROSSE WI
1241 AM CST THU NOV 9 2017


...................................

...THE LA CROSSE WI CLIMATE SUMMARY FOR NOVEMBER 8 2017...

CLIMATE NORMAL PERIOD 1981 TO 2010
CLIMATE RECORD PERIOD 1873 TO 2017


WEATHER ITEM   OBSERVED TIME   RECORD YEAR NORMAL DEPARTURE LAST
                VALUE   (LST)  VALUE       VALUE  FROM      YEAR
                                                  NORMAL
..................................................................
TEMPERATURE (F)
 YESTERDAY
  MAXIMUM         45    253 PM  74    1999  48     -3       61
  MINIMUM         24    510 AM   5    1991  32     -8       36
  AVERAGE         35                        40     -5       49

PRECIPITATION (IN)
  YESTERDAY        0.00          1.61 1937   0.07  -0.07      T
  MONTH TO DATE    0.21                      0.53  -0.32      T
  SINCE SEP 1      7.17                      6.26   0.91    12.69
  SINCE JAN 1     38.93                     30.22   8.71    41.41

SNOWFALL (IN)
  YESTERDAY        0.0           2.0  1926   0.1   -0.1      0.0
  MONTH TO DATE    T                         0.4   -0.4      0.0
  SINCE JUL 1      T                         0.6   -0.6      0.0
  SNOW DEPTH       0

DEGREE DAYS
 HEATING
  YESTERDAY       30                        25      5       16
  MONTH TO DATE  224                       184     40       78
  SINCE JUL 1    616                       812   -196      381

 COOLING
  YESTERDAY        0                         0      0        0
  MONTH TO DATE    0                         0      0        0
  SINCE JAN 1   1001                       782    219     1033
..................................................................


WIND (MPH)
  HIGHEST WIND SPEED    15   HIGHEST WIND DIRECTION     S (200)
  HIGHEST GUST SPEED    20   HIGHEST GUST DIRECTION     S (200)
  AVERAGE WIND SPEED     7.6


SKY COVER
  POSSIBLE SUNSHINE  MM
  AVERAGE SKY COVER 0.3


WEATHER CONDITIONS
 THE FOLLOWING WEATHER WAS RECORDED YESTERDAY.
  NO SIGNIFICANT WEATHER WAS OBSERVED.


RELATIVE HUMIDITY (PERCENT)
 HIGHEST    88           300 AM
 LOWEST     53           100 PM
 AVERAGE    71

..........................................................


THE LA CROSSE WI CLIMATE NORMALS FOR TODAY
                         NORMAL    RECORD    YEAR
 MAXIMUM TEMPERATURE (F)   48        75      1999
 MINIMUM TEMPERATURE (F)   32        13      1921


SUNRISE AND SUNSET
NOVEMBER  9 2017......SUNRISE   652 AM CST   SUNSET   445 PM CST
NOVEMBER 10 2017......SUNRISE   653 AM CST   SUNSET   444 PM CST


-  INDICATES NEGATIVE NUMBERS.
R  INDICATES RECORD WAS SET OR TIED.
MM INDICATES DATA IS MISSING.
T  INDICATES TRACE AMOUNT.




$$
