000
CDUS43 KARX 190642
CLILSE


CLIMATE REPORT
NATIONAL WEATHER SERVICE LA CROSSE WI
140 AM CDT SAT AUG 19 2017

...THE LA CROSSE WI CLIMATE SUMMARY FOR AUGUST 18 2017...

CLIMATE NORMAL PERIOD 1981 TO 2010
CLIMATE RECORD PERIOD 1873 TO 2017

WEATHER ITEM   OBSERVED TIME   RECORD YEAR NORMAL DEPARTURE LAST
                VALUE   (LST)  VALUE       VALUE  FROM      YEAR
                                                  NORMAL
..................................................................
TEMPERATURE (F)
 YESTERDAY
  MAXIMUM         74    151 PM  99    1936  82     -8       88
  MINIMUM         63   1038 PM  44    1977  61      2       68
  AVERAGE         69                        71     -2       78

PRECIPITATION (IN)
  YESTERDAY        T             4.05 2007   0.14  -0.14     0.02
  MONTH TO DATE    0.87                      2.59  -1.72     3.93
  SINCE JUN 1     13.88                     11.19   2.69    15.81
  SINCE JAN 1     31.57                     22.26   9.31    26.29

SNOWFALL (IN)
  YESTERDAY        0.0           0.0  2002   0.0    0.0      0.0
                                      2001
  MONTH TO DATE    0.0                       0.0    0.0      0.0
  SINCE JUL 1      0.0                       0.0    0.0      0.0
  SNOW DEPTH       0

DEGREE DAYS
 HEATING
  YESTERDAY        0                         0      0        0
  MONTH TO DATE    0                         0      0        0
  SINCE JUL 1      0                         5     -5        0

 COOLING
  YESTERDAY        4                         7     -3       13
  MONTH TO DATE  124                       137    -13      208
  SINCE JAN 1    747                       624    123      824
..................................................................

WIND (MPH)
  HIGHEST WIND SPEED    15   HIGHEST WIND DIRECTION    NW (320)
  HIGHEST GUST SPEED    19   HIGHEST GUST DIRECTION    NW (320)
  AVERAGE WIND SPEED     6.1

SKY COVER
  POSSIBLE SUNSHINE  MM
  AVERAGE SKY COVER 0.6

WEATHER CONDITIONS
 THE FOLLOWING WEATHER WAS RECORDED YESTERDAY.
  LIGHT RAIN
  FOG

RELATIVE HUMIDITY (PERCENT)
 HIGHEST    93          1000 PM
 LOWEST     61           900 AM
 AVERAGE    77
..........................................................

THE LA CROSSE WI CLIMATE NORMALS FOR TODAY
                         NORMAL    RECORD    YEAR
 MAXIMUM TEMPERATURE (F)   81        97      1916
 MINIMUM TEMPERATURE (F)   61        46      2004

SUNRISE AND SUNSET
AUGUST 19 2017........SUNRISE   614 AM CDT   SUNSET   802 PM CDT
AUGUST 20 2017........SUNRISE   615 AM CDT   SUNSET   801 PM CDT

-  INDICATES NEGATIVE NUMBERS.
R  INDICATES RECORD WAS SET OR TIED.
MM INDICATES DATA IS MISSING.
T  INDICATES TRACE AMOUNT.

$$

Boyne
