000
CDUS43 KARX 040650
CLILSE


CLIMATE REPORT
NATIONAL WEATHER SERVICE LA CROSSE WI
1247 AM CST WED MAR 4 2015


...................................

...THE LA CROSSE WI CLIMATE SUMMARY FOR MARCH 3 2015...

CLIMATE NORMAL PERIOD 1981 TO 2010
CLIMATE RECORD PERIOD 1873 TO 2015


WEATHER ITEM   OBSERVED TIME   RECORD YEAR NORMAL DEPARTURE LAST
                VALUE   (LST)  VALUE       VALUE  FROM      YEAR
                                                  NORMAL
..................................................................
TEMPERATURE (F)
 YESTERDAY
  MAXIMUM         34    212 PM  66    1894  38     -4       13
  MINIMUM         14   1159 PM -21    2014  20     -6      -21
  AVERAGE         24                        29     -5       -4

PRECIPITATION (IN)
  YESTERDAY        0.01          1.41 1970   0.05  -0.04     0.05
  MONTH TO DATE    0.01                      0.16  -0.15     0.08
  SINCE MAR 1      0.01                      0.16  -0.15     0.08
  SINCE JAN 1      1.22                      2.33  -1.11     2.44

SNOWFALL (IN)
  YESTERDAY        T             8.2  1923   0.3   -0.3      0.6
  MONTH TO DATE    T                         0.9   -0.9      1.4
  SINCE JUL 1     28.4                      35.4   -7.0     42.3
  SNOW DEPTH       5

DEGREE DAYS
 HEATING
  YESTERDAY       41                        36      5       69
  MONTH TO DATE  136                       110     26      197
  SINCE JUL 1   5742                      5619    123     6387

 COOLING
  YESTERDAY        0                         0      0        0
  MONTH TO DATE    0                         0      0        0
  SINCE JAN 1      0                         0      0        0
..................................................................


WIND (MPH)
  HIGHEST WIND SPEED    24   HIGHEST WIND DIRECTION     W (290)
  HIGHEST GUST SPEED    28   HIGHEST GUST DIRECTION     W (290)
  AVERAGE WIND SPEED    11.1


SKY COVER
  POSSIBLE SUNSHINE  MM
  AVERAGE SKY COVER 0.8


WEATHER CONDITIONS
 THE FOLLOWING WEATHER WAS RECORDED YESTERDAY.
  LT FREEZING RAIN
  LIGHT SNOW
  FOG
  HAZE


RELATIVE HUMIDITY (PERCENT)
 HIGHEST    85          1200 PM
 LOWEST     57          1200 AM
 AVERAGE    71

..........................................................


THE LA CROSSE WI CLIMATE NORMALS FOR TODAY
                         NORMAL    RECORD    YEAR
 MAXIMUM TEMPERATURE (F)   38        64      1983
 MINIMUM TEMPERATURE (F)   20       -23      1873


SUNRISE AND SUNSET
MARCH  4 2015.........SUNRISE   637 AM CST   SUNSET   557 PM CST
MARCH  5 2015.........SUNRISE   635 AM CST   SUNSET   558 PM CST


-  INDICATES NEGATIVE NUMBERS.
R  INDICATES RECORD WAS SET OR TIED.
MM INDICATES DATA IS MISSING.
T  INDICATES TRACE AMOUNT.




$$
