000
CDUS43 KARX 270655
CLILSE


CLIMATE REPORT
NATIONAL WEATHER SERVICE LA CROSSE WI
152 AM CDT WED AUG 27 2014

...THE LA CROSSE WI CLIMATE SUMMARY FOR AUGUST 26 2014...

CLIMATE NORMAL PERIOD 1981 TO 2010
CLIMATE RECORD PERIOD 1873 TO 2014

WEATHER ITEM   OBSERVED TIME   RECORD YEAR NORMAL DEPARTURE LAST
                VALUE   (LST)  VALUE       VALUE  FROM      YEAR
                                                  NORMAL
..................................................................
TEMPERATURE (F)
 YESTERDAY
  MAXIMUM         76    351 PM  97    2013  80     -4       97
  MINIMUM         64   1035 PM  41    1934  60      4       76
  AVERAGE         70                        70      0       87

PRECIPITATION (IN)
  YESTERDAY        0.00          2.16 1959   0.13  -0.13     0.00
  MONTH TO DATE    2.97                      3.64  -0.67     1.04
  SINCE JUN 1     14.67                     12.24   2.43     8.22
  SINCE JAN 1     27.83                     23.31   4.52    27.15

SNOWFALL (IN)
  YESTERDAY        0.0           0.0  2002   0.0    0.0      0.0
                                      2000
                                      2001
  MONTH TO DATE    0.0                       0.0    0.0      0.0
  SINCE JUL 1      0.0                       0.0    0.0       T
  SNOW DEPTH       0

DEGREE DAYS
 HEATING
  YESTERDAY        0                         1     -1        0
  MONTH TO DATE    0                         6     -6        2
  SINCE JUL 1      3                        11     -8       14

 COOLING
  YESTERDAY        5                         6     -1       22
  MONTH TO DATE  233                       188     45      172
  SINCE JAN 1    712                       675     37      697
..................................................................

WIND (MPH)
  HIGHEST WIND SPEED    20   HIGHEST WIND DIRECTION     N (340)
  HIGHEST GUST SPEED    24   HIGHEST GUST DIRECTION     N (350)
  AVERAGE WIND SPEED     7.2

SKY COVER
  POSSIBLE SUNSHINE  MM
  AVERAGE SKY COVER 0.3

WEATHER CONDITIONS
 THE FOLLOWING WEATHER WAS RECORDED YESTERDAY.
  NO SIGNIFICANT WEATHER WAS OBSERVED.

RELATIVE HUMIDITY (PERCENT)
 HIGHEST    87          1100 PM
 LOWEST     46           300 PM
 AVERAGE    67
..........................................................

THE LA CROSSE WI CLIMATE NORMALS FOR TODAY
                         NORMAL    RECORD    YEAR
 MAXIMUM TEMPERATURE (F)   80        96      2013
 MINIMUM TEMPERATURE (F)   60        42      1915

SUNRISE AND SUNSET
AUGUST 27 2014........SUNRISE   623 AM CDT   SUNSET   749 PM CDT
AUGUST 28 2014........SUNRISE   624 AM CDT   SUNSET   748 PM CDT

-  INDICATES NEGATIVE NUMBERS.
R  INDICATES RECORD WAS SET OR TIED.
MM INDICATES DATA IS MISSING.
T  INDICATES TRACE AMOUNT.

$$

BOYNE
