000
CDUS43 KARX 250652
CLILSE


CLIMATE REPORT
NATIONAL WEATHER SERVICE LA CROSSE WI
1251 AM CST THU DEC 25 2014


...................................

...THE LA CROSSE WI CLIMATE SUMMARY FOR DECEMBER 24 2014...

CLIMATE NORMAL PERIOD 1981 TO 2010
CLIMATE RECORD PERIOD 1873 TO 2014


WEATHER ITEM   OBSERVED TIME   RECORD YEAR NORMAL DEPARTURE LAST
                VALUE   (LST)  VALUE       VALUE  FROM      YEAR
                                                  NORMAL
..................................................................
TEMPERATURE (F)
 YESTERDAY
  MAXIMUM         38    259 PM  61    1889  27     11       11
  MINIMUM         34    848 AM -37    1872  12     22      -12
  AVERAGE         36                        19     17        0

PRECIPITATION (IN)
  YESTERDAY        T             1.21 1875   0.03  -0.03     0.19
  MONTH TO DATE    0.94                      1.11  -0.17     1.41
  SINCE DEC 1      0.94                      1.11  -0.17     1.41
  SINCE JAN 1     37.53                     32.81   4.72    35.78

SNOWFALL (IN)
  YESTERDAY        T             5.1  1977   0.3   -0.3      2.7
  MONTH TO DATE    1.3                       9.1   -7.8     11.2
  SINCE JUL 1      9.1                      13.4   -4.3     12.2
  SNOW DEPTH       1

DEGREE DAYS
 HEATING
  YESTERDAY       29                        46    -17       65
  MONTH TO DATE  822                      1018   -196     1166
  SINCE JUL 1   2422                      2518    -96     2570

 COOLING
  YESTERDAY        0                         0      0        0
  MONTH TO DATE    0                         0      0        0
  SINCE JAN 1    822                       782     40      917
..................................................................


WIND (MPH)
  HIGHEST WIND SPEED    15   HIGHEST WIND DIRECTION    NW (330)
  HIGHEST GUST SPEED    19   HIGHEST GUST DIRECTION    NW (320)
  AVERAGE WIND SPEED     8.6


SKY COVER
  POSSIBLE SUNSHINE  MM
  AVERAGE SKY COVER 1.0


WEATHER CONDITIONS
 THE FOLLOWING WEATHER WAS RECORDED YESTERDAY.
  LIGHT SNOW


RELATIVE HUMIDITY (PERCENT)
 HIGHEST    96           500 AM
 LOWEST     75           800 PM
 AVERAGE    86

..........................................................


THE LA CROSSE WI CLIMATE NORMALS FOR TODAY
                         NORMAL    RECORD    YEAR
 MAXIMUM TEMPERATURE (F)   27        55      1936
 MINIMUM TEMPERATURE (F)   11       -26      2000
                                             1884
                                             1879


SUNRISE AND SUNSET
DECEMBER 25 2014......SUNRISE   738 AM CST   SUNSET   433 PM CST
DECEMBER 26 2014......SUNRISE   738 AM CST   SUNSET   433 PM CST


-  INDICATES NEGATIVE NUMBERS.
R  INDICATES RECORD WAS SET OR TIED.
MM INDICATES DATA IS MISSING.
T  INDICATES TRACE AMOUNT.




$$
