000
CDUS43 KARX 240709
CLILSE


CLIMATE REPORT
NATIONAL WEATHER SERVICE LA CROSSE WI
205 AM CDT SAT JUN 24 2017

...THE LA CROSSE WI CLIMATE SUMMARY FOR JUNE 23 2017...

CLIMATE NORMAL PERIOD 1981 TO 2010
CLIMATE RECORD PERIOD 1873 TO 2017


WEATHER ITEM   OBSERVED TIME   RECORD YEAR NORMAL DEPARTURE LAST
                VALUE   (LST)  VALUE       VALUE  FROM      YEAR
                                                  NORMAL
..................................................................
TEMPERATURE (F)
 YESTERDAY
  MAXIMUM         79   1254 PM  98    2005  82     -3       72
  MINIMUM         60    510 AM  42    1972  61     -1       60
  AVERAGE         70                        72     -2       66

PRECIPITATION (IN)
  YESTERDAY        T             3.43 1952   0.14  -0.14     0.00
  MONTH TO DATE    4.09                      3.31   0.78     5.38
  SINCE JUN 1      4.09                      3.31   0.78     5.38
  SINCE JAN 1     21.78                     14.38   7.40    15.86

SNOWFALL (IN)
  YESTERDAY        0.0           0.0  2002   0.0    0.0      0.0
                                      2001
  MONTH TO DATE    0.0                       0.0    0.0      0.0
  SINCE JUL 1     42.2                      43.3   -1.1     40.3
  SNOW DEPTH       0

DEGREE DAYS
 HEATING
  YESTERDAY        0                         1     -1        0
  MONTH TO DATE    2                        37    -35        4
  SINCE JUL 1   5768                      7194  -1426     5953

 COOLING
  YESTERDAY        5                         7     -2        1
  MONTH TO DATE  207                       111     96      156
  SINCE JAN 1    244                       159     85      242
..................................................................

WIND (MPH)
  HIGHEST WIND SPEED    23   HIGHEST WIND DIRECTION    NW (320)
  HIGHEST GUST SPEED    29   HIGHEST GUST DIRECTION    NW (330)
  AVERAGE WIND SPEED     9.7

SKY COVER
  POSSIBLE SUNSHINE  MM
  AVERAGE SKY COVER 0.5

WEATHER CONDITIONS
 THE FOLLOWING WEATHER WAS RECORDED YESTERDAY.
  LIGHT RAIN
  FOG
  FOG W/VISIBILITY <= 1/4 MILE

RELATIVE HUMIDITY (PERCENT)
 HIGHEST   100          1200 AM
 LOWEST     42           100 PM
 AVERAGE    71
..........................................................

THE LA CROSSE WI CLIMATE NORMALS FOR TODAY
                         NORMAL    RECORD    YEAR
 MAXIMUM TEMPERATURE (F)   83        97      1874
 MINIMUM TEMPERATURE (F)   61        44      1887

SUNRISE AND SUNSET
JUNE 24 2017..........SUNRISE   524 AM CDT   SUNSET   851 PM CDT
JUNE 25 2017..........SUNRISE   524 AM CDT   SUNSET   851 PM CDT

-  INDICATES NEGATIVE NUMBERS.
R  INDICATES RECORD WAS SET OR TIED.
MM INDICATES DATA IS MISSING.
T  INDICATES TRACE AMOUNT.

$$

Boyne
