000
CDUS43 KARX 150650
CLILSE


CLIMATE REPORT
NATIONAL WEATHER SERVICE LA CROSSE WI
1249 AM CST MON JAN 15 2018


...................................

...THE LA CROSSE WI CLIMATE SUMMARY FOR JANUARY 14 2018...

CLIMATE NORMAL PERIOD 1981 TO 2010
CLIMATE RECORD PERIOD 1873 TO 2018


WEATHER ITEM   OBSERVED TIME   RECORD YEAR NORMAL DEPARTURE LAST
                VALUE   (LST)  VALUE       VALUE  FROM      YEAR
                                                  NORMAL
..................................................................
TEMPERATURE (F)
 YESTERDAY
  MAXIMUM         19   1159 PM  47    1914  26     -7       26
  MINIMUM        -10    154 AM -27    1965   9    -19        5
                                      1881
  AVERAGE          5                        17    -12       16

PRECIPITATION (IN)
  YESTERDAY        0.14          0.93 1930   0.03   0.11     0.00
  MONTH TO DATE    0.39                      0.48  -0.09     1.15
  SINCE DEC 1      0.92                      1.84  -0.92     3.34
  SINCE JAN 1      0.39                      0.48  -0.09     1.15

SNOWFALL (IN)
  YESTERDAY        5.0          10.9  1930   0.3    4.7      0.0
  MONTH TO DATE    6.3                       4.2    2.1      4.6
  SINCE JUL 1     10.7                      19.8   -9.1     25.4
  SNOW DEPTH       1

DEGREE DAYS
 HEATING
  YESTERDAY       60                        48     12       49
  MONTH TO DATE  747                       668     79      701
  SINCE JUL 1   3311                      3512   -201     2836

 COOLING
  YESTERDAY        0                         0      0        0
  MONTH TO DATE    0                         0      0        0
  SINCE JAN 1      0                         0      0        0
..................................................................


WIND (MPH)
  HIGHEST WIND SPEED    17   HIGHEST WIND DIRECTION     S (170)
  HIGHEST GUST SPEED    22   HIGHEST GUST DIRECTION     S (160)
  AVERAGE WIND SPEED     7.6


SKY COVER
  POSSIBLE SUNSHINE  MM
  AVERAGE SKY COVER 0.6


WEATHER CONDITIONS
 THE FOLLOWING WEATHER WAS RECORDED YESTERDAY.
  LIGHT SNOW
  FOG
  HAZE


RELATIVE HUMIDITY (PERCENT)
 HIGHEST    88           700 PM
 LOWEST     61           100 PM
 AVERAGE    75

..........................................................


THE LA CROSSE WI CLIMATE NORMALS FOR TODAY
                         NORMAL    RECORD    YEAR
 MAXIMUM TEMPERATURE (F)   26        48      1933
 MINIMUM TEMPERATURE (F)    9       -32      1888


SUNRISE AND SUNSET
JANUARY 15 2018.......SUNRISE   736 AM CST   SUNSET   453 PM CST
JANUARY 16 2018.......SUNRISE   736 AM CST   SUNSET   455 PM CST


-  INDICATES NEGATIVE NUMBERS.
R  INDICATES RECORD WAS SET OR TIED.
MM INDICATES DATA IS MISSING.
T  INDICATES TRACE AMOUNT.




$$
