000
CDUS43 KARX 150702
CLILSE


CLIMATE REPORT
NATIONAL WEATHER SERVICE LA CROSSE WI
201 AM CDT MON SEP 15 2014


...................................

...THE LA CROSSE WI CLIMATE SUMMARY FOR SEPTEMBER 14 2014...

CLIMATE NORMAL PERIOD 1981 TO 2010
CLIMATE RECORD PERIOD 1873 TO 2014


WEATHER ITEM   OBSERVED TIME   RECORD YEAR NORMAL DEPARTURE LAST
                VALUE   (LST)  VALUE       VALUE  FROM      YEAR
                                                  NORMAL
..................................................................
TEMPERATURE (F)
 YESTERDAY
  MAXIMUM         72    246 PM  96    1939  74     -2       76
  MINIMUM         47   1224 AM  31    1923  53     -6       45
  AVERAGE         60                        64     -4       61

PRECIPITATION (IN)
  YESTERDAY        0.00          2.50 2004   0.12  -0.12     0.29
  MONTH TO DATE    1.52                      1.73  -0.21     0.29
  SINCE SEP 1      1.52                      1.73  -0.21     0.29
  SINCE JAN 1     31.00                     25.69   5.31    27.44

SNOWFALL (IN)
  YESTERDAY        0.0           0.0  2002   0.0    0.0      0.0
                                      2001
  MONTH TO DATE    0.0                       0.0    0.0      0.0
  SINCE JUL 1      0.0                       0.0    0.0       T
  SNOW DEPTH       0

DEGREE DAYS
 HEATING
  YESTERDAY        5                         4      1        4
  MONTH TO DATE   59                        34     25       17
  SINCE JUL 1     62                        54      8       31

 COOLING
  YESTERDAY        0                         3     -3        0
  MONTH TO DATE   45                        52     -7      103
  SINCE JAN 1    793                       752     41      888
..................................................................


WIND (MPH)
  HIGHEST WIND SPEED    21   HIGHEST WIND DIRECTION    SW (220)
  HIGHEST GUST SPEED    29   HIGHEST GUST DIRECTION     S (200)
  AVERAGE WIND SPEED    10.5


SKY COVER
  POSSIBLE SUNSHINE  MM
  AVERAGE SKY COVER 0.7


WEATHER CONDITIONS
 THE FOLLOWING WEATHER WAS RECORDED YESTERDAY.
  NO SIGNIFICANT WEATHER WAS OBSERVED.


RELATIVE HUMIDITY (PERCENT)
 HIGHEST    80          1200 AM
 LOWEST     41           200 PM
 AVERAGE    61

..........................................................


THE LA CROSSE WI CLIMATE NORMALS FOR TODAY
                         NORMAL    RECORD    YEAR
 MAXIMUM TEMPERATURE (F)   74        96      1939
 MINIMUM TEMPERATURE (F)   53        34      2007
                                             1916


SUNRISE AND SUNSET
SEPTEMBER 15 2014.....SUNRISE   644 AM CDT   SUNSET   715 PM CDT
SEPTEMBER 16 2014.....SUNRISE   645 AM CDT   SUNSET   713 PM CDT


-  INDICATES NEGATIVE NUMBERS.
R  INDICATES RECORD WAS SET OR TIED.
MM INDICATES DATA IS MISSING.
T  INDICATES TRACE AMOUNT.




$$
