146
CDUS43 KARX 220632
CLILSE


CLIMATE REPORT
NATIONAL WEATHER SERVICE LA CROSSE WI
131 AM CDT WED MAR 22 2017


...................................

...THE LA CROSSE WI CLIMATE SUMMARY FOR MARCH 21 2017...

CLIMATE NORMAL PERIOD 1981 TO 2010
CLIMATE RECORD PERIOD 1873 TO 2017


WEATHER ITEM   OBSERVED TIME   RECORD YEAR NORMAL DEPARTURE LAST
                VALUE   (LST)  VALUE       VALUE  FROM      YEAR
                                                  NORMAL
..................................................................
TEMPERATURE (F)
 YESTERDAY
  MAXIMUM         46    322 PM  75    1911  46      0       52
  MINIMUM         28   1138 PM  -3    1965  27      1       26
  AVERAGE         37                        37      0       39

PRECIPITATION (IN)
  YESTERDAY        0.00          0.50 1972   0.07  -0.07     0.00
  MONTH TO DATE    0.97                      1.27  -0.30     1.86
  SINCE MAR 1      0.97                      1.27  -0.30     1.86
  SINCE JAN 1      4.83                      3.44   1.39     3.51

SNOWFALL (IN)
  YESTERDAY        0.0           6.8  2008   0.2   -0.2      0.0
  MONTH TO DATE    8.0                       5.6    2.4      6.0
  SINCE JUL 1     42.2                      40.1    2.1     33.4
  SNOW DEPTH       0

DEGREE DAYS
 HEATING
  YESTERDAY       28                        28      0       26
  MONTH TO DATE  671                       688    -17      503
  SINCE JUL 1   4951                      6197  -1246     5078

 COOLING
  YESTERDAY        0                         0      0        0
  MONTH TO DATE    0                         0      0        0
  SINCE JAN 1      0                         0      0        0
..................................................................


WIND (MPH)
  HIGHEST WIND SPEED    24   HIGHEST WIND DIRECTION    NW (330)
  HIGHEST GUST SPEED    30   HIGHEST GUST DIRECTION    NW (330)
  AVERAGE WIND SPEED    12.0


SKY COVER
  POSSIBLE SUNSHINE  MM
  AVERAGE SKY COVER 0.0


WEATHER CONDITIONS
 THE FOLLOWING WEATHER WAS RECORDED YESTERDAY.
  NO SIGNIFICANT WEATHER WAS OBSERVED.


RELATIVE HUMIDITY (PERCENT)
 HIGHEST    64          1200 AM
 LOWEST     25           200 PM
 AVERAGE    45

..........................................................


THE LA CROSSE WI CLIMATE NORMALS FOR TODAY
                         NORMAL    RECORD    YEAR
 MAXIMUM TEMPERATURE (F)   47        77      2012
 MINIMUM TEMPERATURE (F)   28       -10      1888


SUNRISE AND SUNSET
MARCH 22 2017.........SUNRISE   704 AM CDT   SUNSET   720 PM CDT
MARCH 23 2017.........SUNRISE   702 AM CDT   SUNSET   721 PM CDT


-  INDICATES NEGATIVE NUMBERS.
R  INDICATES RECORD WAS SET OR TIED.
MM INDICATES DATA IS MISSING.
T  INDICATES TRACE AMOUNT.




$$
