730
CDUS43 KARX 190705
CLILSE


CLIMATE REPORT
NATIONAL WEATHER SERVICE LA CROSSE WI
205 AM CDT THU OCT 19 2017


...................................

...THE LA CROSSE WI CLIMATE SUMMARY FOR OCTOBER 18 2017...

CLIMATE NORMAL PERIOD 1981 TO 2010
CLIMATE RECORD PERIOD 1873 TO 2017


WEATHER ITEM   OBSERVED TIME   RECORD YEAR NORMAL DEPARTURE LAST
                VALUE   (LST)  VALUE       VALUE  FROM      YEAR
                                                  NORMAL
..................................................................
TEMPERATURE (F)
 YESTERDAY
  MAXIMUM         77    141 PM  87    1950  59     18       73
  MINIMUM         54   1159 PM  18    1972  40     14       51
  AVERAGE         66                        49     17       62

PRECIPITATION (IN)
  YESTERDAY        0.00          1.70 1892   0.07  -0.07      T
  MONTH TO DATE    4.89                      1.35   3.54     0.42
  SINCE SEP 1      5.84                      4.91   0.93    10.88
  SINCE JAN 1     37.60                     28.87   8.73    39.60

SNOWFALL (IN)
  YESTERDAY        0.0           1.2  1991   0.0    0.0      0.0
  MONTH TO DATE    0.0                       0.0    0.0      0.0
  SINCE JUL 1      0.0                       0.0    0.0      0.0
  SNOW DEPTH       0

DEGREE DAYS
 HEATING
  YESTERDAY        0                        16    -16        3
  MONTH TO DATE  117                       230   -113      100
  SINCE JUL 1    165                       390   -225      120

 COOLING
  YESTERDAY        1                         0      1        0
  MONTH TO DATE   12                         7      5       13
  SINCE JAN 1    999                       781    218     1033
..................................................................


WIND (MPH)
  HIGHEST WIND SPEED    26   HIGHEST WIND DIRECTION     S (190)
  HIGHEST GUST SPEED    33   HIGHEST GUST DIRECTION     S (190)
  AVERAGE WIND SPEED    12.3


SKY COVER
  POSSIBLE SUNSHINE  MM
  AVERAGE SKY COVER 0.0


WEATHER CONDITIONS
 THE FOLLOWING WEATHER WAS RECORDED YESTERDAY.
  NO SIGNIFICANT WEATHER WAS OBSERVED.


RELATIVE HUMIDITY (PERCENT)
 HIGHEST    72           400 AM
 LOWEST     33          1100 PM
 AVERAGE    53

..........................................................


THE LA CROSSE WI CLIMATE NORMALS FOR TODAY
                         NORMAL    RECORD    YEAR
 MAXIMUM TEMPERATURE (F)   59        82      2000
 MINIMUM TEMPERATURE (F)   39        15      1972


SUNRISE AND SUNSET
OCTOBER 19 2017.......SUNRISE   725 AM CDT   SUNSET   614 PM CDT
OCTOBER 20 2017.......SUNRISE   726 AM CDT   SUNSET   613 PM CDT


-  INDICATES NEGATIVE NUMBERS.
R  INDICATES RECORD WAS SET OR TIED.
MM INDICATES DATA IS MISSING.
T  INDICATES TRACE AMOUNT.




$$
