000
CDUS43 KARX 090644
CLILSE


CLIMATE REPORT
NATIONAL WEATHER SERVICE LA CROSSE WI
1243 AM CST TUE FEB 9 2016


...................................

...THE LA CROSSE WI CLIMATE SUMMARY FOR FEBRUARY 8 2016...

CLIMATE NORMAL PERIOD 1981 TO 2010
CLIMATE RECORD PERIOD 1873 TO 2016


WEATHER ITEM   OBSERVED TIME   RECORD YEAR NORMAL DEPARTURE LAST
                VALUE   (LST)  VALUE       VALUE  FROM      YEAR
                                                  NORMAL
..................................................................
TEMPERATURE (F)
 YESTERDAY
  MAXIMUM         26   1204 AM  51    2002  29     -3       35
  MINIMUM         13   1159 PM -36    1971  11      2       27
  AVERAGE         20                        20      0       31

PRECIPITATION (IN)
  YESTERDAY        0.11          1.01 1966   0.04   0.07      T
  MONTH TO DATE    0.69                      0.28   0.41     0.35
  SINCE DEC 1      6.49                      2.76   3.73     2.12
  SINCE JAN 1      1.56                      1.40   0.16     1.02

SNOWFALL (IN)
  YESTERDAY        1.4           4.6  1936   0.3    1.1      0.0
  MONTH TO DATE    9.8                       2.6    7.2      6.6
  SINCE JUL 1     26.4                      28.9   -2.5     25.8
  SNOW DEPTH       6

DEGREE DAYS
 HEATING
  YESTERDAY       45                        45      0       34
  MONTH TO DATE  332                       365    -33      396
  SINCE JUL 1   3771                      4684   -913     4503

 COOLING
  YESTERDAY        0                         0      0        0
  MONTH TO DATE    0                         0      0        0
  SINCE JAN 1      0                         0      0        0
..................................................................


WIND (MPH)
  HIGHEST WIND SPEED    24   HIGHEST WIND DIRECTION    NW (320)
  HIGHEST GUST SPEED    29   HIGHEST GUST DIRECTION    NW (320)
  AVERAGE WIND SPEED    15.7


SKY COVER
  POSSIBLE SUNSHINE  MM
  AVERAGE SKY COVER 1.0


WEATHER CONDITIONS
 THE FOLLOWING WEATHER WAS RECORDED YESTERDAY.
  LIGHT SNOW
  FOG


RELATIVE HUMIDITY (PERCENT)
 HIGHEST    81           100 AM
 LOWEST     61           400 PM
 AVERAGE    71

..........................................................


THE LA CROSSE WI CLIMATE NORMALS FOR TODAY
                         NORMAL    RECORD    YEAR
 MAXIMUM TEMPERATURE (F)   29        51      1966
 MINIMUM TEMPERATURE (F)   12       -32      1899


SUNRISE AND SUNSET
FEBRUARY  9 2016......SUNRISE   713 AM CST   SUNSET   526 PM CST
FEBRUARY 10 2016......SUNRISE   712 AM CST   SUNSET   527 PM CST


-  INDICATES NEGATIVE NUMBERS.
R  INDICATES RECORD WAS SET OR TIED.
MM INDICATES DATA IS MISSING.
T  INDICATES TRACE AMOUNT.




$$
