000
CDUS43 KARX 240641
CLILSE


CLIMATE REPORT
NATIONAL WEATHER SERVICE LA CROSSE WI
140 AM CDT FRI MAR 24 2017


...................................

...THE LA CROSSE WI CLIMATE SUMMARY FOR MARCH 23 2017...

CLIMATE NORMAL PERIOD 1981 TO 2010
CLIMATE RECORD PERIOD 1873 TO 2017


WEATHER ITEM   OBSERVED TIME   RECORD YEAR NORMAL DEPARTURE LAST
                VALUE   (LST)  VALUE       VALUE  FROM      YEAR
                                                  NORMAL
..................................................................
TEMPERATURE (F)
 YESTERDAY
  MAXIMUM         46    325 PM  83    1910  47     -1       44
  MINIMUM         35    703 AM  -4    1965  28      7       29
  AVERAGE         41                        38      3       37

PRECIPITATION (IN)
  YESTERDAY        0.21          0.84 1936   0.07   0.14     0.52
  MONTH TO DATE    1.18                      1.41  -0.23     2.38
  SINCE MAR 1      1.18                      1.41  -0.23     2.38
  SINCE JAN 1      5.04                      3.58   1.46     4.03

SNOWFALL (IN)
  YESTERDAY        T             4.3  2016   0.2   -0.2      4.3
  MONTH TO DATE    8.0                       5.9    2.1     10.3
  SINCE JUL 1     42.2                      40.4    1.8     37.7
  SNOW DEPTH       0

DEGREE DAYS
 HEATING
  YESTERDAY       24                        27     -3       28
  MONTH TO DATE  727                       743    -16      544
  SINCE JUL 1   5007                      6252  -1245     5119

 COOLING
  YESTERDAY        0                         0      0        0
  MONTH TO DATE    0                         0      0        0
  SINCE JAN 1      0                         0      0        0
..................................................................


WIND (MPH)
  HIGHEST WIND SPEED    26   HIGHEST WIND DIRECTION    SE (150)
  HIGHEST GUST SPEED    33   HIGHEST GUST DIRECTION    SE (150)
  AVERAGE WIND SPEED    11.0


SKY COVER
  POSSIBLE SUNSHINE  MM
  AVERAGE SKY COVER 0.8


WEATHER CONDITIONS
 THE FOLLOWING WEATHER WAS RECORDED YESTERDAY.
  THUNDERSTORM
  HEAVY RAIN
  RAIN
  LIGHT RAIN


RELATIVE HUMIDITY (PERCENT)
 HIGHEST    85           700 PM
 LOWEST     43          1200 PM
 AVERAGE    64

..........................................................


THE LA CROSSE WI CLIMATE NORMALS FOR TODAY
                         NORMAL    RECORD    YEAR
 MAXIMUM TEMPERATURE (F)   48        75      1939
 MINIMUM TEMPERATURE (F)   28        -5      1965


SUNRISE AND SUNSET
MARCH 24 2017.........SUNRISE   700 AM CDT   SUNSET   723 PM CDT
MARCH 25 2017.........SUNRISE   659 AM CDT   SUNSET   724 PM CDT


-  INDICATES NEGATIVE NUMBERS.
R  INDICATES RECORD WAS SET OR TIED.
MM INDICATES DATA IS MISSING.
T  INDICATES TRACE AMOUNT.




$$
