000
CDUS43 KARX 290651
CLILSE


CLIMATE REPORT
NATIONAL WEATHER SERVICE LA CROSSE WI
151 AM CDT FRI MAY 29 2015


...................................

...THE LA CROSSE WI CLIMATE SUMMARY FOR MAY 28 2015...

CLIMATE NORMAL PERIOD 1981 TO 2010
CLIMATE RECORD PERIOD 1873 TO 2015


WEATHER ITEM   OBSERVED TIME   RECORD YEAR NORMAL DEPARTURE LAST
                VALUE   (LST)  VALUE       VALUE  FROM      YEAR
                                                  NORMAL
..................................................................
TEMPERATURE (F)
 YESTERDAY
  MAXIMUM         85    320 PM  95    1874  74     11       79
  MINIMUM         62    538 AM  34    1947  52     10       59
  AVERAGE         74                        63     11       69

PRECIPITATION (IN)
  YESTERDAY        T             1.62 1879   0.12  -0.12     0.50
  MONTH TO DATE    3.98                      3.16   0.82     2.38
  SINCE MAR 1      8.95                      8.54   0.41    10.72
  SINCE JAN 1     10.16                     10.71  -0.55    13.08

SNOWFALL (IN)
  YESTERDAY        0.0           0.0  2002   0.0    0.0      0.0
                                      2001
  MONTH TO DATE    0.0                       0.1   -0.1      0.0
  SINCE JUL 1     38.8                      43.4   -4.6     48.9
  SNOW DEPTH       0

DEGREE DAYS
 HEATING
  YESTERDAY        0                         4     -4        0
  MONTH TO DATE  132                       193    -61      195
  SINCE JUL 1   7039                      7145   -106     8135

 COOLING
  YESTERDAY        9                         2      7        4
  MONTH TO DATE   57                        34     23       35
  SINCE JAN 1     58                        41     17       35
..................................................................


WIND (MPH)
  HIGHEST WIND SPEED    21   HIGHEST WIND DIRECTION     S (180)
  HIGHEST GUST SPEED    26   HIGHEST GUST DIRECTION     S (170)
  AVERAGE WIND SPEED     9.0


SKY COVER
  POSSIBLE SUNSHINE  MM
  AVERAGE SKY COVER 0.0


WEATHER CONDITIONS
 THE FOLLOWING WEATHER WAS RECORDED YESTERDAY.
  LIGHT RAIN


RELATIVE HUMIDITY (PERCENT)
 HIGHEST    90           300 AM
 LOWEST     37           200 PM
 AVERAGE    64

..........................................................


THE LA CROSSE WI CLIMATE NORMALS FOR TODAY
                         NORMAL    RECORD    YEAR
 MAXIMUM TEMPERATURE (F)   75        95      2006
                                             1934
 MINIMUM TEMPERATURE (F)   53        32      1965


SUNRISE AND SUNSET
MAY 29 2015...........SUNRISE   527 AM CDT   SUNSET   838 PM CDT
MAY 30 2015...........SUNRISE   527 AM CDT   SUNSET   839 PM CDT


-  INDICATES NEGATIVE NUMBERS.
R  INDICATES RECORD WAS SET OR TIED.
MM INDICATES DATA IS MISSING.
T  INDICATES TRACE AMOUNT.




$$
