000
CDUS43 KARX 300643
CLILSE


CLIMATE REPORT
NATIONAL WEATHER SERVICE LA CROSSE WI
141 AM CDT FRI SEP 30 2016

...THE LA CROSSE WI CLIMATE SUMMARY FOR SEPTEMBER 29 2016...

CLIMATE NORMAL PERIOD 1981 TO 2010
CLIMATE RECORD PERIOD 1873 TO 2016

WEATHER ITEM   OBSERVED TIME   RECORD YEAR NORMAL DEPARTURE LAST
                VALUE   (LST)  VALUE       VALUE  FROM      YEAR
                                                  NORMAL
..................................................................
TEMPERATURE (F)
 YESTERDAY
  MAXIMUM         75    321 PM  87    1898  67      8       67
  MINIMUM         50    543 AM  28    1967  46      4       43
  AVERAGE         63                        57      6       55

PRECIPITATION (IN)
  YESTERDAY        0.00          1.84 1881   0.10  -0.10     0.00
  MONTH TO DATE   10.46                      3.47   6.99     2.73
  SINCE SEP 1     10.46                      3.47   6.99     2.73
  SINCE JAN 1     39.18                     27.43  11.75    25.44

SNOWFALL (IN)
  YESTERDAY        0.0           0.0  2002   0.0    0.0      0.0
                                      2001
  MONTH TO DATE    0.0                       0.0    0.0      0.0
  SINCE JUL 1      0.0                       0.0    0.0      0.0
  SNOW DEPTH       0

DEGREE DAYS
 HEATING
  YESTERDAY        2                         9     -7       10
  MONTH TO DATE   16                       130   -114       36
  SINCE JUL 1     16                       150   -134       50

 COOLING
  YESTERDAY        0                         1     -1        0
  MONTH TO DATE  111                        73     38      187
  SINCE JAN 1   1020                       773    247      878
..................................................................

WIND (MPH)
  HIGHEST WIND SPEED    13   HIGHEST WIND DIRECTION    NW (330)
  HIGHEST GUST SPEED    16   HIGHEST GUST DIRECTION     N (360)
  AVERAGE WIND SPEED     7.3

SKY COVER
  POSSIBLE SUNSHINE  MM
  AVERAGE SKY COVER 0.0

WEATHER CONDITIONS
 THE FOLLOWING WEATHER WAS RECORDED YESTERDAY.
  FOG

RELATIVE HUMIDITY (PERCENT)
 HIGHEST   100          1100 PM
 LOWEST     46           400 PM
 AVERAGE    73
..........................................................

THE LA CROSSE WI CLIMATE NORMALS FOR TODAY
                         NORMAL    RECORD    YEAR
 MAXIMUM TEMPERATURE (F)   67        87      1996
 MINIMUM TEMPERATURE (F)   46        24      1899

SUNRISE AND SUNSET
SEPTEMBER 30 2016.....SUNRISE   702 AM CDT   SUNSET   647 PM CDT
OCTOBER  1 2016.......SUNRISE   703 AM CDT   SUNSET   645 PM CDT

-  INDICATES NEGATIVE NUMBERS.
R  INDICATES RECORD WAS SET OR TIED.
MM INDICATES DATA IS MISSING.
T  INDICATES TRACE AMOUNT.

$$

BOYNE
