000
CDUS43 KARX 280652
CLILSE


CLIMATE REPORT
NATIONAL WEATHER SERVICE LA CROSSE WI
1251 AM CST SAT FEB 28 2015


...................................

...THE LA CROSSE WI CLIMATE SUMMARY FOR FEBRUARY 27 2015...

CLIMATE NORMAL PERIOD 1981 TO 2010
CLIMATE RECORD PERIOD 1873 TO 2015


WEATHER ITEM   OBSERVED TIME   RECORD YEAR NORMAL DEPARTURE LAST
                VALUE   (LST)  VALUE       VALUE  FROM      YEAR
                                                  NORMAL
..................................................................
TEMPERATURE (F)
 YESTERDAY
  MAXIMUM         17    359 PM  60    1976  36    -19        6
                                      1896
  MINIMUM        -10    649 AM -21    1879  18    -28      -10
  AVERAGE          4                        27    -23       -2

PRECIPITATION (IN)
  YESTERDAY        0.00          1.27 1948   0.05  -0.05     0.00
  MONTH TO DATE    0.54                      1.00  -0.46     1.27
  SINCE DEC 1      2.31                      3.48  -1.17     3.77
  SINCE JAN 1      1.21                      2.12  -0.91     2.25

SNOWFALL (IN)
  YESTERDAY        0.0           4.0  1931   0.3   -0.3      0.0
  MONTH TO DATE    9.2                       7.9    1.3      9.5
  SINCE JUL 1     28.4                      34.2   -5.8     38.9
  SNOW DEPTH       6

DEGREE DAYS
 HEATING
  YESTERDAY       61                        38     23       67
  MONTH TO DATE 1439                      1153    286     1482
  SINCE JUL 1   5546                      5472     74     6129

 COOLING
  YESTERDAY        0                         0      0        0
  MONTH TO DATE    0                         0      0        0
  SINCE JAN 1      0                         0      0        0
..................................................................


WIND (MPH)
  HIGHEST WIND SPEED    14   HIGHEST WIND DIRECTION    SW (210)
  HIGHEST GUST SPEED    15   HIGHEST GUST DIRECTION    SW (210)
  AVERAGE WIND SPEED     4.6


SKY COVER
  POSSIBLE SUNSHINE  MM
  AVERAGE SKY COVER 0.0


WEATHER CONDITIONS
 THE FOLLOWING WEATHER WAS RECORDED YESTERDAY.
  NO SIGNIFICANT WEATHER WAS OBSERVED.


RELATIVE HUMIDITY (PERCENT)
 HIGHEST    82           100 AM
 LOWEST     39           300 PM
 AVERAGE    61

..........................................................


THE LA CROSSE WI CLIMATE NORMALS FOR TODAY
                         NORMAL    RECORD    YEAR
 MAXIMUM TEMPERATURE (F)   36        61      1878
 MINIMUM TEMPERATURE (F)   19       -17      1962


SUNRISE AND SUNSET
FEBRUARY 28 2015......SUNRISE   644 AM CST   SUNSET   552 PM CST
MARCH  1 2015.........SUNRISE   642 AM CST   SUNSET   553 PM CST


-  INDICATES NEGATIVE NUMBERS.
R  INDICATES RECORD WAS SET OR TIED.
MM INDICATES DATA IS MISSING.
T  INDICATES TRACE AMOUNT.




$$
