000
CDUS43 KARX 242138
CLILSE


CLIMATE REPORT
NATIONAL WEATHER SERVICE LA CROSSE WI
437 PM CDT MON APR 24 2017


...................................

...THE LA CROSSE WI CLIMATE SUMMARY FOR APRIL 24 2017...
VALID TODAY AS OF 0400 PM LOCAL TIME.

CLIMATE NORMAL PERIOD 1981 TO 2010
CLIMATE RECORD PERIOD 1873 TO 2017


WEATHER ITEM   OBSERVED TIME   RECORD YEAR NORMAL DEPARTURE LAST
                VALUE   (LST)  VALUE       VALUE  FROM      YEAR
                                                  NORMAL
..................................................................
TEMPERATURE (F)
 TODAY
  MAXIMUM         74    259 PM  90    2009  63     11       69
  MINIMUM         45    552 AM  24    1956  42      3       54
  AVERAGE         60                        52      8       62

PRECIPITATION (IN)
  TODAY            0.00          1.50 1950   0.12  -0.12     0.02
  MONTH TO DATE    3.97                      2.60   1.37     0.35
  SINCE MAR 1      5.73                      4.64   1.09     3.96
  SINCE JAN 1      9.59                      6.81   2.78     5.61

SNOWFALL (IN)
  TODAY            0.0           1.8  1910   0.1   -0.1      0.0
                                      2001
  MONTH TO DATE    0.0                       1.6   -1.6      0.6
  SINCE JUL 1     42.2                      43.2   -1.0     40.3
  SNOW DEPTH       0

DEGREE DAYS
 HEATING
  TODAY            5                        13     -8        3
  MONTH TO DATE  267                       429   -162      367
  SINCE JUL 1   5449                      6882  -1433     5666

 COOLING
  TODAY            0                         0      0        0
  MONTH TO DATE    6                         0      6       11
  SINCE JAN 1      6                         0      6       11
..................................................................


WIND (MPH)
  HIGHEST WIND SPEED    28   HIGHEST WIND DIRECTION     S (160)
  HIGHEST GUST SPEED    34   HIGHEST GUST DIRECTION     S (180)
  AVERAGE WIND SPEED    13.0


SKY COVER
  POSSIBLE SUNSHINE  MM
  AVERAGE SKY COVER 0.0


WEATHER CONDITIONS
 THE FOLLOWING WEATHER WAS RECORDED TODAY.
  NO SIGNIFICANT WEATHER WAS OBSERVED.


RELATIVE HUMIDITY (PERCENT)
 HIGHEST    76           500 AM
 LOWEST     20           200 PM
 AVERAGE    48

..........................................................


THE LA CROSSE WI CLIMATE NORMALS FOR TOMORROW
                         NORMAL    RECORD    YEAR
 MAXIMUM TEMPERATURE (F)   64        87      1990
 MINIMUM TEMPERATURE (F)   42        25      1934


SUNRISE AND SUNSET
APRIL 24 2017.........SUNRISE   607 AM CDT   SUNSET   800 PM CDT
APRIL 25 2017.........SUNRISE   605 AM CDT   SUNSET   801 PM CDT


-  INDICATES NEGATIVE NUMBERS.
R  INDICATES RECORD WAS SET OR TIED.
MM INDICATES DATA IS MISSING.
T  INDICATES TRACE AMOUNT.




$$
