000
CDUS43 KARX 300646
CLILSE


CLIMATE REPORT
NATIONAL WEATHER SERVICE LA CROSSE WI
145 AM CDT SAT AUG 30 2014


...................................

...THE LA CROSSE WI CLIMATE SUMMARY FOR AUGUST 29 2014...

CLIMATE NORMAL PERIOD 1981 TO 2010
CLIMATE RECORD PERIOD 1873 TO 2014


WEATHER ITEM   OBSERVED TIME   RECORD YEAR NORMAL DEPARTURE LAST
                VALUE   (LST)  VALUE       VALUE  FROM      YEAR
                                                  NORMAL
..................................................................
TEMPERATURE (F)
 YESTERDAY
  MAXIMUM         88    356 PM  95    1966  79      9       92
  MINIMUM         66    601 AM  40    1965  59      7       71
                                      1934
                                      1893
  AVERAGE         77                        69      8       82

PRECIPITATION (IN)
  YESTERDAY        0.45          1.24 1876   0.12   0.33     0.00
  MONTH TO DATE    3.94                      4.02  -0.08     1.04
  SINCE JUN 1     15.64                     12.62   3.02     8.22
  SINCE JAN 1     28.80                     23.69   5.11    27.15

SNOWFALL (IN)
  YESTERDAY        0.0           0.0  2002   0.0    0.0      0.0
                                      2001
  MONTH TO DATE    0.0                       0.0    0.0      0.0
  SINCE JUL 1      0.0                       0.0    0.0       T
  SNOW DEPTH       0

DEGREE DAYS
 HEATING
  YESTERDAY        0                         1     -1        0
  MONTH TO DATE    0                         9     -9        2
  SINCE JUL 1      3                        14    -11       14

 COOLING
  YESTERDAY       12                         5      7       17
  MONTH TO DATE  252                       204     48      229
  SINCE JAN 1    731                       691     40      754
..................................................................


WIND (MPH)
  HIGHEST WIND SPEED    24   HIGHEST WIND DIRECTION     W (270)
  HIGHEST GUST SPEED    31   HIGHEST GUST DIRECTION     W (270)
  AVERAGE WIND SPEED     9.6


SKY COVER
  POSSIBLE SUNSHINE  MM
  AVERAGE SKY COVER 0.6


WEATHER CONDITIONS
 THE FOLLOWING WEATHER WAS RECORDED YESTERDAY.
  THUNDERSTORM
  HEAVY RAIN
  RAIN
  LIGHT RAIN
  FOG
  HAZE


RELATIVE HUMIDITY (PERCENT)
 HIGHEST    93           700 AM
 LOWEST     59           300 PM
 AVERAGE    76

..........................................................


THE LA CROSSE WI CLIMATE NORMALS FOR TODAY
                         NORMAL    RECORD    YEAR
 MAXIMUM TEMPERATURE (F)   79        97      2012
 MINIMUM TEMPERATURE (F)   59        35      1915


SUNRISE AND SUNSET
AUGUST 30 2014........SUNRISE   626 AM CDT   SUNSET   744 PM CDT
AUGUST 31 2014........SUNRISE   627 AM CDT   SUNSET   742 PM CDT


-  INDICATES NEGATIVE NUMBERS.
R  INDICATES RECORD WAS SET OR TIED.
MM INDICATES DATA IS MISSING.
T  INDICATES TRACE AMOUNT.




$$
