000
CDUS43 KARX 142230
CLILSE


CLIMATE REPORT
NATIONAL WEATHER SERVICE LA CROSSE WI
430 PM CST SUN DEC 14 2014


...................................

...THE LA CROSSE WI CLIMATE SUMMARY FOR DECEMBER 14 2014...
VALID TODAY AS OF 0430 PM LOCAL TIME.

CLIMATE NORMAL PERIOD 1981 TO 2010
CLIMATE RECORD PERIOD 1873 TO 2014


WEATHER ITEM   OBSERVED TIME   RECORD YEAR NORMAL DEPARTURE LAST
                VALUE   (LST)  VALUE       VALUE  FROM      YEAR
                                                  NORMAL
..................................................................
TEMPERATURE (F)
 TODAY
  MAXIMUM         48    236 PM  56    1998  29     19       20
  MINIMUM         43    639 AM -23    1901  14     29       12
  AVERAGE         46                        22     24       16

PRECIPITATION (IN)
  TODAY            0.00          1.13 1891   0.05  -0.05     0.08
  MONTH TO DATE    0.14                      0.72  -0.58     0.79
  SINCE DEC 1      0.14                      0.72  -0.58     0.79
  SINCE JAN 1     36.73                     32.42   4.31    35.16

SNOWFALL (IN)
  TODAY            0.0           6.1  2005   0.4   -0.4      0.8
  MONTH TO DATE    0.1                       5.5   -5.4      3.8
  SINCE JUL 1      7.9                       9.8   -1.9      4.8
  SNOW DEPTH       0

DEGREE DAYS
 HEATING
  TODAY           19                        43    -24       49
  MONTH TO DATE  501                       570    -69      669
  SINCE JUL 1   2101                      2070     31     2073

 COOLING
  TODAY            0                         0      0        0
  MONTH TO DATE    0                         0      0        0
  SINCE JAN 1    822                       782     40      917
..................................................................


WIND (MPH)
  HIGHEST WIND SPEED    14   HIGHEST WIND DIRECTION     S (160)
  HIGHEST GUST SPEED    17   HIGHEST GUST DIRECTION     S (160)
  AVERAGE WIND SPEED     7.6


SKY COVER
  POSSIBLE SUNSHINE  MM
  AVERAGE SKY COVER 1.0


WEATHER CONDITIONS
 THE FOLLOWING WEATHER WAS RECORDED TODAY.
  FOG
  FOG W/VISIBILITY <= 1/4 MILE


RELATIVE HUMIDITY (PERCENT)
 HIGHEST   100           400 AM
 LOWEST     92          1200 AM
 AVERAGE    96

..........................................................


THE LA CROSSE WI CLIMATE NORMALS FOR TOMORROW
                         NORMAL    RECORD    YEAR
 MAXIMUM TEMPERATURE (F)   29        52      1923
 MINIMUM TEMPERATURE (F)   14       -23      1901


SUNRISE AND SUNSET
DECEMBER 14 2014......SUNRISE   732 AM CST   SUNSET   428 PM CST
DECEMBER 15 2014......SUNRISE   732 AM CST   SUNSET   428 PM CST


-  INDICATES NEGATIVE NUMBERS.
R  INDICATES RECORD WAS SET OR TIED.
MM INDICATES DATA IS MISSING.
T  INDICATES TRACE AMOUNT.




$$
