000
CDUS43 KARX 262131
CLILSE


CLIMATE REPORT
NATIONAL WEATHER SERVICE LA CROSSE WI
429 PM CDT FRI SEP 26 2014


...................................

...THE LA CROSSE WI CLIMATE SUMMARY FOR SEPTEMBER 26 2014...
VALID TODAY AS OF 0400 PM LOCAL TIME.

CLIMATE NORMAL PERIOD 1981 TO 2010
CLIMATE RECORD PERIOD 1873 TO 2014


WEATHER ITEM   OBSERVED TIME   RECORD YEAR NORMAL DEPARTURE LAST
                VALUE   (LST)  VALUE       VALUE  FROM      YEAR
                                                  NORMAL
..................................................................
TEMPERATURE (F)
 TODAY
  MAXIMUM         82    138 PM  90    1998  69     13       80
  MINIMUM         55    455 AM  29    1984  48      7       51
  AVERAGE         69                        58     11       66

PRECIPITATION (IN)
  TODAY            0.00          2.10 1916   0.11  -0.11     0.00
  MONTH TO DATE    2.61                      3.16  -0.55     1.22
  SINCE SEP 1      2.61                      3.16  -0.55     1.22
  SINCE JAN 1     32.09                     27.12   4.97    28.37

SNOWFALL (IN)
  TODAY            0.0           0.0  2002   0.0    0.0      0.0
                                      2001
  MONTH TO DATE    0.0                       0.0    0.0      0.0
  SINCE JUL 1      0.0                       0.0    0.0       T
  SNOW DEPTH       0

DEGREE DAYS
 HEATING
  TODAY            0                         8     -8        0
  MONTH TO DATE  100                       104     -4       61
  SINCE JUL 1    103                       124    -21       75

 COOLING
  TODAY            4                         1      3        1
  MONTH TO DATE   61                        70     -9      124
  SINCE JAN 1    809                       770     39      909
..................................................................


WIND (MPH)
  HIGHEST WIND SPEED    13   HIGHEST WIND DIRECTION     S (200)
  HIGHEST GUST SPEED    17   HIGHEST GUST DIRECTION     S (190)
  AVERAGE WIND SPEED     6.1


SKY COVER
  POSSIBLE SUNSHINE  MM
  AVERAGE SKY COVER 0.1


WEATHER CONDITIONS
 THE FOLLOWING WEATHER WAS RECORDED TODAY.
  NO SIGNIFICANT WEATHER WAS OBSERVED.


RELATIVE HUMIDITY (PERCENT)
 HIGHEST    86           200 AM
 LOWEST     39           100 PM
 AVERAGE    63

..........................................................


THE LA CROSSE WI CLIMATE NORMALS FOR TOMORROW
                         NORMAL    RECORD    YEAR
 MAXIMUM TEMPERATURE (F)   68        86      1987
 MINIMUM TEMPERATURE (F)   47        30      1889


SUNRISE AND SUNSET
SEPTEMBER 26 2014.....SUNRISE   657 AM CDT   SUNSET   655 PM CDT
SEPTEMBER 27 2014.....SUNRISE   658 AM CDT   SUNSET   653 PM CDT


-  INDICATES NEGATIVE NUMBERS.
R  INDICATES RECORD WAS SET OR TIED.
MM INDICATES DATA IS MISSING.
T  INDICATES TRACE AMOUNT.




$$
