000
CDUS43 KARX 200637
CLILSE


CLIMATE REPORT
NATIONAL WEATHER SERVICE LA CROSSE WI
134 AM CDT SUN JUL 20 2014


...................................

...THE LA CROSSE WI CLIMATE SUMMARY FOR JULY 19 2014...

CLIMATE NORMAL PERIOD 1981 TO 2010
CLIMATE RECORD PERIOD 1873 TO 2014


WEATHER ITEM   OBSERVED TIME   RECORD YEAR NORMAL DEPARTURE LAST
                VALUE   (LST)  VALUE       VALUE  FROM      YEAR
                                                  NORMAL
..................................................................
TEMPERATURE (F)
 YESTERDAY
  MAXIMUM         82    235 PM  97    1974  84     -2       95
                                      1964
                                      1931
  MINIMUM         69   1155 PM  48    1912  63      6       67
  AVERAGE         76                        74      2       81

PRECIPITATION (IN)
  YESTERDAY        0.00          2.73 1952   0.14  -0.14     0.02
  MONTH TO DATE    3.72                      2.62   1.10     0.29
  SINCE JUN 1     10.42                      6.96   3.46     6.11
  SINCE JAN 1     23.58                     18.03   5.55    25.04

SNOWFALL (IN)
  YESTERDAY        0.0           T    2004   0.0    0.0      0.0
  MONTH TO DATE    0.0                       0.0    0.0      0.0
  SINCE JUL 1      0.0                       0.0    0.0      0.0
  SNOW DEPTH       0

DEGREE DAYS
 HEATING
  YESTERDAY        0                         0      0        0
  MONTH TO DATE    3                         0      3        0
  SINCE JUL 1      3                         0      3        0

 COOLING
  YESTERDAY       11                         9      2       16
  MONTH TO DATE   98                       170    -72      254
  SINCE JAN 1    379                       384     -5      468
..................................................................


WIND (MPH)
  HIGHEST WIND SPEED    17   HIGHEST WIND DIRECTION     S (180)
  HIGHEST GUST SPEED    22   HIGHEST GUST DIRECTION     S (160)
  AVERAGE WIND SPEED    11.2


SKY COVER
  POSSIBLE SUNSHINE  MM
  AVERAGE SKY COVER 0.6


WEATHER CONDITIONS
 THE FOLLOWING WEATHER WAS RECORDED YESTERDAY.
  NO SIGNIFICANT WEATHER WAS OBSERVED.


RELATIVE HUMIDITY (PERCENT)
 HIGHEST    70           100 AM
 LOWEST     49           400 PM
 AVERAGE    60

..........................................................


THE LA CROSSE WI CLIMATE NORMALS FOR TODAY
                         NORMAL    RECORD    YEAR
 MAXIMUM TEMPERATURE (F)   84       103      1901
 MINIMUM TEMPERATURE (F)   63        49      1970
                                             1966


SUNRISE AND SUNSET
JULY 20 2014..........SUNRISE   541 AM CDT   SUNSET   841 PM CDT
JULY 21 2014..........SUNRISE   542 AM CDT   SUNSET   840 PM CDT


-  INDICATES NEGATIVE NUMBERS.
R  INDICATES RECORD WAS SET OR TIED.
MM INDICATES DATA IS MISSING.
T  INDICATES TRACE AMOUNT.




$$
