000
CDUS43 KARX 240654
CLILSE


CLIMATE REPORT
NATIONAL WEATHER SERVICE LA CROSSE WI
154 AM CDT FRI OCT 24 2014


...................................

...THE LA CROSSE WI CLIMATE SUMMARY FOR OCTOBER 23 2014...

CLIMATE NORMAL PERIOD 1981 TO 2010
CLIMATE RECORD PERIOD 1873 TO 2014


WEATHER ITEM   OBSERVED TIME   RECORD YEAR NORMAL DEPARTURE LAST
                VALUE   (LST)  VALUE       VALUE  FROM      YEAR
                                                  NORMAL
..................................................................
TEMPERATURE (F)
 YESTERDAY
  MAXIMUM         53   1201 AM  84    1899  57     -4       44
  MINIMUM         49   1022 AM  17    1895  38     11       28
  AVERAGE         51                        48      3       36

PRECIPITATION (IN)
  YESTERDAY        0.25          1.65 1959   0.06   0.19      T
  MONTH TO DATE    3.53                      1.67   1.86     3.72
  SINCE SEP 1      6.15                      5.23   0.92     5.33
  SINCE JAN 1     35.63                     29.19   6.44    32.48

SNOWFALL (IN)
  YESTERDAY        0.0           1.6  1929   0.0    0.0       T
  MONTH TO DATE    0.0                       0.1   -0.1       T
  SINCE JUL 1      0.0                       0.1   -0.1       T
  SNOW DEPTH       0

DEGREE DAYS
 HEATING
  YESTERDAY       14                        18     -4       29
  MONTH TO DATE  315                       314      1      272
  SINCE JUL 1    437                       474    -37      352

 COOLING
  YESTERDAY        0                         0      0        0
  MONTH TO DATE    0                         7     -7        1
  SINCE JAN 1    822                       781     41      917
..................................................................


WIND (MPH)
  HIGHEST WIND SPEED    16   HIGHEST WIND DIRECTION    SE (150)
  HIGHEST GUST SPEED    21   HIGHEST GUST DIRECTION    SE (150)
  AVERAGE WIND SPEED     7.3


SKY COVER
  POSSIBLE SUNSHINE  MM
  AVERAGE SKY COVER 1.0


WEATHER CONDITIONS
 THE FOLLOWING WEATHER WAS RECORDED YESTERDAY.
  RAIN
  LIGHT RAIN
  FOG


RELATIVE HUMIDITY (PERCENT)
 HIGHEST    96          1000 PM
 LOWEST     54          1200 AM
 AVERAGE    75

..........................................................


THE LA CROSSE WI CLIMATE NORMALS FOR TODAY
                         NORMAL    RECORD    YEAR
 MAXIMUM TEMPERATURE (F)   56        80      1973
 MINIMUM TEMPERATURE (F)   38        17      1887


SUNRISE AND SUNSET
OCTOBER 24 2014.......SUNRISE   731 AM CDT   SUNSET   607 PM CDT
OCTOBER 25 2014.......SUNRISE   732 AM CDT   SUNSET   605 PM CDT


-  INDICATES NEGATIVE NUMBERS.
R  INDICATES RECORD WAS SET OR TIED.
MM INDICATES DATA IS MISSING.
T  INDICATES TRACE AMOUNT.




$$
