223
CDUS43 KARX 200647
CLILSE


CLIMATE REPORT
NATIONAL WEATHER SERVICE LA CROSSE WI
147 AM CDT TUE JUN 20 2017


...................................

...THE LA CROSSE WI CLIMATE SUMMARY FOR JUNE 19 2017...

CLIMATE NORMAL PERIOD 1981 TO 2010
CLIMATE RECORD PERIOD 1873 TO 2017


WEATHER ITEM   OBSERVED TIME   RECORD YEAR NORMAL DEPARTURE LAST
                VALUE   (LST)  VALUE       VALUE  FROM      YEAR
                                                  NORMAL
..................................................................
TEMPERATURE (F)
 YESTERDAY
  MAXIMUM         78    227 PM  98    1953  81     -3       91
  MINIMUM         60   1159 PM  43    1982  60      0       67
  AVERAGE         69                        70     -1       79

PRECIPITATION (IN)
  YESTERDAY        0.00          3.12 1993   0.15  -0.15     0.00
  MONTH TO DATE    2.41                      2.72  -0.31     5.30
  SINCE JUN 1      2.41                      2.72  -0.31     5.30
  SINCE JAN 1     20.10                     13.79   6.31    15.78

SNOWFALL (IN)
  YESTERDAY        0.0           0.0  2002   0.0    0.0      0.0
                                      2001
  MONTH TO DATE    0.0                       0.0    0.0      0.0
  SINCE JUL 1     42.2                      43.3   -1.1     40.3
  SNOW DEPTH       0

DEGREE DAYS
 HEATING
  YESTERDAY        0                         1     -1        0
  MONTH TO DATE    2                        33    -31        4
  SINCE JUL 1   5768                      7190  -1422     5953

 COOLING
  YESTERDAY        4                         6     -2       14
  MONTH TO DATE  189                        83    106      133
  SINCE JAN 1    226                       131     95      219
..................................................................


WIND (MPH)
  HIGHEST WIND SPEED    22   HIGHEST WIND DIRECTION    NW (320)
  HIGHEST GUST SPEED    28   HIGHEST GUST DIRECTION    NW (300)
  AVERAGE WIND SPEED     9.2


SKY COVER
  POSSIBLE SUNSHINE  MM
  AVERAGE SKY COVER 0.4


WEATHER CONDITIONS
 THE FOLLOWING WEATHER WAS RECORDED YESTERDAY.
  THUNDERSTORM


RELATIVE HUMIDITY (PERCENT)
 HIGHEST    90          1200 AM
 LOWEST     41           200 PM
 AVERAGE    66

..........................................................


THE LA CROSSE WI CLIMATE NORMALS FOR TODAY
                         NORMAL    RECORD    YEAR
 MAXIMUM TEMPERATURE (F)   82       102      1933
 MINIMUM TEMPERATURE (F)   60        42      1992


SUNRISE AND SUNSET
JUNE 20 2017..........SUNRISE   523 AM CDT   SUNSET   851 PM CDT
JUNE 21 2017..........SUNRISE   523 AM CDT   SUNSET   851 PM CDT


-  INDICATES NEGATIVE NUMBERS.
R  INDICATES RECORD WAS SET OR TIED.
MM INDICATES DATA IS MISSING.
T  INDICATES TRACE AMOUNT.




$$
