000
CDUS43 KARX 230711
CLILSE


CLIMATE REPORT
NATIONAL WEATHER SERVICE LA CROSSE WI
204 AM CDT SAT JUL 23 2016

...THE LA CROSSE WI CLIMATE SUMMARY FOR JULY 22 2016...

CLIMATE NORMAL PERIOD 1981 TO 2010
CLIMATE RECORD PERIOD 1873 TO 2016

WEATHER ITEM   OBSERVED TIME   RECORD YEAR NORMAL DEPARTURE LAST
                VALUE   (LST)  VALUE       VALUE  FROM      YEAR
                                                  NORMAL
..................................................................
TEMPERATURE (F)
 YESTERDAY
  MAXIMUM         94    527 PM 102    1934  84     10       84
  MINIMUM         72    351 AM  47    1947  63      9       61
  AVERAGE         83                        74      9       73

PRECIPITATION (IN)
  YESTERDAY        0.00          2.27 1883   0.14  -0.14     0.00
  MONTH TO DATE    3.66                      3.03   0.63     2.57
  SINCE JUN 1     10.39                      7.37   3.02     6.27
  SINCE JAN 1     20.87                     18.44   2.43    18.86

SNOWFALL (IN)
  YESTERDAY        0.0           0.0  2002   0.0    0.0      0.0
                                      2001
  MONTH TO DATE    0.0                       0.0    0.0      0.0
  SINCE JUL 1      0.0                       0.0    0.0      0.0
  SNOW DEPTH       0

DEGREE DAYS
 HEATING
  YESTERDAY        0                         0      0        0
  MONTH TO DATE    0                         0      0        3
  SINCE JUL 1      0                         0      0        3

 COOLING
  YESTERDAY       18                         9      9        8
  MONTH TO DATE  226                       197     29      148
  SINCE JAN 1    524                       411    113      380
..................................................................

WIND (MPH)
  HIGHEST WIND SPEED     8   HIGHEST WIND DIRECTION     N (350)
  HIGHEST GUST SPEED    12   HIGHEST GUST DIRECTION     N (340)
  AVERAGE WIND SPEED     3.2

SKY COVER
  POSSIBLE SUNSHINE  MM
  AVERAGE SKY COVER 0.3

WEATHER CONDITIONS
 THE FOLLOWING WEATHER WAS RECORDED YESTERDAY.
  NO SIGNIFICANT WEATHER WAS OBSERVED.

RELATIVE HUMIDITY (PERCENT)
 HIGHEST    94           700 AM
 LOWEST     56           400 PM
 AVERAGE    75
..........................................................

THE LA CROSSE WI CLIMATE NORMALS FOR TODAY
                         NORMAL    RECORD    YEAR
 MAXIMUM TEMPERATURE (F)   84       102      1934
 MINIMUM TEMPERATURE (F)   63        49      1887

SUNRISE AND SUNSET
JULY 23 2016..........SUNRISE   545 AM CDT   SUNSET   838 PM CDT
JULY 24 2016..........SUNRISE   546 AM CDT   SUNSET   837 PM CDT

-  INDICATES NEGATIVE NUMBERS.
R  INDICATES RECORD WAS SET OR TIED.
MM INDICATES DATA IS MISSING.
T  INDICATES TRACE AMOUNT.

$$

BOYNE
