000
CDUS43 KARX 260636
CLILSE


CLIMATE REPORT
NATIONAL WEATHER SERVICE LA CROSSE WI
135 AM CDT THU MAR 26 2015


...................................

...THE LA CROSSE WI CLIMATE SUMMARY FOR MARCH 25 2015...

CLIMATE NORMAL PERIOD 1981 TO 2010
CLIMATE RECORD PERIOD 1873 TO 2015


WEATHER ITEM   OBSERVED TIME   RECORD YEAR NORMAL DEPARTURE LAST
                VALUE   (LST)  VALUE       VALUE  FROM      YEAR
                                                  NORMAL
..................................................................
TEMPERATURE (F)
 YESTERDAY
  MAXIMUM         41   1246 PM  83    2007  48     -7       25
  MINIMUM         31    523 AM   3    1940  29      2       13
  AVERAGE         36                        39     -3       19

PRECIPITATION (IN)
  YESTERDAY        0.08          1.25 1945   0.08   0.00      T
  MONTH TO DATE    0.78                      1.56  -0.78     0.67
  SINCE MAR 1      0.78                      1.56  -0.78     0.67
  SINCE JAN 1      1.99                      3.73  -1.74     3.03

SNOWFALL (IN)
  YESTERDAY        1.4           6.2  1964   0.1    1.3       T
  MONTH TO DATE    9.9                       6.2    3.7      5.7
  SINCE JUL 1     38.3                      40.7   -2.4     46.6
  SNOW DEPTH       4

DEGREE DAYS
 HEATING
  YESTERDAY       29                        26      3       46
  MONTH TO DATE  726                       796    -70     1008
  SINCE JUL 1   6332                      6305     27     7198

 COOLING
  YESTERDAY        0                         0      0        0
  MONTH TO DATE    0                         0      0        0
  SINCE JAN 1      0                         0      0        0
..................................................................


WIND (MPH)
  HIGHEST WIND SPEED    29   HIGHEST WIND DIRECTION     W (280)
  HIGHEST GUST SPEED    35   HIGHEST GUST DIRECTION     W (280)
  AVERAGE WIND SPEED    12.2


SKY COVER
  POSSIBLE SUNSHINE  MM
  AVERAGE SKY COVER 1.0


WEATHER CONDITIONS
 THE FOLLOWING WEATHER WAS RECORDED YESTERDAY.
  LIGHT SNOW
  FOG


RELATIVE HUMIDITY (PERCENT)
 HIGHEST    92           300 AM
 LOWEST     64          1100 AM
 AVERAGE    78

..........................................................


THE LA CROSSE WI CLIMATE NORMALS FOR TODAY
                         NORMAL    RECORD    YEAR
 MAXIMUM TEMPERATURE (F)   49        83      2007
 MINIMUM TEMPERATURE (F)   29        -2      1965


SUNRISE AND SUNSET
MARCH 26 2015.........SUNRISE   658 AM CDT   SUNSET   724 PM CDT
MARCH 27 2015.........SUNRISE   656 AM CDT   SUNSET   726 PM CDT


-  INDICATES NEGATIVE NUMBERS.
R  INDICATES RECORD WAS SET OR TIED.
MM INDICATES DATA IS MISSING.
T  INDICATES TRACE AMOUNT.




$$
