254
CDUS43 KARX 082234
CLILSE


CLIMATE REPORT
NATIONAL WEATHER SERVICE LA CROSSE WI
434 PM CST FRI DEC 8 2017


...................................

...THE LA CROSSE WI CLIMATE SUMMARY FOR DECEMBER 8 2017...
VALID TODAY AS OF 0430 PM LOCAL TIME.

CLIMATE NORMAL PERIOD 1981 TO 2010
CLIMATE RECORD PERIOD 1873 TO 2017


WEATHER ITEM   OBSERVED TIME   RECORD YEAR NORMAL DEPARTURE LAST
                VALUE   (LST)  VALUE       VALUE  FROM      YEAR
                                                  NORMAL
..................................................................
TEMPERATURE (F)
 TODAY
  MAXIMUM         36    200 PM  60    1946  31      5       27
  MINIMUM         18   1202 AM -16    1876  17      1       18
  AVERAGE         27                        24      3       23

PRECIPITATION (IN)
  TODAY            0.00          0.65 2009   0.05  -0.05      T
  MONTH TO DATE    0.24                      0.43  -0.19     0.36
  SINCE DEC 1      0.24                      0.43  -0.19     0.36
  SINCE JAN 1     39.31                     32.13   7.18    42.93

SNOWFALL (IN)
  TODAY            0.0           9.0  2009   0.4   -0.4       T
  MONTH TO DATE    0.1                       3.0   -2.9      2.9
  SINCE JUL 1      0.1                       7.3   -7.2      2.9
  SNOW DEPTH       0

DEGREE DAYS
 HEATING
  TODAY           38                        41     -3       42
  MONTH TO DATE  253                       316    -63      264
  SINCE JUL 1   1490                      1816   -326     1123

 COOLING
  TODAY            0                         0      0        0
  MONTH TO DATE    0                         0      0        0
  SINCE JAN 1   1001                       782    219     1033
..................................................................


WIND (MPH)
  HIGHEST WIND SPEED    13   HIGHEST WIND DIRECTION     S (200)
  HIGHEST GUST SPEED    15   HIGHEST GUST DIRECTION    SW (210)
  AVERAGE WIND SPEED     6.5


SKY COVER
  POSSIBLE SUNSHINE  MM
  AVERAGE SKY COVER 0.8


WEATHER CONDITIONS
 THE FOLLOWING WEATHER WAS RECORDED TODAY.
  NO SIGNIFICANT WEATHER WAS OBSERVED.


RELATIVE HUMIDITY (PERCENT)
 HIGHEST    69          1100 AM
 LOWEST     56           100 PM
 AVERAGE    63

..........................................................


THE LA CROSSE WI CLIMATE NORMALS FOR TOMORROW
                         NORMAL    RECORD    YEAR
 MAXIMUM TEMPERATURE (F)   31        54      1946
 MINIMUM TEMPERATURE (F)   16       -24      1876


SUNRISE AND SUNSET
DECEMBER  8 2017......SUNRISE   727 AM CST   SUNSET   427 PM CST
DECEMBER  9 2017......SUNRISE   728 AM CST   SUNSET   427 PM CST


-  INDICATES NEGATIVE NUMBERS.
R  INDICATES RECORD WAS SET OR TIED.
MM INDICATES DATA IS MISSING.
T  INDICATES TRACE AMOUNT.




$$
