000
CDUS43 KARX 160651
CLILSE


CLIMATE REPORT
NATIONAL WEATHER SERVICE LA CROSSE WI
1250 AM CST THU NOV 16 2017


...................................

...THE LA CROSSE WI CLIMATE SUMMARY FOR NOVEMBER 15 2017...

CLIMATE NORMAL PERIOD 1981 TO 2010
CLIMATE RECORD PERIOD 1873 TO 2017


WEATHER ITEM   OBSERVED TIME   RECORD YEAR NORMAL DEPARTURE LAST
                VALUE   (LST)  VALUE       VALUE  FROM      YEAR
                                                  NORMAL
..................................................................
TEMPERATURE (F)
 YESTERDAY
  MAXIMUM         48    748 AM  70    2001  44      4       55
  MINIMUM         32   1159 PM   3    1940  29      3       34
                                      1883
  AVERAGE         40                        36      4       45

PRECIPITATION (IN)
  YESTERDAY        T             1.16 1988   0.07  -0.07     0.00
  MONTH TO DATE    0.21                      1.02  -0.81      T
  SINCE SEP 1      7.17                      6.75   0.42    12.69
  SINCE JAN 1     38.93                     30.71   8.22    41.41

SNOWFALL (IN)
  YESTERDAY        0.0           1.0  2014   0.1   -0.1      0.0
                                      1909
  MONTH TO DATE    T                         1.1   -1.1      0.0
  SINCE JUL 1      T                         1.3   -1.3      0.0
  SNOW DEPTH       0

DEGREE DAYS
 HEATING
  YESTERDAY       25                        29     -4       20
  MONTH TO DATE  444                       373     71      194
  SINCE JUL 1    836                      1001   -165      497

 COOLING
  YESTERDAY        0                         0      0        0
  MONTH TO DATE    0                         0      0        0
  SINCE JAN 1   1001                       782    219     1033
..................................................................


WIND (MPH)
  HIGHEST WIND SPEED    25   HIGHEST WIND DIRECTION    NW (310)
  HIGHEST GUST SPEED    32   HIGHEST GUST DIRECTION    NW (310)
  AVERAGE WIND SPEED    14.1


SKY COVER
  POSSIBLE SUNSHINE  MM
  AVERAGE SKY COVER 1.0


WEATHER CONDITIONS
 THE FOLLOWING WEATHER WAS RECORDED YESTERDAY.
  LIGHT RAIN
  FOG


RELATIVE HUMIDITY (PERCENT)
 HIGHEST   100           300 AM
 LOWEST     64           500 PM
 AVERAGE    82

..........................................................


THE LA CROSSE WI CLIMATE NORMALS FOR TODAY
                         NORMAL    RECORD    YEAR
 MAXIMUM TEMPERATURE (F)   44        70      1953
 MINIMUM TEMPERATURE (F)   28         2      1959


SUNRISE AND SUNSET
NOVEMBER 16 2017......SUNRISE   701 AM CST   SUNSET   438 PM CST
NOVEMBER 17 2017......SUNRISE   703 AM CST   SUNSET   437 PM CST


-  INDICATES NEGATIVE NUMBERS.
R  INDICATES RECORD WAS SET OR TIED.
MM INDICATES DATA IS MISSING.
T  INDICATES TRACE AMOUNT.




$$
