000
CDUS43 KARX 160635
CLILSE


CLIMATE REPORT
NATIONAL WEATHER SERVICE LA CROSSE WI
1235 AM CST MON JAN 16 2017


...................................

...THE LA CROSSE WI CLIMATE SUMMARY FOR JANUARY 15 2017...

CLIMATE NORMAL PERIOD 1981 TO 2010
CLIMATE RECORD PERIOD 1873 TO 2017


WEATHER ITEM   OBSERVED TIME   RECORD YEAR NORMAL DEPARTURE LAST
                VALUE   (LST)  VALUE       VALUE  FROM      YEAR
                                                  NORMAL
..................................................................
TEMPERATURE (F)
 YESTERDAY
  MAXIMUM         33    200 PM  48    1933  26      7       28
  MINIMUM          4        MM -32    1888   9     -5       19
  AVERAGE         19                        17      2       24

PRECIPITATION (IN)
  YESTERDAY        0.00          0.60 1953   0.04  -0.04      T
  MONTH TO DATE    1.15                      0.52   0.63     0.58
  SINCE DEC 1      3.34                      1.88   1.46     5.51
  SINCE JAN 1      1.15                      0.52   0.63     0.58

SNOWFALL (IN)
  YESTERDAY        0.0           3.4  1979   0.4   -0.4       T
  MONTH TO DATE    4.6                       4.6    0.0      2.7
  SINCE JUL 1     25.4                      20.2    5.2     15.2
  SNOW DEPTH       6

DEGREE DAYS
 HEATING
  YESTERDAY       46                        48     -2       41
  MONTH TO DATE  747                       716     31      680
  SINCE JUL 1   2882                      3560   -678     2715

 COOLING
  YESTERDAY        0                         0      0        0
  MONTH TO DATE    0                         0      0        0
  SINCE JAN 1      0                         0      0        0
..................................................................


WIND (MPH)
  HIGHEST WIND SPEED     7   HIGHEST WIND DIRECTION     E (110)
  HIGHEST GUST SPEED    MM   HIGHEST GUST DIRECTION    MM
  AVERAGE WIND SPEED     2.8


SKY COVER
  POSSIBLE SUNSHINE  MM
  AVERAGE SKY COVER 0.0


WEATHER CONDITIONS
 THE FOLLOWING WEATHER WAS RECORDED YESTERDAY.
  HAZE


RELATIVE HUMIDITY (PERCENT)
 HIGHEST    80           100 AM
 LOWEST     30           100 PM
 AVERAGE    55

..........................................................


THE LA CROSSE WI CLIMATE NORMALS FOR TODAY
                         NORMAL    RECORD    YEAR
 MAXIMUM TEMPERATURE (F)   26        51      1974
                                             1913
 MINIMUM TEMPERATURE (F)    9       -39      1888


SUNRISE AND SUNSET
JANUARY 16 2017.......SUNRISE   735 AM CST   SUNSET   455 PM CST
JANUARY 17 2017.......SUNRISE   735 AM CST   SUNSET   456 PM CST


-  INDICATES NEGATIVE NUMBERS.
R  INDICATES RECORD WAS SET OR TIED.
MM INDICATES DATA IS MISSING.
T  INDICATES TRACE AMOUNT.




$$
