000
CDUS43 KARX 250636
CLILSE


CLIMATE REPORT
NATIONAL WEATHER SERVICE LA CROSSE WI
136 AM CDT MON APR 25 2016


...................................

...THE LA CROSSE WI CLIMATE SUMMARY FOR APRIL 24 2016...

CLIMATE NORMAL PERIOD 1981 TO 2010
CLIMATE RECORD PERIOD 1873 TO 2016


WEATHER ITEM   OBSERVED TIME   RECORD YEAR NORMAL DEPARTURE LAST
                VALUE   (LST)  VALUE       VALUE  FROM      YEAR
                                                  NORMAL
..................................................................
TEMPERATURE (F)
 YESTERDAY
  MAXIMUM         69    349 PM  90    2009  63      6       57
  MINIMUM         54    557 AM  24    1956  42     12       32
  AVERAGE         62                        52     10       45

PRECIPITATION (IN)
  YESTERDAY        0.02          1.50 1950   0.12  -0.10     0.10
  MONTH TO DATE    0.35                      2.60  -2.25     4.16
  SINCE MAR 1      3.96                      4.64  -0.68     4.97
  SINCE JAN 1      5.61                      6.81  -1.20     6.18

SNOWFALL (IN)
  YESTERDAY        0.0           1.8  1910   0.1   -0.1      0.0
                                      2001
  MONTH TO DATE    0.6                       1.6   -1.0      0.5
  SINCE JUL 1     40.3                      43.2   -2.9     38.8
  SNOW DEPTH       0

DEGREE DAYS
 HEATING
  YESTERDAY        3                        13    -10       20
  MONTH TO DATE  367                       429    -62      347
  SINCE JUL 1   5666                      6882  -1216     6839

 COOLING
  YESTERDAY        0                         0      0        0
  MONTH TO DATE   11                         0     11        1
  SINCE JAN 1     11                         0     11        1
..................................................................


WIND (MPH)
  HIGHEST WIND SPEED    16   HIGHEST WIND DIRECTION    SE (150)
  HIGHEST GUST SPEED    20   HIGHEST GUST DIRECTION     E (80)
  AVERAGE WIND SPEED     8.3


SKY COVER
  POSSIBLE SUNSHINE  MM
  AVERAGE SKY COVER 0.5


WEATHER CONDITIONS
 THE FOLLOWING WEATHER WAS RECORDED YESTERDAY.
  LIGHT RAIN


RELATIVE HUMIDITY (PERCENT)
 HIGHEST    80          1000 AM
 LOWEST     51          1200 AM
 AVERAGE    66

..........................................................


THE LA CROSSE WI CLIMATE NORMALS FOR TODAY
                         NORMAL    RECORD    YEAR
 MAXIMUM TEMPERATURE (F)   64        87      1990
 MINIMUM TEMPERATURE (F)   42        25      1934


SUNRISE AND SUNSET
APRIL 25 2016.........SUNRISE   605 AM CDT   SUNSET   801 PM CDT
APRIL 26 2016.........SUNRISE   603 AM CDT   SUNSET   803 PM CDT


-  INDICATES NEGATIVE NUMBERS.
R  INDICATES RECORD WAS SET OR TIED.
MM INDICATES DATA IS MISSING.
T  INDICATES TRACE AMOUNT.




$$
