000
CDUS43 KARX 022238
CLILSE


CLIMATE REPORT
NATIONAL WEATHER SERVICE LA CROSSE WI
437 PM CST FRI DEC 2 2016


...................................

...THE LA CROSSE WI CLIMATE SUMMARY FOR DECEMBER 2 2016...
VALID TODAY AS OF 0400 PM LOCAL TIME.

CLIMATE NORMAL PERIOD 1981 TO 2010
CLIMATE RECORD PERIOD 1873 TO 2016


WEATHER ITEM   OBSERVED TIME   RECORD YEAR NORMAL DEPARTURE LAST
                VALUE   (LST)  VALUE       VALUE  FROM      YEAR
                                                  NORMAL
..................................................................
TEMPERATURE (F)
 TODAY
  MAXIMUM         38    155 AM  64    1982  34      4       36
  MINIMUM         33    741 AM -10    1940  19     14       25
                                      1886
  AVERAGE         36                        27      9       31

PRECIPITATION (IN)
  TODAY            0.00          0.80 1873   0.05  -0.05      T
  MONTH TO DATE    T                         0.11  -0.11     0.07
  SINCE DEC 1      T                         0.11  -0.11     0.07
  SINCE JAN 1     42.57                     31.81  10.76    29.62

SNOWFALL (IN)
  TODAY            0.0           4.9  1984   0.4   -0.4       T
  MONTH TO DATE    0.0                       0.7   -0.7      0.5
  SINCE JUL 1      T                         5.0   -5.0      1.4
  SNOW DEPTH       0

DEGREE DAYS
 HEATING
  TODAY           29                        38     -9       34
  MONTH TO DATE   54                        76    -22       65
  SINCE JUL 1    913                      1576   -663     1151

 COOLING
  TODAY            0                         0      0        0
  MONTH TO DATE    0                         0      0        0
  SINCE JAN 1   1033                       782    251      887
..................................................................


WIND (MPH)
  HIGHEST WIND SPEED    16   HIGHEST WIND DIRECTION    NW (310)
  HIGHEST GUST SPEED    20   HIGHEST GUST DIRECTION    NW (320)
  AVERAGE WIND SPEED     9.0


SKY COVER
  POSSIBLE SUNSHINE  MM
  AVERAGE SKY COVER 1.0


WEATHER CONDITIONS
 THE FOLLOWING WEATHER WAS RECORDED TODAY.
  NO SIGNIFICANT WEATHER WAS OBSERVED.


RELATIVE HUMIDITY (PERCENT)
 HIGHEST    82          1200 AM
 LOWEST     56          1100 AM
 AVERAGE    69

..........................................................


THE LA CROSSE WI CLIMATE NORMALS FOR TOMORROW
                         NORMAL    RECORD    YEAR
 MAXIMUM TEMPERATURE (F)   34        64      2012
 MINIMUM TEMPERATURE (F)   19       -19      1940


SUNRISE AND SUNSET
DECEMBER  2 2016......SUNRISE   721 AM CST   SUNSET   428 PM CST
DECEMBER  3 2016......SUNRISE   722 AM CST   SUNSET   428 PM CST


-  INDICATES NEGATIVE NUMBERS.
R  INDICATES RECORD WAS SET OR TIED.
MM INDICATES DATA IS MISSING.
T  INDICATES TRACE AMOUNT.




$$
