000
CDUS43 KARX 112133
CLILSE


CLIMATE REPORT
NATIONAL WEATHER SERVICE LA CROSSE WI
431 PM CDT FRI APR 11 2014


...................................

...THE LA CROSSE WI CLIMATE SUMMARY FOR APRIL 11 2014...
VALID TODAY AS OF 0400 PM LOCAL TIME.

CLIMATE NORMAL PERIOD 1981 TO 2010
CLIMATE RECORD PERIOD 1873 TO 2014


WEATHER ITEM   OBSERVED TIME   RECORD YEAR NORMAL DEPARTURE LAST
                VALUE   (LST)  VALUE       VALUE  FROM      YEAR
                                                  NORMAL
..................................................................
TEMPERATURE (F)
 TODAY
  MAXIMUM         68    244 PM  85    1977  57     11       38
  MINIMUM         39    551 AM  20    1940  36      3       33
  AVERAGE         54                        47      7       36

PRECIPITATION (IN)
  TODAY            0.01          1.49 1922   0.11  -0.10     0.27
  MONTH TO DATE    0.57                      1.08  -0.51     2.67
  SINCE MAR 1      1.88                      3.12  -1.24     4.79
  SINCE JAN 1      4.24                      5.29  -1.05     7.19

SNOWFALL (IN)
  TODAY            0.0           3.0  2007   0.1   -0.1      0.3
  MONTH TO DATE    0.6                       0.9   -0.3      1.1
  SINCE JUL 1     47.2                      42.5    4.7     56.7
  SNOW DEPTH       0

DEGREE DAYS
 HEATING
  TODAY           11                        18     -7       29
  MONTH TO DATE  229                       228      1      289
  SINCE JUL 1   7574                      6681    893     6813

 COOLING
  TODAY            0                         0      0        0
  MONTH TO DATE    0                         0      0        0
  SINCE JAN 1      0                         0      0        0
..................................................................


WIND (MPH)
  HIGHEST WIND SPEED    22   HIGHEST WIND DIRECTION    SW (220)
  HIGHEST GUST SPEED    26   HIGHEST GUST DIRECTION    SW (220)
  AVERAGE WIND SPEED     7.9


SKY COVER
  POSSIBLE SUNSHINE  MM
  AVERAGE SKY COVER 0.4


WEATHER CONDITIONS
 THE FOLLOWING WEATHER WAS RECORDED TODAY.
  LIGHT RAIN


RELATIVE HUMIDITY (PERCENT)
 HIGHEST    76           500 AM
 LOWEST     27           200 PM
 AVERAGE    52

..........................................................


THE LA CROSSE WI CLIMATE NORMALS FOR TOMORROW
                         NORMAL    RECORD    YEAR
 MAXIMUM TEMPERATURE (F)   58        81      1931
 MINIMUM TEMPERATURE (F)   37        19      1957
                                             1939


SUNRISE AND SUNSET
APRIL 11 2014.........SUNRISE   629 AM CDT   SUNSET   744 PM CDT
APRIL 12 2014.........SUNRISE   627 AM CDT   SUNSET   745 PM CDT


-  INDICATES NEGATIVE NUMBERS.
R  INDICATES RECORD WAS SET OR TIED.
MM INDICATES DATA IS MISSING.
T  INDICATES TRACE AMOUNT.




$$
