000
CDUS43 KARX 270704
CLILSE


CLIMATE REPORT
NATIONAL WEATHER SERVICE LA CROSSE WI
200 AM CDT SUN JUL 27 2014

...THE LA CROSSE WI CLIMATE SUMMARY FOR JULY 26 2014...

CLIMATE NORMAL PERIOD 1981 TO 2010
CLIMATE RECORD PERIOD 1873 TO 2014

WEATHER ITEM   OBSERVED TIME   RECORD YEAR NORMAL DEPARTURE LAST
                VALUE   (LST)  VALUE       VALUE  FROM      YEAR
                                                  NORMAL
..................................................................
TEMPERATURE (F)
 YESTERDAY
  MAXIMUM         83    626 PM 101    1955  84     -1       79
  MINIMUM         68   1258 AM  48    1911  63      5       58
  AVERAGE         76                        73      3       69

PRECIPITATION (IN)
  YESTERDAY        0.17          2.20 1901   0.14   0.03      T
  MONTH TO DATE    4.43                      3.58   0.85     1.33
  SINCE JUN 1     11.13                      7.92   3.21     7.15
  SINCE JAN 1     24.29                     18.99   5.30    26.08

SNOWFALL (IN)
  YESTERDAY        0.0           0.0  2002   0.0    0.0      0.0
                                      2001
  MONTH TO DATE    0.0                       0.0    0.0       T
  SINCE JUL 1      0.0                       0.0    0.0       T
  SNOW DEPTH       0

DEGREE DAYS
 HEATING
  YESTERDAY        0                         0      0        0
  MONTH TO DATE    3                         0      3        0
  SINCE JUL 1      3                         0      3        0

 COOLING
  YESTERDAY       11                         9      2        4
  MONTH TO DATE  176                       233    -57      298
  SINCE JAN 1    457                       447     10      512
..................................................................

WIND (MPH)
  HIGHEST WIND SPEED    24   HIGHEST WIND DIRECTION     W (270)
  HIGHEST GUST SPEED    32   HIGHEST GUST DIRECTION     W (280)
  AVERAGE WIND SPEED     6.3

SKY COVER
  POSSIBLE SUNSHINE  MM
  AVERAGE SKY COVER 0.5

WEATHER CONDITIONS
 THE FOLLOWING WEATHER WAS RECORDED YESTERDAY.
  THUNDERSTORM
  HEAVY RAIN
  LIGHT RAIN
  FOG

RELATIVE HUMIDITY (PERCENT)
 HIGHEST    84           200 AM
 LOWEST     62           700 PM
 AVERAGE    73
..........................................................

THE LA CROSSE WI CLIMATE NORMALS FOR TODAY
                         NORMAL    RECORD    YEAR
 MAXIMUM TEMPERATURE (F)   84       100      1931
                                             1894
 MINIMUM TEMPERATURE (F)   63        48      1891

SUNRISE AND SUNSET
JULY 27 2014..........SUNRISE   548 AM CDT   SUNSET   834 PM CDT
JULY 28 2014..........SUNRISE   549 AM CDT   SUNSET   833 PM CDT

-  INDICATES NEGATIVE NUMBERS.
R  INDICATES RECORD WAS SET OR TIED.
MM INDICATES DATA IS MISSING.
T  INDICATES TRACE AMOUNT.

$$

BOYNE
