156
CDUS43 KARX 140651
CLILSE


CLIMATE REPORT
NATIONAL WEATHER SERVICE LA CROSSE WI
1250 AM CST SUN FEB 14 2016


...................................

...THE LA CROSSE WI CLIMATE SUMMARY FOR FEBRUARY 13 2016...

CLIMATE NORMAL PERIOD 1981 TO 2010
CLIMATE RECORD PERIOD 1873 TO 2016


WEATHER ITEM   OBSERVED TIME   RECORD YEAR NORMAL DEPARTURE LAST
                VALUE   (LST)  VALUE       VALUE  FROM      YEAR
                                                  NORMAL
..................................................................
TEMPERATURE (F)
 YESTERDAY
  MAXIMUM         14    426 PM  53    1921  31    -17       30
  MINIMUM         -8    631 AM -21    1965  13    -21       -2
                                      1905
  AVERAGE          3                        22    -19       14

PRECIPITATION (IN)
  YESTERDAY        0.00          0.55 1950   0.04  -0.04      T
  MONTH TO DATE    0.69                      0.45   0.24     0.45
  SINCE DEC 1      6.49                      2.93   3.56     2.22
  SINCE JAN 1      1.56                      1.57  -0.01     1.12

SNOWFALL (IN)
  YESTERDAY        0.0           4.8  1950   0.2   -0.2       T
  MONTH TO DATE   10.0                       4.0    6.0      7.7
  SINCE JUL 1     26.6                      30.3   -3.7     26.9
  SNOW DEPTH       6

DEGREE DAYS
 HEATING
  YESTERDAY       62                        43     19       51
  MONTH TO DATE  623                       585     38      636
  SINCE JUL 1   4062                      4904   -842     4743

 COOLING
  YESTERDAY        0                         0      0        0
  MONTH TO DATE    0                         0      0        0
  SINCE JAN 1      0                         0      0        0
..................................................................


WIND (MPH)
  HIGHEST WIND SPEED     9   HIGHEST WIND DIRECTION     N (340)
  HIGHEST GUST SPEED    10   HIGHEST GUST DIRECTION    NW (330)
  AVERAGE WIND SPEED     4.0


SKY COVER
  POSSIBLE SUNSHINE  MM
  AVERAGE SKY COVER 0.0


WEATHER CONDITIONS
 THE FOLLOWING WEATHER WAS RECORDED YESTERDAY.
  NO SIGNIFICANT WEATHER WAS OBSERVED.


RELATIVE HUMIDITY (PERCENT)
 HIGHEST    65           700 AM
 LOWEST     36           400 PM
 AVERAGE    51

..........................................................


THE LA CROSSE WI CLIMATE NORMALS FOR TODAY
                         NORMAL    RECORD    YEAR
 MAXIMUM TEMPERATURE (F)   31        56      1954
                                             1934
 MINIMUM TEMPERATURE (F)   13       -17      1951


SUNRISE AND SUNSET
FEBRUARY 14 2016......SUNRISE   706 AM CST   SUNSET   533 PM CST
FEBRUARY 15 2016......SUNRISE   705 AM CST   SUNSET   534 PM CST


-  INDICATES NEGATIVE NUMBERS.
R  INDICATES RECORD WAS SET OR TIED.
MM INDICATES DATA IS MISSING.
T  INDICATES TRACE AMOUNT.




$$
