701
CDUS43 KARX 160652
CLILSE


CLIMATE REPORT
NATIONAL WEATHER SERVICE LA CROSSE WI
152 AM CDT WED AUG 16 2017


...................................

...THE LA CROSSE WI CLIMATE SUMMARY FOR AUGUST 15 2017...

CLIMATE NORMAL PERIOD 1981 TO 2010
CLIMATE RECORD PERIOD 1873 TO 2017


WEATHER ITEM   OBSERVED TIME   RECORD YEAR NORMAL DEPARTURE LAST
                VALUE   (LST)  VALUE       VALUE  FROM      YEAR
                                                  NORMAL
..................................................................
TEMPERATURE (F)
 YESTERDAY
  MAXIMUM         79    341 PM 100    1936  82     -3       83
  MINIMUM         63    715 AM  43    1979  62      1       59
  AVERAGE         71                        72     -1       71

PRECIPITATION (IN)
  YESTERDAY        0.00          1.56 1898   0.14  -0.14     0.00
  MONTH TO DATE    0.51                      2.15  -1.64     2.88
  SINCE JUN 1     13.52                     10.75   2.77    14.76
  SINCE JAN 1     31.21                     21.82   9.39    25.24

SNOWFALL (IN)
  YESTERDAY        0.0           0.0  2002   0.0    0.0      0.0
                                      2001
  MONTH TO DATE    0.0                       0.0    0.0      0.0
  SINCE JUL 1      0.0                       0.0    0.0      0.0
  SNOW DEPTH       0

DEGREE DAYS
 HEATING
  YESTERDAY        0                         0      0        0
  MONTH TO DATE    0                         0      0        0
  SINCE JUL 1      0                         5     -5        0

 COOLING
  YESTERDAY        6                         7     -1        6
  MONTH TO DATE   98                       116    -18      172
  SINCE JAN 1    721                       603    118      788
..................................................................


WIND (MPH)
  HIGHEST WIND SPEED    13   HIGHEST WIND DIRECTION     E (70)
  HIGHEST GUST SPEED    15   HIGHEST GUST DIRECTION     E (90)
  AVERAGE WIND SPEED     6.1


SKY COVER
  POSSIBLE SUNSHINE  MM
  AVERAGE SKY COVER 0.5


WEATHER CONDITIONS
 THE FOLLOWING WEATHER WAS RECORDED YESTERDAY.
  NO SIGNIFICANT WEATHER WAS OBSERVED.


RELATIVE HUMIDITY (PERCENT)
 HIGHEST    93          1200 AM
 LOWEST     54           200 PM
 AVERAGE    74

..........................................................


THE LA CROSSE WI CLIMATE NORMALS FOR TODAY
                         NORMAL    RECORD    YEAR
 MAXIMUM TEMPERATURE (F)   82       101      1988
 MINIMUM TEMPERATURE (F)   62        44      1976


SUNRISE AND SUNSET
AUGUST 16 2017........SUNRISE   611 AM CDT   SUNSET   807 PM CDT
AUGUST 17 2017........SUNRISE   612 AM CDT   SUNSET   805 PM CDT


-  INDICATES NEGATIVE NUMBERS.
R  INDICATES RECORD WAS SET OR TIED.
MM INDICATES DATA IS MISSING.
T  INDICATES TRACE AMOUNT.




$$
