000
CDUS43 KARX 162132
CLILSE


CLIMATE REPORT
NATIONAL WEATHER SERVICE LA CROSSE WI
431 PM CDT TUE SEP 16 2014


...................................

...THE LA CROSSE WI CLIMATE SUMMARY FOR SEPTEMBER 16 2014...
VALID TODAY AS OF 0400 PM LOCAL TIME.

CLIMATE NORMAL PERIOD 1981 TO 2010
CLIMATE RECORD PERIOD 1873 TO 2014


WEATHER ITEM   OBSERVED TIME   RECORD YEAR NORMAL DEPARTURE LAST
                VALUE   (LST)  VALUE       VALUE  FROM      YEAR
                                                  NORMAL
..................................................................
TEMPERATURE (F)
 TODAY
  MAXIMUM         69    258 PM  94    1931  73     -4       68
  MINIMUM         44    647 AM  34    1916  52     -8       49
  AVERAGE         57                        63     -6       59

PRECIPITATION (IN)
  TODAY            0.00          2.85 1992   0.11  -0.11     0.00
  MONTH TO DATE    1.96                      1.96   0.00     0.81
  SINCE SEP 1      1.96                      1.96   0.00     0.81
  SINCE JAN 1     31.44                     25.92   5.52    27.96

SNOWFALL (IN)
  TODAY            0.0           0.0  2002   0.0    0.0      0.0
                                      2001
  MONTH TO DATE    0.0                       0.0    0.0      0.0
  SINCE JUL 1      0.0                       0.0    0.0       T
  SNOW DEPTH       0

DEGREE DAYS
 HEATING
  TODAY            8                         4      4        6
  MONTH TO DATE   77                        42     35       25
  SINCE JUL 1     80                        62     18       39

 COOLING
  TODAY            0                         2     -2        0
  MONTH TO DATE   45                        56    -11      103
  SINCE JAN 1    793                       756     37      888
..................................................................


WIND (MPH)
  HIGHEST WIND SPEED    12   HIGHEST WIND DIRECTION    SW (230)
  HIGHEST GUST SPEED    16   HIGHEST GUST DIRECTION     W (270)
  AVERAGE WIND SPEED     6.0


SKY COVER
  POSSIBLE SUNSHINE  MM
  AVERAGE SKY COVER 0.4


WEATHER CONDITIONS
 THE FOLLOWING WEATHER WAS RECORDED TODAY.
  FOG
  FOG W/VISIBILITY <= 1/4 MILE


RELATIVE HUMIDITY (PERCENT)
 HIGHEST   100           500 AM
 LOWEST     39           300 PM
 AVERAGE    70

..........................................................


THE LA CROSSE WI CLIMATE NORMALS FOR TOMORROW
                         NORMAL    RECORD    YEAR
 MAXIMUM TEMPERATURE (F)   73        93      1988
                                             1955
 MINIMUM TEMPERATURE (F)   52        33      1916


SUNRISE AND SUNSET
SEPTEMBER 16 2014.....SUNRISE   645 AM CDT   SUNSET   713 PM CDT
SEPTEMBER 17 2014.....SUNRISE   646 AM CDT   SUNSET   712 PM CDT


-  INDICATES NEGATIVE NUMBERS.
R  INDICATES RECORD WAS SET OR TIED.
MM INDICATES DATA IS MISSING.
T  INDICATES TRACE AMOUNT.




$$
