000
CDUS43 KARX 080637
CLILSE


CLIMATE REPORT
NATIONAL WEATHER SERVICE LA CROSSE WI
1237 AM CST WED NOV 8 2017


...................................

...THE LA CROSSE WI CLIMATE SUMMARY FOR NOVEMBER 7 2017...

CLIMATE NORMAL PERIOD 1981 TO 2010
CLIMATE RECORD PERIOD 1873 TO 2017


WEATHER ITEM   OBSERVED TIME   RECORD YEAR NORMAL DEPARTURE LAST
                VALUE   (LST)  VALUE       VALUE  FROM      YEAR
                                                  NORMAL
..................................................................
TEMPERATURE (F)
 YESTERDAY
  MAXIMUM         42    236 PM  76    1949  49     -7       64
  MINIMUM         27   1159 PM  -3    1991  33     -6       44
  AVERAGE         35                        41     -6       54

PRECIPITATION (IN)
  YESTERDAY        0.00          0.87 1943   0.06  -0.06     0.00
  MONTH TO DATE    0.21                      0.46  -0.25     0.00
  SINCE SEP 1      7.17                      6.19   0.98    12.69
  SINCE JAN 1     38.93                     30.15   8.78    41.41

SNOWFALL (IN)
  YESTERDAY        0.0           7.4  1938   0.0    0.0      0.0
  MONTH TO DATE    T                         0.3   -0.3      0.0
  SINCE JUL 1      T                         0.5   -0.5      0.0
  SNOW DEPTH       0

DEGREE DAYS
 HEATING
  YESTERDAY       30                        24      6       11
  MONTH TO DATE  194                       159     35       62
  SINCE JUL 1    586                       787   -201      365

 COOLING
  YESTERDAY        0                         0      0        0
  MONTH TO DATE    0                         0      0        0
  SINCE JAN 1   1001                       782    219     1033
..................................................................


WIND (MPH)
  HIGHEST WIND SPEED    14   HIGHEST WIND DIRECTION    NW (330)
  HIGHEST GUST SPEED    17   HIGHEST GUST DIRECTION    NW (310)
  AVERAGE WIND SPEED     7.0


SKY COVER
  POSSIBLE SUNSHINE  MM
  AVERAGE SKY COVER 0.3


WEATHER CONDITIONS
 THE FOLLOWING WEATHER WAS RECORDED YESTERDAY.
  NO SIGNIFICANT WEATHER WAS OBSERVED.


RELATIVE HUMIDITY (PERCENT)
 HIGHEST    84          1100 PM
 LOWEST     45           200 PM
 AVERAGE    65

..........................................................


THE LA CROSSE WI CLIMATE NORMALS FOR TODAY
                         NORMAL    RECORD    YEAR
 MAXIMUM TEMPERATURE (F)   48        74      1999
 MINIMUM TEMPERATURE (F)   32         5      1991


SUNRISE AND SUNSET
NOVEMBER  8 2017......SUNRISE   651 AM CST   SUNSET   446 PM CST
NOVEMBER  9 2017......SUNRISE   652 AM CST   SUNSET   445 PM CST


-  INDICATES NEGATIVE NUMBERS.
R  INDICATES RECORD WAS SET OR TIED.
MM INDICATES DATA IS MISSING.
T  INDICATES TRACE AMOUNT.




$$
