116
CDUS43 KARX 122231
CLILSE


CLIMATE REPORT
NATIONAL WEATHER SERVICE LA CROSSE WI
428 PM CST FRI JAN 12 2018


...................................

...THE LA CROSSE WI CLIMATE SUMMARY FOR JANUARY 12 2018...
VALID TODAY AS OF 0400 PM LOCAL TIME.

CLIMATE NORMAL PERIOD 1981 TO 2010
CLIMATE RECORD PERIOD 1873 TO 2018


WEATHER ITEM   OBSERVED TIME   RECORD YEAR NORMAL DEPARTURE LAST
                VALUE   (LST)  VALUE       VALUE  FROM      YEAR
                                                  NORMAL
..................................................................
TEMPERATURE (F)
 TODAY
  MAXIMUM         11    140 PM  50    1928  25    -14       19
  MINIMUM          2    928 AM -34    1912   9     -7        4
  AVERAGE          7                        17    -10       12

PRECIPITATION (IN)
  TODAY            0.00          0.73 1993   0.03  -0.03     0.00
  MONTH TO DATE    0.25                      0.41  -0.16     1.15
  SINCE DEC 1      0.78                      1.77  -0.99     3.34
  SINCE JAN 1      0.25                      0.41  -0.16     1.15

SNOWFALL (IN)
  TODAY            0.0           7.2  1993   0.3   -0.3      0.0
  MONTH TO DATE    1.3                       3.5   -2.2      4.6
  SINCE JUL 1      5.7                      19.1  -13.4     25.4
  SNOW DEPTH       1

DEGREE DAYS
 HEATING
  TODAY           58                        48     10       53
  MONTH TO DATE  618                       572     46      594
  SINCE JUL 1   3182                      3416   -234     2729

 COOLING
  TODAY            0                         0      0        0
  MONTH TO DATE    0                         0      0        0
  SINCE JAN 1      0                         0      0        0
..................................................................


WIND (MPH)
  HIGHEST WIND SPEED    22   HIGHEST WIND DIRECTION    NW (330)
  HIGHEST GUST SPEED    32   HIGHEST GUST DIRECTION    NW (330)
  AVERAGE WIND SPEED    15.5


SKY COVER
  POSSIBLE SUNSHINE  MM
  AVERAGE SKY COVER 0.6


WEATHER CONDITIONS
 THE FOLLOWING WEATHER WAS RECORDED TODAY.
  NO SIGNIFICANT WEATHER WAS OBSERVED.


RELATIVE HUMIDITY (PERCENT)
 HIGHEST    79           600 AM
 LOWEST     55           400 PM
 AVERAGE    67

..........................................................


THE LA CROSSE WI CLIMATE NORMALS FOR TOMORROW
                         NORMAL    RECORD    YEAR
 MAXIMUM TEMPERATURE (F)   25        50      1894
 MINIMUM TEMPERATURE (F)    9       -28      1965


SUNRISE AND SUNSET
JANUARY 12 2018.......SUNRISE   737 AM CST   SUNSET   450 PM CST
JANUARY 13 2018.......SUNRISE   737 AM CST   SUNSET   451 PM CST


-  INDICATES NEGATIVE NUMBERS.
R  INDICATES RECORD WAS SET OR TIED.
MM INDICATES DATA IS MISSING.
T  INDICATES TRACE AMOUNT.




$$
