000
CDUS43 KARX 030639
CLILSE


CLIMATE REPORT
NATIONAL WEATHER SERVICE LA CROSSE WI
139 AM CDT FRI JUL 3 2015


...................................

...THE LA CROSSE WI CLIMATE SUMMARY FOR JULY 2 2015...

CLIMATE NORMAL PERIOD 1981 TO 2010
CLIMATE RECORD PERIOD 1873 TO 2015


WEATHER ITEM   OBSERVED TIME   RECORD YEAR NORMAL DEPARTURE LAST
                VALUE   (LST)  VALUE       VALUE  FROM      YEAR
                                                  NORMAL
..................................................................
TEMPERATURE (F)
 YESTERDAY
  MAXIMUM         77    413 PM 103    1911  84     -7       74
  MINIMUM         51    452 AM  47    1924  63    -12       53
  AVERAGE         64                        73     -9       64

PRECIPITATION (IN)
  YESTERDAY        0.00          2.05 1928   0.14  -0.14      T
  MONTH TO DATE    0.00                      0.27  -0.27     0.10
  SINCE JUN 1      3.70                      4.61  -0.91     6.80
  SINCE JAN 1     16.29                     15.68   0.61    19.96

SNOWFALL (IN)
  YESTERDAY        0.0           0.0  2002   0.0    0.0      0.0
                                      2001
  MONTH TO DATE    0.0                       0.0    0.0      0.0
  SINCE JUL 1      0.0                       0.0    0.0      0.0
  SNOW DEPTH       0

DEGREE DAYS
 HEATING
  YESTERDAY        1                         0      1        1
  MONTH TO DATE    3                         0      3        1
  SINCE JUL 1      3                         0      3        1

 COOLING
  YESTERDAY        0                         9     -9        0
  MONTH TO DATE    0                        17    -17        6
  SINCE JAN 1    232                       231      1      287
..................................................................


WIND (MPH)
  HIGHEST WIND SPEED    10   HIGHEST WIND DIRECTION     E (80)
  HIGHEST GUST SPEED    14   HIGHEST GUST DIRECTION     E (100)
  AVERAGE WIND SPEED     4.8


SKY COVER
  POSSIBLE SUNSHINE  MM
  AVERAGE SKY COVER 0.0


WEATHER CONDITIONS
 THE FOLLOWING WEATHER WAS RECORDED YESTERDAY.
  FOG
  FOG W/VISIBILITY <= 1/4 MILE


RELATIVE HUMIDITY (PERCENT)
 HIGHEST   100           400 AM
 LOWEST     43           400 PM
 AVERAGE    72

..........................................................


THE LA CROSSE WI CLIMATE NORMALS FOR TODAY
                         NORMAL    RECORD    YEAR
 MAXIMUM TEMPERATURE (F)   84       100      1990
 MINIMUM TEMPERATURE (F)   63        49      1968


SUNRISE AND SUNSET
JULY  3 2015..........SUNRISE   527 AM CDT   SUNSET   851 PM CDT
JULY  4 2015..........SUNRISE   528 AM CDT   SUNSET   850 PM CDT


-  INDICATES NEGATIVE NUMBERS.
R  INDICATES RECORD WAS SET OR TIED.
MM INDICATES DATA IS MISSING.
T  INDICATES TRACE AMOUNT.




$$
