623
CDUS43 KARX 190653
CLILSE


CLIMATE REPORT
NATIONAL WEATHER SERVICE LA CROSSE WI
152 AM CDT MON JUN 19 2017


...................................

...THE LA CROSSE WI CLIMATE SUMMARY FOR JUNE 18 2017...

CLIMATE NORMAL PERIOD 1981 TO 2010
CLIMATE RECORD PERIOD 1873 TO 2017


WEATHER ITEM   OBSERVED TIME   RECORD YEAR NORMAL DEPARTURE LAST
                VALUE   (LST)  VALUE       VALUE  FROM      YEAR
                                                  NORMAL
..................................................................
TEMPERATURE (F)
 YESTERDAY
  MAXIMUM         77    123 PM  96    1995  81     -4       87
                                      1988
  MINIMUM         61   1144 PM  40    1876  60      1       66
  AVERAGE         69                        70     -1       77

PRECIPITATION (IN)
  YESTERDAY        0.18          4.50 2011   0.14   0.04     0.00
  MONTH TO DATE    2.41                      2.57  -0.16     5.30
  SINCE JUN 1      2.41                      2.57  -0.16     5.30
  SINCE JAN 1     20.10                     13.64   6.46    15.78

SNOWFALL (IN)
  YESTERDAY        0.0           0.0  2002   0.0    0.0      0.0
                                      2001
  MONTH TO DATE    0.0                       0.0    0.0      0.0
  SINCE JUL 1     42.2                      43.3   -1.1     40.3
  SNOW DEPTH       0

DEGREE DAYS
 HEATING
  YESTERDAY        0                         1     -1        0
  MONTH TO DATE    2                        32    -30        4
  SINCE JUL 1   5768                      7189  -1421     5953

 COOLING
  YESTERDAY        4                         6     -2       12
  MONTH TO DATE  185                        77    108      119
  SINCE JAN 1    222                       125     97      205
..................................................................


WIND (MPH)
  HIGHEST WIND SPEED    22   HIGHEST WIND DIRECTION    NW (320)
  HIGHEST GUST SPEED    27   HIGHEST GUST DIRECTION     W (280)
  AVERAGE WIND SPEED    12.1


SKY COVER
  POSSIBLE SUNSHINE  MM
  AVERAGE SKY COVER 0.8


WEATHER CONDITIONS
 THE FOLLOWING WEATHER WAS RECORDED YESTERDAY.
  HEAVY RAIN
  LIGHT RAIN
  FOG


RELATIVE HUMIDITY (PERCENT)
 HIGHEST    90           400 AM
 LOWEST     49           300 PM
 AVERAGE    70

..........................................................


THE LA CROSSE WI CLIMATE NORMALS FOR TODAY
                         NORMAL    RECORD    YEAR
 MAXIMUM TEMPERATURE (F)   81        98      1953
 MINIMUM TEMPERATURE (F)   60        43      1982


SUNRISE AND SUNSET
JUNE 19 2017..........SUNRISE   522 AM CDT   SUNSET   851 PM CDT
JUNE 20 2017..........SUNRISE   523 AM CDT   SUNSET   851 PM CDT


-  INDICATES NEGATIVE NUMBERS.
R  INDICATES RECORD WAS SET OR TIED.
MM INDICATES DATA IS MISSING.
T  INDICATES TRACE AMOUNT.




$$
