000
CDUS43 KARX 260638
CLILSE


CLIMATE REPORT
NATIONAL WEATHER SERVICE LA CROSSE WI
1237 AM CST MON JAN 26 2015


...................................

...THE LA CROSSE WI CLIMATE SUMMARY FOR JANUARY 25 2015...

CLIMATE NORMAL PERIOD 1981 TO 2010
CLIMATE RECORD PERIOD 1873 TO 2015


WEATHER ITEM   OBSERVED TIME   RECORD YEAR NORMAL DEPARTURE LAST
                VALUE   (LST)  VALUE       VALUE  FROM      YEAR
                                                  NORMAL
..................................................................
TEMPERATURE (F)
 YESTERDAY
  MAXIMUM         37    249 AM  57    1981  26     11       33
  MINIMUM         20   1158 PM -27    1904   9     11        4
  AVERAGE         29                        18     11       19

PRECIPITATION (IN)
  YESTERDAY        T             0.46 1950   0.04  -0.04     0.03
  MONTH TO DATE    0.58                      0.90  -0.32     0.75
  SINCE DEC 1      1.68                      2.26  -0.58     2.27
  SINCE JAN 1      0.58                      0.90  -0.32     0.75

SNOWFALL (IN)
  YESTERDAY        T             5.8  1996   0.4   -0.4      0.3
  MONTH TO DATE    8.1                       8.4   -0.3     11.8
  SINCE JUL 1     17.9                      24.0   -6.1     25.5
  SNOW DEPTH       2

DEGREE DAYS
 HEATING
  YESTERDAY       36                        47    -11       46
  MONTH TO DATE 1144                      1195    -51     1355
  SINCE JUL 1   3883                      4039   -156     4283

 COOLING
  YESTERDAY        0                         0      0        0
  MONTH TO DATE    0                         0      0        0
  SINCE JAN 1      0                         0      0        0
..................................................................


WIND (MPH)
  HIGHEST WIND SPEED    18   HIGHEST WIND DIRECTION    NE (60)
  HIGHEST GUST SPEED    24   HIGHEST GUST DIRECTION    NE (60)
  AVERAGE WIND SPEED     7.4


SKY COVER
  POSSIBLE SUNSHINE  MM
  AVERAGE SKY COVER 0.7


WEATHER CONDITIONS
 THE FOLLOWING WEATHER WAS RECORDED YESTERDAY.
  LIGHT SNOW


RELATIVE HUMIDITY (PERCENT)
 HIGHEST    82           300 AM
 LOWEST     53          1200 PM
 AVERAGE    68

..........................................................


THE LA CROSSE WI CLIMATE NORMALS FOR TODAY
                         NORMAL    RECORD    YEAR
 MAXIMUM TEMPERATURE (F)   27        54      2002
 MINIMUM TEMPERATURE (F)    9       -25      1963


SUNRISE AND SUNSET
JANUARY 26 2015.......SUNRISE   728 AM CST   SUNSET   507 PM CST
JANUARY 27 2015.......SUNRISE   727 AM CST   SUNSET   509 PM CST


-  INDICATES NEGATIVE NUMBERS.
R  INDICATES RECORD WAS SET OR TIED.
MM INDICATES DATA IS MISSING.
T  INDICATES TRACE AMOUNT.




$$
