000
CDUS43 KARX 130645
CLILSE


CLIMATE REPORT
NATIONAL WEATHER SERVICE LA CROSSE WI
144 AM CDT FRI MAY 13 2016


...................................

...THE LA CROSSE WI CLIMATE SUMMARY FOR MAY 12 2016...

CLIMATE NORMAL PERIOD 1981 TO 2010
CLIMATE RECORD PERIOD 1873 TO 2016


WEATHER ITEM   OBSERVED TIME   RECORD YEAR NORMAL DEPARTURE LAST
                VALUE   (LST)  VALUE       VALUE  FROM      YEAR
                                                  NORMAL
..................................................................
TEMPERATURE (F)
 YESTERDAY
  MAXIMUM         64   1103 AM  90    1940  70     -6       56
  MINIMUM         53    346 AM  31    1967  48      5       41
  AVERAGE         59                        58      1       49

PRECIPITATION (IN)
  YESTERDAY        T             0.95 1970   0.10  -0.10     0.01
  MONTH TO DATE    1.17                      1.34  -0.17     1.32
  SINCE MAR 1      5.86                      6.72  -0.86     6.29
  SINCE JAN 1      7.51                      8.89  -1.38     7.50

SNOWFALL (IN)
  YESTERDAY        0.0           0.0  2002   0.0    0.0      0.0
                                      2001
  MONTH TO DATE    0.0                       0.1   -0.1      0.0
  SINCE JUL 1     40.3                      43.4   -3.1     38.8
  SNOW DEPTH       0

DEGREE DAYS
 HEATING
  YESTERDAY        6                         7     -1       16
  MONTH TO DATE   99                       105     -6       58
  SINCE JUL 1   5856                      7057  -1201     6965

 COOLING
  YESTERDAY        0                         1     -1        0
  MONTH TO DATE    7                        10     -3       23
  SINCE JAN 1     18                        17      1       24
..................................................................


WIND (MPH)
  HIGHEST WIND SPEED    23   HIGHEST WIND DIRECTION     W (280)
  HIGHEST GUST SPEED    29   HIGHEST GUST DIRECTION     W (280)
  AVERAGE WIND SPEED    10.4


SKY COVER
  POSSIBLE SUNSHINE  MM
  AVERAGE SKY COVER 0.8


WEATHER CONDITIONS
 THE FOLLOWING WEATHER WAS RECORDED YESTERDAY.
  LIGHT RAIN


RELATIVE HUMIDITY (PERCENT)
 HIGHEST    93          1200 AM
 LOWEST     53           300 PM
 AVERAGE    73

..........................................................


THE LA CROSSE WI CLIMATE NORMALS FOR TODAY
                         NORMAL    RECORD    YEAR
 MAXIMUM TEMPERATURE (F)   70        88      1977
                                             1900
 MINIMUM TEMPERATURE (F)   48        30      1997
                                             1953


SUNRISE AND SUNSET
MAY 13 2016...........SUNRISE   541 AM CDT   SUNSET   822 PM CDT
MAY 14 2016...........SUNRISE   540 AM CDT   SUNSET   824 PM CDT


-  INDICATES NEGATIVE NUMBERS.
R  INDICATES RECORD WAS SET OR TIED.
MM INDICATES DATA IS MISSING.
T  INDICATES TRACE AMOUNT.




$$
