000
CDUS43 KARX 150643
CLILSE


CLIMATE REPORT
NATIONAL WEATHER SERVICE LA CROSSE WI
1242 AM CST WED NOV 15 2017


...................................

...THE LA CROSSE WI CLIMATE SUMMARY FOR NOVEMBER 14 2017...

CLIMATE NORMAL PERIOD 1981 TO 2010
CLIMATE RECORD PERIOD 1873 TO 2017


WEATHER ITEM   OBSERVED TIME   RECORD YEAR NORMAL DEPARTURE LAST
                VALUE   (LST)  VALUE       VALUE  FROM      YEAR
                                                  NORMAL
..................................................................
TEMPERATURE (F)
 YESTERDAY
  MAXIMUM         45   1159 PM  71    1990  45      0       60
  MINIMUM         39   1232 AM   1    1916  29     10       39
  AVERAGE         42                        37      5       50

PRECIPITATION (IN)
  YESTERDAY        T             1.02 1902   0.08  -0.08     0.00
  MONTH TO DATE    0.21                      0.95  -0.74      T
  SINCE SEP 1      7.17                      6.68   0.49    12.69
  SINCE JAN 1     38.93                     30.64   8.29    41.41

SNOWFALL (IN)
  YESTERDAY        0.0           0.9  1951   0.1   -0.1      0.0
  MONTH TO DATE    T                         1.0   -1.0      0.0
  SINCE JUL 1      T                         1.2   -1.2      0.0
  SNOW DEPTH       0

DEGREE DAYS
 HEATING
  YESTERDAY       23                        28     -5       15
  MONTH TO DATE  419                       344     75      174
  SINCE JUL 1    811                       972   -161      477

 COOLING
  YESTERDAY        0                         0      0        0
  MONTH TO DATE    0                         0      0        0
  SINCE JAN 1   1001                       782    219     1033
..................................................................


WIND (MPH)
  HIGHEST WIND SPEED    16   HIGHEST WIND DIRECTION     S (170)
  HIGHEST GUST SPEED    20   HIGHEST GUST DIRECTION     S (180)
  AVERAGE WIND SPEED     9.5


SKY COVER
  POSSIBLE SUNSHINE  MM
  AVERAGE SKY COVER 1.0


WEATHER CONDITIONS
 THE FOLLOWING WEATHER WAS RECORDED YESTERDAY.
  LIGHT RAIN
  FOG
  HAZE


RELATIVE HUMIDITY (PERCENT)
 HIGHEST    92          1000 PM
 LOWEST     79          1200 AM
 AVERAGE    86

..........................................................


THE LA CROSSE WI CLIMATE NORMALS FOR TODAY
                         NORMAL    RECORD    YEAR
 MAXIMUM TEMPERATURE (F)   44        70      2001
 MINIMUM TEMPERATURE (F)   29         3      1940
                                             1883


SUNRISE AND SUNSET
NOVEMBER 15 2017......SUNRISE   700 AM CST   SUNSET   439 PM CST
NOVEMBER 16 2017......SUNRISE   701 AM CST   SUNSET   438 PM CST


-  INDICATES NEGATIVE NUMBERS.
R  INDICATES RECORD WAS SET OR TIED.
MM INDICATES DATA IS MISSING.
T  INDICATES TRACE AMOUNT.




$$
