000
CDUS43 KARX 240642
CLILSE


CLIMATE REPORT
NATIONAL WEATHER SERVICE LA CROSSE WI
1241 AM CST SAT JAN 24 2015


...................................

...THE LA CROSSE WI CLIMATE SUMMARY FOR JANUARY 23 2015...

CLIMATE NORMAL PERIOD 1981 TO 2010
CLIMATE RECORD PERIOD 1873 TO 2015


WEATHER ITEM   OBSERVED TIME   RECORD YEAR NORMAL DEPARTURE LAST
                VALUE   (LST)  VALUE       VALUE  FROM      YEAR
                                                  NORMAL
..................................................................
TEMPERATURE (F)
 YESTERDAY
  MAXIMUM         37    431 PM  50    1916  26     11        0
  MINIMUM         27    840 PM -26    1963   9     18      -10
                                      1936
                                      1935
  AVERAGE         32                        17     15       -5

PRECIPITATION (IN)
  YESTERDAY        0.00          0.57 1979   0.04  -0.04     0.00
  MONTH TO DATE    0.58                      0.82  -0.24     0.69
  SINCE DEC 1      1.68                      2.18  -0.50     2.21
  SINCE JAN 1      0.58                      0.82  -0.24     0.69

SNOWFALL (IN)
  YESTERDAY        0.0           5.3  1979   0.4   -0.4      0.0
                                      1965
  MONTH TO DATE    8.1                       7.6    0.5     11.1
  SINCE JUL 1     17.9                      23.2   -5.3     24.8
  SNOW DEPTH       4

DEGREE DAYS
 HEATING
  YESTERDAY       33                        48    -15       70
  MONTH TO DATE 1077                      1100    -23     1257
  SINCE JUL 1   3816                      3944   -128     4185

 COOLING
  YESTERDAY        0                         0      0        0
  MONTH TO DATE    0                         0      0        0
  SINCE JAN 1      0                         0      0        0
..................................................................


WIND (MPH)
  HIGHEST WIND SPEED    18   HIGHEST WIND DIRECTION    SW (210)
  HIGHEST GUST SPEED    24   HIGHEST GUST DIRECTION    SW (210)
  AVERAGE WIND SPEED     8.1


SKY COVER
  POSSIBLE SUNSHINE  MM
  AVERAGE SKY COVER 0.6


WEATHER CONDITIONS
 THE FOLLOWING WEATHER WAS RECORDED YESTERDAY.
  NO SIGNIFICANT WEATHER WAS OBSERVED.


RELATIVE HUMIDITY (PERCENT)
 HIGHEST    92           900 PM
 LOWEST     64          1200 PM
 AVERAGE    78

..........................................................


THE LA CROSSE WI CLIMATE NORMALS FOR TODAY
                         NORMAL    RECORD    YEAR
 MAXIMUM TEMPERATURE (F)   26        54      1981
 MINIMUM TEMPERATURE (F)    9       -26      1936
                                             1904


SUNRISE AND SUNSET
JANUARY 24 2015.......SUNRISE   730 AM CST   SUNSET   505 PM CST
JANUARY 25 2015.......SUNRISE   729 AM CST   SUNSET   506 PM CST


-  INDICATES NEGATIVE NUMBERS.
R  INDICATES RECORD WAS SET OR TIED.
MM INDICATES DATA IS MISSING.
T  INDICATES TRACE AMOUNT.




$$
