202
CDUS43 KARX 180629
CLILSE


CLIMATE REPORT
NATIONAL WEATHER SERVICE LA CROSSE WI
129 AM CDT WED MAY 18 2016


...................................

...THE LA CROSSE WI CLIMATE SUMMARY FOR MAY 17 2016...

CLIMATE NORMAL PERIOD 1981 TO 2010
CLIMATE RECORD PERIOD 1873 TO 2016


WEATHER ITEM   OBSERVED TIME   RECORD YEAR NORMAL DEPARTURE LAST
                VALUE   (LST)  VALUE       VALUE  FROM      YEAR
                                                  NORMAL
..................................................................
TEMPERATURE (F)
 YESTERDAY
  MAXIMUM         66    512 PM  92    1998  71     -5       80
  MINIMUM         41    506 AM  29    1925  49     -8       63
  AVERAGE         54                        60     -6       72

PRECIPITATION (IN)
  YESTERDAY        0.00          2.87 2000   0.11  -0.11     0.12
  MONTH TO DATE    1.44                      1.89  -0.45     1.82
  SINCE MAR 1      6.13                      7.27  -1.14     6.79
  SINCE JAN 1      7.78                      9.44  -1.66     8.00

SNOWFALL (IN)
  YESTERDAY        0.0           0.0  2002   0.0    0.0      0.0
                                      2001
  MONTH TO DATE    0.0                       0.1   -0.1      0.0
  SINCE JUL 1     40.3                      43.4   -3.1     38.8
  SNOW DEPTH       0

DEGREE DAYS
 HEATING
  YESTERDAY       11                         6      5        0
  MONTH TO DATE  173                       139     34       77
  SINCE JUL 1   5930                      7091  -1161     6984

 COOLING
  YESTERDAY        0                         1     -1        7
  MONTH TO DATE    7                        15     -8       35
  SINCE JAN 1     18                        22     -4       36
..................................................................


WIND (MPH)
  HIGHEST WIND SPEED    15   HIGHEST WIND DIRECTION     N (10)
  HIGHEST GUST SPEED    20   HIGHEST GUST DIRECTION    NW (330)
  AVERAGE WIND SPEED     6.9


SKY COVER
  POSSIBLE SUNSHINE  MM
  AVERAGE SKY COVER 0.1


WEATHER CONDITIONS
 THE FOLLOWING WEATHER WAS RECORDED YESTERDAY.
  NO SIGNIFICANT WEATHER WAS OBSERVED.


RELATIVE HUMIDITY (PERCENT)
 HIGHEST    71          1100 PM
 LOWEST     28           200 PM
 AVERAGE    50

..........................................................


THE LA CROSSE WI CLIMATE NORMALS FOR TODAY
                         NORMAL    RECORD    YEAR
 MAXIMUM TEMPERATURE (F)   71        92      1998
                                             1934
 MINIMUM TEMPERATURE (F)   49        35      2002
                                             1915


SUNRISE AND SUNSET
MAY 18 2016...........SUNRISE   536 AM CDT   SUNSET   828 PM CDT
MAY 19 2016...........SUNRISE   535 AM CDT   SUNSET   829 PM CDT


-  INDICATES NEGATIVE NUMBERS.
R  INDICATES RECORD WAS SET OR TIED.
MM INDICATES DATA IS MISSING.
T  INDICATES TRACE AMOUNT.




$$
