000
CDUS43 KARX 250755
CLILSE


CLIMATE REPORT
NATIONAL WEATHER SERVICE LA CROSSE WI
254 AM CDT SAT JUL 25 2015

...THE LA CROSSE WI CLIMATE SUMMARY FOR JULY 24 2015...

CLIMATE NORMAL PERIOD 1981 TO 2010
CLIMATE RECORD PERIOD 1873 TO 2015

WEATHER ITEM   OBSERVED TIME   RECORD YEAR NORMAL DEPARTURE LAST
                VALUE   (LST)  VALUE       VALUE  FROM      YEAR
                                                  NORMAL
..................................................................
TEMPERATURE (F)
 YESTERDAY
  MAXIMUM         84    342 PM 104    1901  84      0       83
  MINIMUM         67    858 AM  51    1911  63      4       60
  AVERAGE         76                        74      2       72

PRECIPITATION (IN)
  YESTERDAY        0.33          1.71 1985   0.13   0.20     0.00
  MONTH TO DATE    2.90                      3.30  -0.40     3.72
  SINCE JUN 1      6.60                      7.64  -1.04    10.42
  SINCE JAN 1     19.19                     18.71   0.48    23.58

SNOWFALL (IN)
  YESTERDAY        0.0           0.0  2002   0.0    0.0      0.0
                                      2001
  MONTH TO DATE    0.0                       0.0    0.0      0.0
  SINCE JUL 1      0.0                       0.0    0.0      0.0
  SNOW DEPTH       0

DEGREE DAYS
 HEATING
  YESTERDAY        0                         0      0        0
  MONTH TO DATE    3                         0      3        3
  SINCE JUL 1      3                         0      3        3

 COOLING
  YESTERDAY       11                         9      2        7
  MONTH TO DATE  168                       215    -47      158
  SINCE JAN 1    400                       429    -29      439
..................................................................

WIND (MPH)
  HIGHEST WIND SPEED    25   HIGHEST WIND DIRECTION     S (160)
  HIGHEST GUST SPEED    34   HIGHEST GUST DIRECTION     S (160)
  AVERAGE WIND SPEED     8.9

SKY COVER
  POSSIBLE SUNSHINE  MM
  AVERAGE SKY COVER 0.3

WEATHER CONDITIONS
 THE FOLLOWING WEATHER WAS RECORDED YESTERDAY.
  THUNDERSTORM
  RAIN
  LIGHT RAIN
  FOG

RELATIVE HUMIDITY (PERCENT)
 HIGHEST    93           900 AM
 LOWEST     55           300 PM
 AVERAGE    74
.........................................................

THE LA CROSSE WI CLIMATE NORMALS FOR TODAY
                         NORMAL    RECORD    YEAR
 MAXIMUM TEMPERATURE (F)   84        98      1874
 MINIMUM TEMPERATURE (F)   63        50      1891

SUNRISE AND SUNSET
JULY 25 2015..........SUNRISE   546 AM CDT   SUNSET   837 PM CDT
JULY 26 2015..........SUNRISE   547 AM CDT   SUNSET   836 PM CDT

-  INDICATES NEGATIVE NUMBERS.
R  INDICATES RECORD WAS SET OR TIED.
MM INDICATES DATA IS MISSING.
T  INDICATES TRACE AMOUNT.

$$

BOYNE
