000
CDUS43 KARX 152138
CLILSE


CLIMATE REPORT
NATIONAL WEATHER SERVICE LA CROSSE WI
437 PM CDT WED OCT 15 2014


...................................

...THE LA CROSSE WI CLIMATE SUMMARY FOR OCTOBER 15 2014...
VALID TODAY AS OF 0400 PM LOCAL TIME.

CLIMATE NORMAL PERIOD 1981 TO 2010
CLIMATE RECORD PERIOD 1873 TO 2014


WEATHER ITEM   OBSERVED TIME   RECORD YEAR NORMAL DEPARTURE LAST
                VALUE   (LST)  VALUE       VALUE  FROM      YEAR
                                                  NORMAL
..................................................................
TEMPERATURE (F)
 TODAY
  MAXIMUM         69    317 PM  85    1958  60      9       62
  MINIMUM         47    731 AM  24    1937  41      6       49
                                      1876
  AVERAGE         58                        50      8       56

PRECIPITATION (IN)
  TODAY            0.00          1.03 1911   0.07  -0.07     0.31
  MONTH TO DATE    3.28                      1.15   2.13     3.59
  SINCE SEP 1      5.90                      4.71   1.19     5.20
  SINCE JAN 1     35.38                     28.67   6.71    32.35

SNOWFALL (IN)
  TODAY            0.0           T    2009   0.0    0.0      0.0
                                      1972
  MONTH TO DATE    0.0                       0.0    0.0      0.0
  SINCE JUL 1      0.0                       0.0    0.0       T
  SNOW DEPTH       0

DEGREE DAYS
 HEATING
  TODAY            7                        15     -8        9
  MONTH TO DATE  201                       184     17       87
  SINCE JUL 1    323                       344    -21      167

 COOLING
  TODAY            0                         0      0        0
  MONTH TO DATE    0                         7     -7        1
  SINCE JAN 1    822                       781     41      917
..................................................................


WIND (MPH)
  HIGHEST WIND SPEED    18   HIGHEST WIND DIRECTION     N (340)
  HIGHEST GUST SPEED    23   HIGHEST GUST DIRECTION     N (350)
  AVERAGE WIND SPEED    11.2


SKY COVER
  POSSIBLE SUNSHINE  MM
  AVERAGE SKY COVER 0.4


WEATHER CONDITIONS
 THE FOLLOWING WEATHER WAS RECORDED TODAY.
  NO SIGNIFICANT WEATHER WAS OBSERVED.


RELATIVE HUMIDITY (PERCENT)
 HIGHEST    68          1200 AM
 LOWEST     39           300 PM
 AVERAGE    54

..........................................................


THE LA CROSSE WI CLIMATE NORMALS FOR TOMORROW
                         NORMAL    RECORD    YEAR
 MAXIMUM TEMPERATURE (F)   60        85      1910
 MINIMUM TEMPERATURE (F)   40        25      2002


SUNRISE AND SUNSET
OCTOBER 15 2014.......SUNRISE   719 AM CDT   SUNSET   621 PM CDT
OCTOBER 16 2014.......SUNRISE   721 AM CDT   SUNSET   620 PM CDT


-  INDICATES NEGATIVE NUMBERS.
R  INDICATES RECORD WAS SET OR TIED.
MM INDICATES DATA IS MISSING.
T  INDICATES TRACE AMOUNT.




$$
