000
CDUS43 KARX 170633
CLILSE


CLIMATE REPORT
NATIONAL WEATHER SERVICE LA CROSSE WI
132 AM CDT MON APR 17 2017


...................................

...THE LA CROSSE WI CLIMATE SUMMARY FOR APRIL 16 2017...

CLIMATE NORMAL PERIOD 1981 TO 2010
CLIMATE RECORD PERIOD 1873 TO 2017


WEATHER ITEM   OBSERVED TIME   RECORD YEAR NORMAL DEPARTURE LAST
                VALUE   (LST)  VALUE       VALUE  FROM      YEAR
                                                  NORMAL
..................................................................
TEMPERATURE (F)
 YESTERDAY
  MAXIMUM         69    243 PM  87    1964  60      9       82
  MINIMUM         50   1030 PM  13    1875  38     12       52
  AVERAGE         60                        49     11       67

PRECIPITATION (IN)
  YESTERDAY        0.00          0.95 1960   0.12  -0.12     0.00
  MONTH TO DATE    2.87                      1.66   1.21     0.21
  SINCE MAR 1      4.63                      3.70   0.93     3.82
  SINCE JAN 1      8.49                      5.87   2.62     5.47

SNOWFALL (IN)
  YESTERDAY        0.0           6.6  1910   0.0    0.0      0.0
  MONTH TO DATE    0.0                       1.2   -1.2      0.6
  SINCE JUL 1     42.2                      42.8   -0.6     40.3
  SNOW DEPTH       0

DEGREE DAYS
 HEATING
  YESTERDAY        5                        16    -11        0
  MONTH TO DATE  191                       314   -123      327
  SINCE JUL 1   5373                      6767  -1394     5626

 COOLING
  YESTERDAY        0                         0      0        2
  MONTH TO DATE    6                         0      6        2
  SINCE JAN 1      6                         0      6        2
..................................................................


WIND (MPH)
  HIGHEST WIND SPEED    25   HIGHEST WIND DIRECTION    NW (300)
  HIGHEST GUST SPEED    31   HIGHEST GUST DIRECTION     W (290)
  AVERAGE WIND SPEED    13.1


SKY COVER
  POSSIBLE SUNSHINE  MM
  AVERAGE SKY COVER 0.1


WEATHER CONDITIONS
 THE FOLLOWING WEATHER WAS RECORDED YESTERDAY.
  FOG


RELATIVE HUMIDITY (PERCENT)
 HIGHEST   100          1200 AM
 LOWEST     24           300 PM
 AVERAGE    62

..........................................................


THE LA CROSSE WI CLIMATE NORMALS FOR TODAY
                         NORMAL    RECORD    YEAR
 MAXIMUM TEMPERATURE (F)   60        83      2016
 MINIMUM TEMPERATURE (F)   39        15      1875


SUNRISE AND SUNSET
APRIL 17 2017.........SUNRISE   618 AM CDT   SUNSET   752 PM CDT
APRIL 18 2017.........SUNRISE   616 AM CDT   SUNSET   753 PM CDT


-  INDICATES NEGATIVE NUMBERS.
R  INDICATES RECORD WAS SET OR TIED.
MM INDICATES DATA IS MISSING.
T  INDICATES TRACE AMOUNT.




$$
