000
CDUS43 KARX 070734
CLILSE


CLIMATE REPORT
NATIONAL WEATHER SERVICE LA CROSSE WI
233 AM CDT MON JUL 7 2014


...................................

...THE LA CROSSE WI CLIMATE SUMMARY FOR JULY 6 2014...

CLIMATE NORMAL PERIOD 1981 TO 2010
CLIMATE RECORD PERIOD 1873 TO 2014


WEATHER ITEM   OBSERVED TIME   RECORD YEAR NORMAL DEPARTURE LAST
                VALUE   (LST)  VALUE       VALUE  FROM      YEAR
                                                  NORMAL
..................................................................
TEMPERATURE (F)
 YESTERDAY
  MAXIMUM         87    443 PM 103    2012  84      3       91
  MINIMUM         68   1128 PM  48    1983  63      5       72
  AVERAGE         78                        74      4       82

PRECIPITATION (IN)
  YESTERDAY        0.08          2.58 1943   0.14  -0.06     0.00
  MONTH TO DATE    0.18                      0.82  -0.64     0.14
  SINCE JUN 1      6.88                      5.16   1.72     5.96
  SINCE JAN 1     20.04                     16.23   3.81    24.89

SNOWFALL (IN)
  YESTERDAY        0.0           0.0  2002   0.0    0.0      0.0
                                      2001
  MONTH TO DATE    0.0                       0.0    0.0      0.0
  SINCE JUL 1      0.0                       0.0    0.0      0.0
  SNOW DEPTH       0

DEGREE DAYS
 HEATING
  YESTERDAY        0                         0      0        0
  MONTH TO DATE    1                         0      1        0
  SINCE JUL 1      1                         0      1        0

 COOLING
  YESTERDAY       13                         9      4       17
  MONTH TO DATE   31                        53    -22       53
  SINCE JAN 1    312                       267     45      267
..................................................................


WIND (MPH)
  HIGHEST WIND SPEED    23   HIGHEST WIND DIRECTION     S (160)
  HIGHEST GUST SPEED    28   HIGHEST GUST DIRECTION     S (180)
  AVERAGE WIND SPEED     6.9


SKY COVER
  POSSIBLE SUNSHINE  MM
  AVERAGE SKY COVER 0.6


WEATHER CONDITIONS
 THE FOLLOWING WEATHER WAS RECORDED YESTERDAY.
  THUNDERSTORM
  LIGHT RAIN
  FOG
  HAZE


RELATIVE HUMIDITY (PERCENT)
 HIGHEST    90           700 AM
 LOWEST     65           500 PM
 AVERAGE    78

..........................................................


THE LA CROSSE WI CLIMATE NORMALS FOR TODAY
                         NORMAL    RECORD    YEAR
 MAXIMUM TEMPERATURE (F)   84       104      1980
                                             1936
 MINIMUM TEMPERATURE (F)   63        46      1997


SUNRISE AND SUNSET
JULY  7 2014..........SUNRISE   530 AM CDT   SUNSET   849 PM CDT
JULY  8 2014..........SUNRISE   531 AM CDT   SUNSET   849 PM CDT


-  INDICATES NEGATIVE NUMBERS.
R  INDICATES RECORD WAS SET OR TIED.
MM INDICATES DATA IS MISSING.
T  INDICATES TRACE AMOUNT.




$$
