864
CDUS43 KARX 190632
CLILSE


CLIMATE REPORT
NATIONAL WEATHER SERVICE LA CROSSE WI
1231 AM CST MON FEB 19 2018


...................................

...THE LA CROSSE WI CLIMATE SUMMARY FOR FEBRUARY 18 2018...

CLIMATE NORMAL PERIOD 1981 TO 2010
CLIMATE RECORD PERIOD 1873 TO 2018


WEATHER ITEM   OBSERVED TIME   RECORD YEAR NORMAL DEPARTURE LAST
                VALUE   (LST)  VALUE       VALUE  FROM      YEAR
                                                  NORMAL
..................................................................
TEMPERATURE (F)
 YESTERDAY
  MAXIMUM         42    452 PM  64    1981  32     10       61
  MINIMUM         14    153 AM -21    2006  15     -1       31
  AVERAGE         28                        24      4       46

PRECIPITATION (IN)
  YESTERDAY        0.00          0.90 1961   0.04  -0.04     0.00
  MONTH TO DATE    0.48                      0.63  -0.15     0.03
  SINCE DEC 1      2.39                      3.11  -0.72     4.91
  SINCE JAN 1      1.86                      1.75   0.11     2.72

SNOWFALL (IN)
  YESTERDAY        0.0           5.6  1962   0.2   -0.2      0.0
  MONTH TO DATE    7.7                       5.4    2.3      0.5
  SINCE JUL 1     22.9                      31.7   -8.8     30.8
  SNOW DEPTH       T

DEGREE DAYS
 HEATING
  YESTERDAY       37                        42     -5       19
  MONTH TO DATE  888                       797     91      637
  SINCE JUL 1   4873                      5116   -243     4034

 COOLING
  YESTERDAY        0                         0      0        0
  MONTH TO DATE    0                         0      0        0
  SINCE JAN 1      0                         0      0        0
..................................................................


WIND (MPH)
  HIGHEST WIND SPEED    29   HIGHEST WIND DIRECTION     S (170)
  HIGHEST GUST SPEED    39   HIGHEST GUST DIRECTION     S (170)
  AVERAGE WIND SPEED    12.0


SKY COVER
  POSSIBLE SUNSHINE  MM
  AVERAGE SKY COVER 0.2


WEATHER CONDITIONS
 THE FOLLOWING WEATHER WAS RECORDED YESTERDAY.
  FOG


RELATIVE HUMIDITY (PERCENT)
 HIGHEST    96           200 AM
 LOWEST     53           400 PM
 AVERAGE    75

..........................................................


THE LA CROSSE WI CLIMATE NORMALS FOR TODAY
                         NORMAL    RECORD    YEAR
 MAXIMUM TEMPERATURE (F)   33        65      2017
 MINIMUM TEMPERATURE (F)   15       -20      1929


SUNRISE AND SUNSET
FEBRUARY 19 2018......SUNRISE   658 AM CST   SUNSET   540 PM CST
FEBRUARY 20 2018......SUNRISE   656 AM CST   SUNSET   542 PM CST


-  INDICATES NEGATIVE NUMBERS.
R  INDICATES RECORD WAS SET OR TIED.
MM INDICATES DATA IS MISSING.
T  INDICATES TRACE AMOUNT.




$$
