000
CDUS43 KARX 250717
CLILSE


CLIMATE REPORT
NATIONAL WEATHER SERVICE LA CROSSE WI
217 AM CDT THU SEP 25 2014


...................................

...THE LA CROSSE WI CLIMATE SUMMARY FOR SEPTEMBER 24 2014...

CLIMATE NORMAL PERIOD 1981 TO 2010
CLIMATE RECORD PERIOD 1873 TO 2014


WEATHER ITEM   OBSERVED TIME   RECORD YEAR NORMAL DEPARTURE LAST
                VALUE   (LST)  VALUE       VALUE  FROM      YEAR
                                                  NORMAL
..................................................................
TEMPERATURE (F)
 YESTERDAY
  MAXIMUM         71    303 PM  92    1891  70      1       77
  MINIMUM         56    618 AM  31    1942  49      7       50
  AVERAGE         64                        59      5       64

PRECIPITATION (IN)
  YESTERDAY        0.04          1.49 1986   0.11  -0.07     0.00
  MONTH TO DATE    2.61                      2.93  -0.32     1.22
  SINCE SEP 1      2.61                      2.93  -0.32     1.22
  SINCE JAN 1     32.09                     26.89   5.20    28.37

SNOWFALL (IN)
  YESTERDAY        0.0           0.0  2002   0.0    0.0      0.0
                                      2001
  MONTH TO DATE    0.0                       0.0    0.0      0.0
  SINCE JUL 1      0.0                       0.0    0.0       T
  SNOW DEPTH       0

DEGREE DAYS
 HEATING
  YESTERDAY        1                         7     -6        1
  MONTH TO DATE  100                        89     11       57
  SINCE JUL 1    103                       109     -6       71

 COOLING
  YESTERDAY        0                         1     -1        0
  MONTH TO DATE   52                        68    -16      123
  SINCE JAN 1    800                       768     32      908
..................................................................


WIND (MPH)
  HIGHEST WIND SPEED    16   HIGHEST WIND DIRECTION     S (180)
  HIGHEST GUST SPEED    22   HIGHEST GUST DIRECTION     S (180)
  AVERAGE WIND SPEED     6.6


SKY COVER
  POSSIBLE SUNSHINE  MM
  AVERAGE SKY COVER 0.5


WEATHER CONDITIONS
 THE FOLLOWING WEATHER WAS RECORDED YESTERDAY.
  LIGHT RAIN


RELATIVE HUMIDITY (PERCENT)
 HIGHEST    90           500 PM
 LOWEST     53           300 PM
 AVERAGE    72

..........................................................


THE LA CROSSE WI CLIMATE NORMALS FOR TODAY
                         NORMAL    RECORD    YEAR
 MAXIMUM TEMPERATURE (F)   69        89      1920
 MINIMUM TEMPERATURE (F)   48        30      1942
                                             1926


SUNRISE AND SUNSET
SEPTEMBER 25 2014.....SUNRISE   656 AM CDT   SUNSET   657 PM CDT
SEPTEMBER 26 2014.....SUNRISE   657 AM CDT   SUNSET   655 PM CDT


-  INDICATES NEGATIVE NUMBERS.
R  INDICATES RECORD WAS SET OR TIED.
MM INDICATES DATA IS MISSING.
T  INDICATES TRACE AMOUNT.




$$
