000
CDUS43 KARX 080654
CLILSE


CLIMATE REPORT
NATIONAL WEATHER SERVICE LA CROSSE WI
1254 AM CST WED FEB 8 2017


...................................

...THE LA CROSSE WI CLIMATE SUMMARY FOR FEBRUARY 7 2017...

CLIMATE NORMAL PERIOD 1981 TO 2010
CLIMATE RECORD PERIOD 1873 TO 2017


WEATHER ITEM   OBSERVED TIME   RECORD YEAR NORMAL DEPARTURE LAST
                VALUE   (LST)  VALUE       VALUE  FROM      YEAR
                                                  NORMAL
..................................................................
TEMPERATURE (F)
 YESTERDAY
  MAXIMUM         39   1212 AM  54    1878  29     10       41
  MINIMUM         23   1159 PM -34    1875  11     12       26
  AVERAGE         31                        20     11       34

PRECIPITATION (IN)
  YESTERDAY        T             0.52 1892   0.03  -0.03      T
  MONTH TO DATE    0.03                      0.24  -0.21     0.63
  SINCE DEC 1      4.91                      2.72   2.19     6.43
  SINCE JAN 1      2.72                      1.36   1.36     1.50

SNOWFALL (IN)
  YESTERDAY        0.0           2.1  1932   0.3   -0.3       T
  MONTH TO DATE    0.5                       2.3   -1.8      8.4
  SINCE JUL 1     30.8                      28.6    2.2     25.0
  SNOW DEPTH       3

DEGREE DAYS
 HEATING
  YESTERDAY       34                        45    -11       31
  MONTH TO DATE  291                       320    -29      287
  SINCE JUL 1   3688                      4639   -951     3726

 COOLING
  YESTERDAY        0                         0      0        0
  MONTH TO DATE    0                         0      0        0
  SINCE JAN 1      0                         0      0        0
..................................................................


WIND (MPH)
  HIGHEST WIND SPEED    25   HIGHEST WIND DIRECTION    NW (310)
  HIGHEST GUST SPEED    31   HIGHEST GUST DIRECTION    NW (310)
  AVERAGE WIND SPEED    11.2


SKY COVER
  POSSIBLE SUNSHINE  MM
  AVERAGE SKY COVER 1.0


WEATHER CONDITIONS
 THE FOLLOWING WEATHER WAS RECORDED YESTERDAY.
  LIGHT RAIN
  FOG
  HAZE


RELATIVE HUMIDITY (PERCENT)
 HIGHEST    92           600 AM
 LOWEST     68           900 PM
 AVERAGE    80

..........................................................


THE LA CROSSE WI CLIMATE NORMALS FOR TODAY
                         NORMAL    RECORD    YEAR
 MAXIMUM TEMPERATURE (F)   29        51      2002
 MINIMUM TEMPERATURE (F)   11       -36      1971


SUNRISE AND SUNSET
FEBRUARY  8 2017......SUNRISE   713 AM CST   SUNSET   526 PM CST
FEBRUARY  9 2017......SUNRISE   712 AM CST   SUNSET   527 PM CST


-  INDICATES NEGATIVE NUMBERS.
R  INDICATES RECORD WAS SET OR TIED.
MM INDICATES DATA IS MISSING.
T  INDICATES TRACE AMOUNT.




$$
