000
CDUS43 KARX 060635
CLILSE


CLIMATE REPORT
NATIONAL WEATHER SERVICE LA CROSSE WI
135 AM CDT SUN JUL 6 2014


...................................

...THE LA CROSSE WI CLIMATE SUMMARY FOR JULY 5 2014...

CLIMATE NORMAL PERIOD 1981 TO 2010
CLIMATE RECORD PERIOD 1873 TO 2014


WEATHER ITEM   OBSERVED TIME   RECORD YEAR NORMAL DEPARTURE LAST
                VALUE   (LST)  VALUE       VALUE  FROM      YEAR
                                                  NORMAL
..................................................................
TEMPERATURE (F)
 YESTERDAY
  MAXIMUM         79    154 PM 101    1874  84     -5       88
  MINIMUM         67    425 AM  47    1972  63      4       65
  AVERAGE         73                        74     -1       77

PRECIPITATION (IN)
  YESTERDAY        0.00          3.27 1934   0.14  -0.14     0.00
  MONTH TO DATE    0.10                      0.68  -0.58     0.14
  SINCE JUN 1      6.80                      5.02   1.78     5.96
  SINCE JAN 1     19.96                     16.09   3.87    24.89

SNOWFALL (IN)
  YESTERDAY        0.0           0.0  2002   0.0    0.0      0.0
                                      2001
  MONTH TO DATE    0.0                       0.0    0.0      0.0
  SINCE JUL 1      0.0                       0.0    0.0      0.0
  SNOW DEPTH       0

DEGREE DAYS
 HEATING
  YESTERDAY        0                         0      0        0
  MONTH TO DATE    1                         0      1        0
  SINCE JUL 1      1                         0      1        0

 COOLING
  YESTERDAY        8                         9     -1       12
  MONTH TO DATE   18                        44    -26       36
  SINCE JAN 1    299                       258     41      250
..................................................................


WIND (MPH)
  HIGHEST WIND SPEED    23   HIGHEST WIND DIRECTION     S (180)
  HIGHEST GUST SPEED    28   HIGHEST GUST DIRECTION     S (170)
  AVERAGE WIND SPEED    12.9


SKY COVER
  POSSIBLE SUNSHINE  MM
  AVERAGE SKY COVER 0.5


WEATHER CONDITIONS
 THE FOLLOWING WEATHER WAS RECORDED YESTERDAY.
  NO SIGNIFICANT WEATHER WAS OBSERVED.


RELATIVE HUMIDITY (PERCENT)
 HIGHEST    81          1000 PM
 LOWEST     53           300 AM
 AVERAGE    67

..........................................................


THE LA CROSSE WI CLIMATE NORMALS FOR TODAY
                         NORMAL    RECORD    YEAR
 MAXIMUM TEMPERATURE (F)   84       103      2012
 MINIMUM TEMPERATURE (F)   63        48      1983


SUNRISE AND SUNSET
JULY  6 2014..........SUNRISE   530 AM CDT   SUNSET   850 PM CDT
JULY  7 2014..........SUNRISE   530 AM CDT   SUNSET   849 PM CDT


-  INDICATES NEGATIVE NUMBERS.
R  INDICATES RECORD WAS SET OR TIED.
MM INDICATES DATA IS MISSING.
T  INDICATES TRACE AMOUNT.




$$
