235
CDUS43 KARX 192144
CLILSE


CLIMATE REPORT
NATIONAL WEATHER SERVICE LA CROSSE WI
442 PM CDT FRI MAY 19 2017


...................................

...THE LA CROSSE WI CLIMATE SUMMARY FOR MAY 19 2017...
VALID TODAY AS OF 0400 PM LOCAL TIME.

CLIMATE NORMAL PERIOD 1981 TO 2010
CLIMATE RECORD PERIOD 1873 TO 2017


WEATHER ITEM   OBSERVED TIME   RECORD YEAR NORMAL DEPARTURE LAST
                VALUE   (LST)  VALUE       VALUE  FROM      YEAR
                                                  NORMAL
..................................................................
TEMPERATURE (F)
 TODAY
  MAXIMUM         55    253 PM  96    1934  72    -17       73
  MINIMUM         44    504 AM  32    1929  50     -6       42
  AVERAGE         50                        61    -11       58

PRECIPITATION (IN)
  TODAY            T             3.06 1912   0.11  -0.11     0.00
  MONTH TO DATE    5.69                      2.11   3.58     1.44
  SINCE MAR 1     12.32                      7.49   4.83     6.13
  SINCE JAN 1     16.18                      9.66   6.52     7.78

SNOWFALL (IN)
  TODAY            0.0           0.0  2002   0.0    0.0      0.0
                                      2001
  MONTH TO DATE    T                         0.1   -0.1      0.0
  SINCE JUL 1     42.2                      43.4   -1.2     40.3
  SNOW DEPTH       0

DEGREE DAYS
 HEATING
  TODAY           15                         6      9        7
  MONTH TO DATE  149                       151     -2      190
  SINCE JUL 1   5703                      7103  -1400     5947

 COOLING
  TODAY            0                         1     -1        0
  MONTH TO DATE   34                        17     17        7
  SINCE JAN 1     40                        24     16       18
..................................................................


WIND (MPH)
  HIGHEST WIND SPEED    18   HIGHEST WIND DIRECTION     E (80)
  HIGHEST GUST SPEED    23   HIGHEST GUST DIRECTION     E (80)
  AVERAGE WIND SPEED    11.5


SKY COVER
  POSSIBLE SUNSHINE  MM
  AVERAGE SKY COVER 0.7


WEATHER CONDITIONS
 THE FOLLOWING WEATHER WAS RECORDED TODAY.
  LIGHT RAIN


RELATIVE HUMIDITY (PERCENT)
 HIGHEST    58           500 AM
 LOWEST     38           200 PM
 AVERAGE    48

..........................................................


THE LA CROSSE WI CLIMATE NORMALS FOR TOMORROW
                         NORMAL    RECORD    YEAR
 MAXIMUM TEMPERATURE (F)   72        94      1934
 MINIMUM TEMPERATURE (F)   50        32      1892


SUNRISE AND SUNSET
MAY 19 2017...........SUNRISE   535 AM CDT   SUNSET   829 PM CDT
MAY 20 2017...........SUNRISE   534 AM CDT   SUNSET   830 PM CDT


-  INDICATES NEGATIVE NUMBERS.
R  INDICATES RECORD WAS SET OR TIED.
MM INDICATES DATA IS MISSING.
T  INDICATES TRACE AMOUNT.




$$
