000
CDUS43 KARX 230641
CLILSE


CLIMATE REPORT
NATIONAL WEATHER SERVICE LA CROSSE WI
141 AM CDT MON MAY 23 2016


...................................

...THE LA CROSSE WI CLIMATE SUMMARY FOR MAY 22 2016...

CLIMATE NORMAL PERIOD 1981 TO 2010
CLIMATE RECORD PERIOD 1873 TO 2016


WEATHER ITEM   OBSERVED TIME   RECORD YEAR NORMAL DEPARTURE LAST
                VALUE   (LST)  VALUE       VALUE  FROM      YEAR
                                                  NORMAL
..................................................................
TEMPERATURE (F)
 YESTERDAY
  MAXIMUM         85    348 PM  98    1925  73     12       77
  MINIMUM         48    421 AM  33    1967  51     -3       43
  AVERAGE         67                        62      5       60

PRECIPITATION (IN)
  YESTERDAY        0.00          1.23 1907   0.12  -0.12     0.00
  MONTH TO DATE    1.44                      2.46  -1.02     1.83
  SINCE MAR 1      6.13                      7.84  -1.71     6.80
  SINCE JAN 1      7.78                     10.01  -2.23     8.01

SNOWFALL (IN)
  YESTERDAY        0.0           0.0  2002   0.0    0.0      0.0
                                      2001
  MONTH TO DATE    0.0                       0.1   -0.1      0.0
  SINCE JUL 1     40.3                      43.4   -3.1     38.8
  SNOW DEPTH       0

DEGREE DAYS
 HEATING
  YESTERDAY        0                         5     -5        5
  MONTH TO DATE  192                       167     25      126
  SINCE JUL 1   5949                      7119  -1170     7033

 COOLING
  YESTERDAY        2                         2      0        0
  MONTH TO DATE    9                        22    -13       35
  SINCE JAN 1     20                        29     -9       36
..................................................................


WIND (MPH)
  HIGHEST WIND SPEED    14   HIGHEST WIND DIRECTION     S (180)
  HIGHEST GUST SPEED    19   HIGHEST GUST DIRECTION     S (170)
  AVERAGE WIND SPEED     4.9


SKY COVER
  POSSIBLE SUNSHINE  MM
  AVERAGE SKY COVER 0.0


WEATHER CONDITIONS
 THE FOLLOWING WEATHER WAS RECORDED YESTERDAY.
  NO SIGNIFICANT WEATHER WAS OBSERVED.


RELATIVE HUMIDITY (PERCENT)
 HIGHEST    86           400 AM
 LOWEST     20           200 PM
 AVERAGE    53

..........................................................


THE LA CROSSE WI CLIMATE NORMALS FOR TODAY
                         NORMAL    RECORD    YEAR
 MAXIMUM TEMPERATURE (F)   73        92      1975
                                             1972
 MINIMUM TEMPERATURE (F)   51        31      1931


SUNRISE AND SUNSET
MAY 23 2016...........SUNRISE   531 AM CDT   SUNSET   833 PM CDT
MAY 24 2016...........SUNRISE   530 AM CDT   SUNSET   834 PM CDT


-  INDICATES NEGATIVE NUMBERS.
R  INDICATES RECORD WAS SET OR TIED.
MM INDICATES DATA IS MISSING.
T  INDICATES TRACE AMOUNT.




$$
