000
CDUS43 KARX 092134
CLILSE


CLIMATE REPORT
NATIONAL WEATHER SERVICE LA CROSSE WI
433 PM CDT WED APR 9 2014


...................................

...THE LA CROSSE WI CLIMATE SUMMARY FOR APRIL 9 2014...
VALID TODAY AS OF 0430 PM LOCAL TIME.

CLIMATE NORMAL PERIOD 1981 TO 2010
CLIMATE RECORD PERIOD 1873 TO 2014


WEATHER ITEM   OBSERVED TIME   RECORD YEAR NORMAL DEPARTURE LAST
                VALUE   (LST)  VALUE       VALUE  FROM      YEAR
                                                  NORMAL
..................................................................
TEMPERATURE (F)
 TODAY
  MAXIMUM         68    329 PM  79    1887  56     12       43
  MINIMUM         29    230 AM  17    1928  35     -6       35
  AVERAGE         49                        46      3       39

PRECIPITATION (IN)
  TODAY            0.00          1.83 2013   0.10  -0.10     1.83
  MONTH TO DATE    0.56                      0.86  -0.30     2.04
  SINCE MAR 1      1.87                      2.90  -1.03     4.16
  SINCE JAN 1      4.23                      5.07  -0.84     6.56

SNOWFALL (IN)
  TODAY            0.0          10.3  1973   0.1   -0.1       T
  MONTH TO DATE    0.6                       0.8   -0.2       T
  SINCE JUL 1     47.2                      42.4    4.8     55.6
  SNOW DEPTH       0

DEGREE DAYS
 HEATING
  TODAY           16                        19     -3       26
  MONTH TO DATE  206                       191     15      230
  SINCE JUL 1   7551                      6644    907     6754

 COOLING
  TODAY            0                         0      0        0
  MONTH TO DATE    0                         0      0        0
  SINCE JAN 1      0                         0      0        0
..................................................................


WIND (MPH)
  HIGHEST WIND SPEED    23   HIGHEST WIND DIRECTION    SW (220)
  HIGHEST GUST SPEED    28   HIGHEST GUST DIRECTION    SW (210)
  AVERAGE WIND SPEED     9.4


SKY COVER
  POSSIBLE SUNSHINE  MM
  AVERAGE SKY COVER 0.1


WEATHER CONDITIONS
 THE FOLLOWING WEATHER WAS RECORDED TODAY.
  NO SIGNIFICANT WEATHER WAS OBSERVED.


RELATIVE HUMIDITY (PERCENT)
 HIGHEST    92           600 AM
 LOWEST     28           300 PM
 AVERAGE    60

..........................................................


THE LA CROSSE WI CLIMATE NORMALS FOR TOMORROW
                         NORMAL    RECORD    YEAR
 MAXIMUM TEMPERATURE (F)   57        91      1930
 MINIMUM TEMPERATURE (F)   36        19      1909


SUNRISE AND SUNSET
APRIL  9 2014.........SUNRISE   632 AM CDT   SUNSET   742 PM CDT
APRIL 10 2014.........SUNRISE   631 AM CDT   SUNSET   743 PM CDT


-  INDICATES NEGATIVE NUMBERS.
R  INDICATES RECORD WAS SET OR TIED.
MM INDICATES DATA IS MISSING.
T  INDICATES TRACE AMOUNT.




$$
