000
CDUS43 KARX 202135
CLILSE


CLIMATE REPORT
NATIONAL WEATHER SERVICE LA CROSSE WI
435 PM CDT SUN AUG 20 2017


...................................

...THE LA CROSSE WI CLIMATE SUMMARY FOR AUGUST 20 2017...
VALID TODAY AS OF 0430 PM LOCAL TIME.

CLIMATE NORMAL PERIOD 1981 TO 2010
CLIMATE RECORD PERIOD 1873 TO 2017


WEATHER ITEM   OBSERVED TIME   RECORD YEAR NORMAL DEPARTURE LAST
                VALUE   (LST)  VALUE       VALUE  FROM      YEAR
                                                  NORMAL
..................................................................
TEMPERATURE (F)
 TODAY
  MAXIMUM         89    249 PM  97    2003  81      8       74
                                      1955
  MINIMUM         64    548 AM  42    1950  61      3       62
  AVERAGE         77                        71      6       68

PRECIPITATION (IN)
  TODAY            0.00          3.03 1939   0.14  -0.14     0.05
  MONTH TO DATE    0.87                      2.87  -2.00     5.39
  SINCE JUN 1     13.88                     11.47   2.41    17.27
  SINCE JAN 1     31.57                     22.54   9.03    27.75

SNOWFALL (IN)
  TODAY            0.0           0.0  2002   0.0    0.0      0.0
                                      2001
  MONTH TO DATE    0.0                       0.0    0.0      0.0
  SINCE JUL 1      0.0                       0.0    0.0      0.0
  SNOW DEPTH       0

DEGREE DAYS
 HEATING
  TODAY            0                         0      0        0
  MONTH TO DATE    0                         0      0        0
  SINCE JUL 1      0                         5     -5        0

 COOLING
  TODAY           12                         7      5        3
  MONTH TO DATE  143                       151     -8      219
  SINCE JAN 1    766                       638    128      835
..................................................................


WIND (MPH)
  HIGHEST WIND SPEED    15   HIGHEST WIND DIRECTION    SW (230)
  HIGHEST GUST SPEED    20   HIGHEST GUST DIRECTION     S (200)
  AVERAGE WIND SPEED     6.8


SKY COVER
  POSSIBLE SUNSHINE  MM
  AVERAGE SKY COVER 0.1


WEATHER CONDITIONS
 THE FOLLOWING WEATHER WAS RECORDED TODAY.
  NO SIGNIFICANT WEATHER WAS OBSERVED.


RELATIVE HUMIDITY (PERCENT)
 HIGHEST    93          1200 AM
 LOWEST     46           200 PM
 AVERAGE    70

..........................................................


THE LA CROSSE WI CLIMATE NORMALS FOR TOMORROW
                         NORMAL    RECORD    YEAR
 MAXIMUM TEMPERATURE (F)   81       103      1955
 MINIMUM TEMPERATURE (F)   61        40      2004


SUNRISE AND SUNSET
AUGUST 20 2017........SUNRISE   615 AM CDT   SUNSET   801 PM CDT
AUGUST 21 2017........SUNRISE   616 AM CDT   SUNSET   759 PM CDT


-  INDICATES NEGATIVE NUMBERS.
R  INDICATES RECORD WAS SET OR TIED.
MM INDICATES DATA IS MISSING.
T  INDICATES TRACE AMOUNT.




$$
