000
CDUS43 KARX 270632
CLILSE


CLIMATE REPORT
NATIONAL WEATHER SERVICE LA CROSSE WI
132 AM CDT SAT AUG 27 2016


...................................

...THE LA CROSSE WI CLIMATE SUMMARY FOR AUGUST 26 2016...

CLIMATE NORMAL PERIOD 1981 TO 2010
CLIMATE RECORD PERIOD 1873 TO 2016


WEATHER ITEM   OBSERVED TIME   RECORD YEAR NORMAL DEPARTURE LAST
                VALUE   (LST)  VALUE       VALUE  FROM      YEAR
                                                  NORMAL
..................................................................
TEMPERATURE (F)
 YESTERDAY
  MAXIMUM         76    336 PM  97    2013  80     -4       76
  MINIMUM         58    359 AM  41    1934  60     -2       52
  AVERAGE         67                        70     -3       64

PRECIPITATION (IN)
  YESTERDAY        0.04          2.16 1959   0.13  -0.09     0.00
  MONTH TO DATE    6.36                      3.64   2.72     1.31
  SINCE JUN 1     18.24                     12.24   6.00     8.63
  SINCE JAN 1     28.72                     23.31   5.41    21.22

SNOWFALL (IN)
  YESTERDAY        0.0           0.0  2002   0.0    0.0      0.0
                                      2000
                                      2001
  MONTH TO DATE    0.0                       0.0    0.0      0.0
  SINCE JUL 1      0.0                       0.0    0.0      0.0
  SNOW DEPTH       0

DEGREE DAYS
 HEATING
  YESTERDAY        0                         1     -1        1
  MONTH TO DATE    0                         6     -6        8
  SINCE JUL 1      0                        11    -11       11

 COOLING
  YESTERDAY        2                         6     -4        0
  MONTH TO DATE  258                       188     70      195
  SINCE JAN 1    874                       675    199      677
..................................................................


WIND (MPH)
  HIGHEST WIND SPEED     9   HIGHEST WIND DIRECTION     N (340)
  HIGHEST GUST SPEED    11   HIGHEST GUST DIRECTION    NW (330)
  AVERAGE WIND SPEED     3.1


SKY COVER
  POSSIBLE SUNSHINE  MM
  AVERAGE SKY COVER 0.2


WEATHER CONDITIONS
 THE FOLLOWING WEATHER WAS RECORDED YESTERDAY.
  LIGHT RAIN
  FOG


RELATIVE HUMIDITY (PERCENT)
 HIGHEST   100           300 AM
 LOWEST     57           100 PM
 AVERAGE    79

..........................................................


THE LA CROSSE WI CLIMATE NORMALS FOR TODAY
                         NORMAL    RECORD    YEAR
 MAXIMUM TEMPERATURE (F)   80        96      2013
 MINIMUM TEMPERATURE (F)   60        42      1915


SUNRISE AND SUNSET
AUGUST 27 2016........SUNRISE   623 AM CDT   SUNSET   748 PM CDT
AUGUST 28 2016........SUNRISE   624 AM CDT   SUNSET   747 PM CDT


-  INDICATES NEGATIVE NUMBERS.
R  INDICATES RECORD WAS SET OR TIED.
MM INDICATES DATA IS MISSING.
T  INDICATES TRACE AMOUNT.




$$
