000
CDUS43 KARX 090630
CLILSE


CLIMATE REPORT
NATIONAL WEATHER SERVICE LA CROSSE WI
129 AM CDT SUN APR 9 2017


...................................

...THE LA CROSSE WI CLIMATE SUMMARY FOR APRIL 8 2017...

CLIMATE NORMAL PERIOD 1981 TO 2010
CLIMATE RECORD PERIOD 1873 TO 2017


WEATHER ITEM   OBSERVED TIME   RECORD YEAR NORMAL DEPARTURE LAST
                VALUE   (LST)  VALUE       VALUE  FROM      YEAR
                                                  NORMAL
..................................................................
TEMPERATURE (F)
 YESTERDAY
  MAXIMUM         77    256 PM  84    1931  56     21       41
  MINIMUM         45    536 AM  11    1972  35     10       26
  AVERAGE         61                        45     16       34

PRECIPITATION (IN)
  YESTERDAY        0.00          1.29 1999   0.11  -0.11      T
  MONTH TO DATE    1.44                      0.76   0.68     0.18
  SINCE MAR 1      3.20                      2.80   0.40     3.79
  SINCE JAN 1      7.06                      4.97   2.09     5.44

SNOWFALL (IN)
  YESTERDAY        0.0           5.7  1973   0.1   -0.1       T
  MONTH TO DATE    0.0                       0.7   -0.7      0.6
  SINCE JUL 1     42.2                      42.3   -0.1     40.3
  SNOW DEPTH       0

DEGREE DAYS
 HEATING
  YESTERDAY        4                        20    -16       31
  MONTH TO DATE  117                       172    -55      205
  SINCE JUL 1   5299                      6625  -1326     5504

 COOLING
  YESTERDAY        0                         0      0        0
  MONTH TO DATE    0                         0      0        0
  SINCE JAN 1      0                         0      0        0
..................................................................


WIND (MPH)
  HIGHEST WIND SPEED    24   HIGHEST WIND DIRECTION     S (170)
  HIGHEST GUST SPEED    29   HIGHEST GUST DIRECTION     S (160)
  AVERAGE WIND SPEED    14.1


SKY COVER
  POSSIBLE SUNSHINE  MM
  AVERAGE SKY COVER 0.0


WEATHER CONDITIONS
 THE FOLLOWING WEATHER WAS RECORDED YESTERDAY.
  NO SIGNIFICANT WEATHER WAS OBSERVED.


RELATIVE HUMIDITY (PERCENT)
 HIGHEST    52          1100 PM
 LOWEST     29          1100 AM
 AVERAGE    41

..........................................................


THE LA CROSSE WI CLIMATE NORMALS FOR TODAY
                         NORMAL    RECORD    YEAR
 MAXIMUM TEMPERATURE (F)   56        79      1887
 MINIMUM TEMPERATURE (F)   35        17      1928


SUNRISE AND SUNSET
APRIL  9 2017.........SUNRISE   632 AM CDT   SUNSET   742 PM CDT
APRIL 10 2017.........SUNRISE   630 AM CDT   SUNSET   743 PM CDT


-  INDICATES NEGATIVE NUMBERS.
R  INDICATES RECORD WAS SET OR TIED.
MM INDICATES DATA IS MISSING.
T  INDICATES TRACE AMOUNT.




$$
