000
CDUS43 KARX 092240
CLILSE


CLIMATE REPORT
NATIONAL WEATHER SERVICE LA CROSSE WI
439 PM CST THU MAR 9 2017


...................................

...THE LA CROSSE WI CLIMATE SUMMARY FOR MARCH 9 2017...
VALID TODAY AS OF 0400 PM LOCAL TIME.

CLIMATE NORMAL PERIOD 1981 TO 2010
CLIMATE RECORD PERIOD 1873 TO 2017


WEATHER ITEM   OBSERVED TIME   RECORD YEAR NORMAL DEPARTURE LAST
                VALUE   (LST)  VALUE       VALUE  FROM      YEAR
                                                  NORMAL
..................................................................
TEMPERATURE (F)
 TODAY
  MAXIMUM         39    247 PM  67    1878  40     -1       50
  MINIMUM         28    342 AM  -8    1995  22      6       40
  AVERAGE         34                        31      3       45

PRECIPITATION (IN)
  TODAY            0.00          1.58 1992   0.06  -0.06     0.00
  MONTH TO DATE    0.59                      0.51   0.08     0.28
  SINCE MAR 1      0.59                      0.51   0.08     0.28
  SINCE JAN 1      4.45                      2.68   1.77     1.93

SNOWFALL (IN)
  TODAY            0.0          12.1  1909   0.3   -0.3      0.0
  MONTH TO DATE    4.0                       2.8    1.2      4.8
  SINCE JUL 1     38.2                      37.3    0.9     32.2
  SNOW DEPTH       0

DEGREE DAYS
 HEATING
  TODAY           31                        34     -3       20
  MONTH TO DATE  251                       319    -68      258
  SINCE JUL 1   4531                      5828  -1297     4833

 COOLING
  TODAY            0                         0      0        0
  MONTH TO DATE    0                         0      0        0
  SINCE JAN 1      0                         0      0        0
..................................................................


WIND (MPH)
  HIGHEST WIND SPEED    15   HIGHEST WIND DIRECTION     N (340)
  HIGHEST GUST SPEED    19   HIGHEST GUST DIRECTION    NW (330)
  AVERAGE WIND SPEED     8.5


SKY COVER
  POSSIBLE SUNSHINE  MM
  AVERAGE SKY COVER 0.7


WEATHER CONDITIONS
 THE FOLLOWING WEATHER WAS RECORDED TODAY.
  NO SIGNIFICANT WEATHER WAS OBSERVED.


RELATIVE HUMIDITY (PERCENT)
 HIGHEST    58           400 AM
 LOWEST     29           300 PM
 AVERAGE    44

..........................................................


THE LA CROSSE WI CLIMATE NORMALS FOR TOMORROW
                         NORMAL    RECORD    YEAR
 MAXIMUM TEMPERATURE (F)   41        67      1894
 MINIMUM TEMPERATURE (F)   23        -5      2003
                                             1948


SUNRISE AND SUNSET
MARCH  9 2017.........SUNRISE   627 AM CST   SUNSET   604 PM CST
MARCH 10 2017.........SUNRISE   626 AM CST   SUNSET   605 PM CST


-  INDICATES NEGATIVE NUMBERS.
R  INDICATES RECORD WAS SET OR TIED.
MM INDICATES DATA IS MISSING.
T  INDICATES TRACE AMOUNT.




$$
