000
CDUS43 KARX 082235
CLILSE


CLIMATE REPORT
NATIONAL WEATHER SERVICE LA CROSSE WI
435 PM CST WED FEB 8 2017


...................................

...THE LA CROSSE WI CLIMATE SUMMARY FOR FEBRUARY 8 2017...
VALID TODAY AS OF 0430 PM LOCAL TIME.

CLIMATE NORMAL PERIOD 1981 TO 2010
CLIMATE RECORD PERIOD 1873 TO 2017


WEATHER ITEM   OBSERVED TIME   RECORD YEAR NORMAL DEPARTURE LAST
                VALUE   (LST)  VALUE       VALUE  FROM      YEAR
                                                  NORMAL
..................................................................
TEMPERATURE (F)
 TODAY
  MAXIMUM         23    150 AM  51    2002  29     -6       26
  MINIMUM         13    929 AM -36    1971  11      2       13
  AVERAGE         18                        20     -2       20

PRECIPITATION (IN)
  TODAY            0.00          1.01 1966   0.04  -0.04     0.11
  MONTH TO DATE    0.03                      0.28  -0.25     0.74
  SINCE DEC 1      4.91                      2.76   2.15     6.54
  SINCE JAN 1      2.72                      1.40   1.32     1.61

SNOWFALL (IN)
  TODAY            0.0           4.6  1936   0.3   -0.3      1.4
  MONTH TO DATE    0.5                       2.6   -2.1      9.8
  SINCE JUL 1     30.8                      28.9    1.9     26.4
  SNOW DEPTH       2

DEGREE DAYS
 HEATING
  TODAY           47                        45      2       45
  MONTH TO DATE  338                       365    -27      332
  SINCE JUL 1   3735                      4684   -949     3771

 COOLING
  TODAY            0                         0      0        0
  MONTH TO DATE    0                         0      0        0
  SINCE JAN 1      0                         0      0        0
..................................................................


WIND (MPH)
  HIGHEST WIND SPEED    20   HIGHEST WIND DIRECTION    NW (330)
  HIGHEST GUST SPEED    24   HIGHEST GUST DIRECTION    NW (320)
  AVERAGE WIND SPEED    14.4


SKY COVER
  POSSIBLE SUNSHINE  MM
  AVERAGE SKY COVER 0.4


WEATHER CONDITIONS
 THE FOLLOWING WEATHER WAS RECORDED TODAY.
  NO SIGNIFICANT WEATHER WAS OBSERVED.


RELATIVE HUMIDITY (PERCENT)
 HIGHEST    74          1200 AM
 LOWEST     45           400 PM
 AVERAGE    60

..........................................................


THE LA CROSSE WI CLIMATE NORMALS FOR TOMORROW
                         NORMAL    RECORD    YEAR
 MAXIMUM TEMPERATURE (F)   29        51      1966
 MINIMUM TEMPERATURE (F)   12       -32      1899


SUNRISE AND SUNSET
FEBRUARY  8 2017......SUNRISE   713 AM CST   SUNSET   526 PM CST
FEBRUARY  9 2017......SUNRISE   712 AM CST   SUNSET   527 PM CST


-  INDICATES NEGATIVE NUMBERS.
R  INDICATES RECORD WAS SET OR TIED.
MM INDICATES DATA IS MISSING.
T  INDICATES TRACE AMOUNT.




$$
