000
CDUS43 KARX 110630
CLILSE


CLIMATE REPORT
NATIONAL WEATHER SERVICE LA CROSSE WI
130 AM CDT MON SEP 11 2017


...................................

...THE LA CROSSE WI CLIMATE SUMMARY FOR SEPTEMBER 10 2017...

CLIMATE NORMAL PERIOD 1981 TO 2010
CLIMATE RECORD PERIOD 1873 TO 2017


WEATHER ITEM   OBSERVED TIME   RECORD YEAR NORMAL DEPARTURE LAST
                VALUE   (LST)  VALUE       VALUE  FROM      YEAR
                                                  NORMAL
..................................................................
TEMPERATURE (F)
 YESTERDAY
  MAXIMUM         80    332 PM  99    1931  76      4       73
  MINIMUM         57    535 AM  34    1917  55      2       56
  AVERAGE         69                        65      4       65

PRECIPITATION (IN)
  YESTERDAY        0.00          2.42 1986   0.13  -0.13     0.15
  MONTH TO DATE    0.18                      1.24  -1.06     4.62
  SINCE SEP 1      0.18                      1.24  -1.06     4.62
  SINCE JAN 1     31.94                     25.20   6.74    33.34

SNOWFALL (IN)
  YESTERDAY        0.0           0.0  2002   0.0    0.0      0.0
                                      2001
  MONTH TO DATE    0.0                       0.0    0.0      0.0
  SINCE JUL 1      0.0                       0.0    0.0      0.0
  SNOW DEPTH       0

DEGREE DAYS
 HEATING
  YESTERDAY        0                         3     -3        0
  MONTH TO DATE   21                        20      1        0
  SINCE JUL 1     21                        40    -19        0

 COOLING
  YESTERDAY        4                         3      1        0
  MONTH TO DATE   20                        40    -20       53
  SINCE JAN 1    835                       740     95      962
..................................................................


WIND (MPH)
  HIGHEST WIND SPEED    16   HIGHEST WIND DIRECTION     S (160)
  HIGHEST GUST SPEED    20   HIGHEST GUST DIRECTION     S (160)
  AVERAGE WIND SPEED     9.8


SKY COVER
  POSSIBLE SUNSHINE  MM
  AVERAGE SKY COVER 0.1


WEATHER CONDITIONS
 THE FOLLOWING WEATHER WAS RECORDED YESTERDAY.
  NO SIGNIFICANT WEATHER WAS OBSERVED.


RELATIVE HUMIDITY (PERCENT)
 HIGHEST    72           400 AM
 LOWEST     42           100 PM
 AVERAGE    57

..........................................................


THE LA CROSSE WI CLIMATE NORMALS FOR TODAY
                         NORMAL    RECORD    YEAR
 MAXIMUM TEMPERATURE (F)   75        97      1895
 MINIMUM TEMPERATURE (F)   55        35      1898


SUNRISE AND SUNSET
SEPTEMBER 11 2017.....SUNRISE   640 AM CDT   SUNSET   722 PM CDT
SEPTEMBER 12 2017.....SUNRISE   641 AM CDT   SUNSET   720 PM CDT


-  INDICATES NEGATIVE NUMBERS.
R  INDICATES RECORD WAS SET OR TIED.
MM INDICATES DATA IS MISSING.
T  INDICATES TRACE AMOUNT.




$$
