000
CDUS43 KARX 010643
CLILSE


CLIMATE REPORT
NATIONAL WEATHER SERVICE LA CROSSE WI
1242 AM CST SUN JAN 1 2017


...................................

...THE LA CROSSE WI CLIMATE SUMMARY FOR DECEMBER 31 2016...

CLIMATE NORMAL PERIOD 1981 TO 2010
CLIMATE RECORD PERIOD 1873 TO 2016


WEATHER ITEM   OBSERVED TIME   RECORD YEAR NORMAL DEPARTURE LAST
                VALUE   (LST)  VALUE       VALUE  FROM      YEAR
                                                  NORMAL
..................................................................
TEMPERATURE (F)
 YESTERDAY
  MAXIMUM         35    405 AM  59    1965  26      9       24
  MINIMUM         20   1159 PM -20    1976  10     10       18
  AVERAGE         28                        18     10       21

PRECIPITATION (IN)
  YESTERDAY        T             0.59 2006   0.03  -0.03     0.01
  MONTH TO DATE    2.19                      1.36   0.83     4.93
  SINCE DEC 1      2.19                      1.36   0.83     4.93
  SINCE JAN 1     44.76                     33.06  11.70    34.48

SNOWFALL (IN)
  YESTERDAY        T             6.2  1911   0.3   -0.3      0.1
  MONTH TO DATE   20.8                      11.3    9.5     11.6
  SINCE JUL 1     20.8                      15.6    5.2     12.5
  SNOW DEPTH       4

DEGREE DAYS
 HEATING
  YESTERDAY       37                        47    -10       44
  MONTH TO DATE 1276                      1344    -68      949
  SINCE JUL 1   2135                      2844   -709     2035

 COOLING
  YESTERDAY        0                         0      0        0
  MONTH TO DATE    0                         0      0        0
  SINCE JAN 1   1033                       782    251      887
..................................................................


WIND (MPH)
  HIGHEST WIND SPEED    22   HIGHEST WIND DIRECTION    NW (310)
  HIGHEST GUST SPEED    27   HIGHEST GUST DIRECTION    NW (320)
  AVERAGE WIND SPEED    10.9


SKY COVER
  POSSIBLE SUNSHINE  MM
  AVERAGE SKY COVER 0.5


WEATHER CONDITIONS
 THE FOLLOWING WEATHER WAS RECORDED YESTERDAY.
  LIGHT SNOW


RELATIVE HUMIDITY (PERCENT)
 HIGHEST    74           700 PM
 LOWEST     63          1100 AM
 AVERAGE    69

..........................................................


THE LA CROSSE WI CLIMATE NORMALS FOR TODAY
                         NORMAL    RECORD    YEAR
 MAXIMUM TEMPERATURE (F)   26        57      1897
 MINIMUM TEMPERATURE (F)   10       -21      1974


SUNRISE AND SUNSET
JANUARY  1 2017.......SUNRISE   739 AM CST   SUNSET   438 PM CST
JANUARY  2 2017.......SUNRISE   739 AM CST   SUNSET   439 PM CST


-  INDICATES NEGATIVE NUMBERS.
R  INDICATES RECORD WAS SET OR TIED.
MM INDICATES DATA IS MISSING.
T  INDICATES TRACE AMOUNT.




$$
