000
CDUS43 KARX 140710
CLILSE


CLIMATE REPORT
NATIONAL WEATHER SERVICE LA CROSSE WI
209 AM CDT SAT MAY 14 2016


...................................

...THE LA CROSSE WI CLIMATE SUMMARY FOR MAY 13 2016...

CLIMATE NORMAL PERIOD 1981 TO 2010
CLIMATE RECORD PERIOD 1873 TO 2016


WEATHER ITEM   OBSERVED TIME   RECORD YEAR NORMAL DEPARTURE LAST
                VALUE   (LST)  VALUE       VALUE  FROM      YEAR
                                                  NORMAL
..................................................................
TEMPERATURE (F)
 YESTERDAY
  MAXIMUM         54   1217 AM  88    1977  70    -16       69
                                      1900
  MINIMUM         42   1159 PM  30    1997  48     -6       37
                                      1953
  AVERAGE         48                        59    -11       53

PRECIPITATION (IN)
  YESTERDAY        0.26          1.35 2010   0.11   0.15     0.00
  MONTH TO DATE    1.43                      1.45  -0.02     1.32
  SINCE MAR 1      6.12                      6.83  -0.71     6.29
  SINCE JAN 1      7.77                      9.00  -1.23     7.50

SNOWFALL (IN)
  YESTERDAY        0.0           0.0  2002   0.0    0.0      0.0
                                      2001
  MONTH TO DATE    0.0                       0.1   -0.1      0.0
  SINCE JUL 1     40.3                      43.4   -3.1     38.8
  SNOW DEPTH       0

DEGREE DAYS
 HEATING
  YESTERDAY       17                         7     10       12
  MONTH TO DATE  116                       112      4       70
  SINCE JUL 1   5873                      7064  -1191     6977

 COOLING
  YESTERDAY        0                         1     -1        0
  MONTH TO DATE    7                        11     -4       23
  SINCE JAN 1     18                        18      0       24
..................................................................


WIND (MPH)
  HIGHEST WIND SPEED    25   HIGHEST WIND DIRECTION    NW (330)
  HIGHEST GUST SPEED    32   HIGHEST GUST DIRECTION    NW (320)
  AVERAGE WIND SPEED    11.8


SKY COVER
  POSSIBLE SUNSHINE  MM
  AVERAGE SKY COVER 0.6


WEATHER CONDITIONS
 THE FOLLOWING WEATHER WAS RECORDED YESTERDAY.
  RAIN
  LIGHT RAIN
  FOG


RELATIVE HUMIDITY (PERCENT)
 HIGHEST    86           100 PM
 LOWEST     54          1000 AM
 AVERAGE    70

..........................................................


THE LA CROSSE WI CLIMATE NORMALS FOR TODAY
                         NORMAL    RECORD    YEAR
 MAXIMUM TEMPERATURE (F)   70        93      1932
 MINIMUM TEMPERATURE (F)   48        30      1895


SUNRISE AND SUNSET
MAY 14 2016...........SUNRISE   540 AM CDT   SUNSET   824 PM CDT
MAY 15 2016...........SUNRISE   539 AM CDT   SUNSET   825 PM CDT


-  INDICATES NEGATIVE NUMBERS.
R  INDICATES RECORD WAS SET OR TIED.
MM INDICATES DATA IS MISSING.
T  INDICATES TRACE AMOUNT.




$$
