079
CDUS43 KARX 240633
CLILSE


CLIMATE REPORT
NATIONAL WEATHER SERVICE LA CROSSE WI
133 AM CDT SUN APR 24 2016


...................................

...THE LA CROSSE WI CLIMATE SUMMARY FOR APRIL 23 2016...

CLIMATE NORMAL PERIOD 1981 TO 2010
CLIMATE RECORD PERIOD 1873 TO 2016


WEATHER ITEM   OBSERVED TIME   RECORD YEAR NORMAL DEPARTURE LAST
                VALUE   (LST)  VALUE       VALUE  FROM      YEAR
                                                  NORMAL
..................................................................
TEMPERATURE (F)
 YESTERDAY
  MAXIMUM         69    449 PM  86    1960  63      6       57
                                      1925
  MINIMUM         44    335 AM  20    1910  41      3       28
  AVERAGE         57                        52      5       43

PRECIPITATION (IN)
  YESTERDAY        0.00          0.77 1896   0.12  -0.12     0.00
  MONTH TO DATE    0.33                      2.48  -2.15     4.06
  SINCE MAR 1      3.94                      4.52  -0.58     4.87
  SINCE JAN 1      5.59                      6.69  -1.10     6.08

SNOWFALL (IN)
  YESTERDAY        0.0           1.7  1910   0.0    0.0      0.0
                                      2001
  MONTH TO DATE    0.6                       1.5   -0.9      0.5
  SINCE JUL 1     40.3                      43.1   -2.8     38.8
  SNOW DEPTH       0

DEGREE DAYS
 HEATING
  YESTERDAY        8                        13     -5       22
  MONTH TO DATE  364                       416    -52      327
  SINCE JUL 1   5663                      6869  -1206     6819

 COOLING
  YESTERDAY        0                         0      0        0
  MONTH TO DATE   11                         0     11        1
  SINCE JAN 1     11                         0     11        1
..................................................................


WIND (MPH)
  HIGHEST WIND SPEED    18   HIGHEST WIND DIRECTION     S (180)
  HIGHEST GUST SPEED    23   HIGHEST GUST DIRECTION     S (170)
  AVERAGE WIND SPEED     9.5


SKY COVER
  POSSIBLE SUNSHINE  MM
  AVERAGE SKY COVER 0.2


WEATHER CONDITIONS
 THE FOLLOWING WEATHER WAS RECORDED YESTERDAY.
  NO SIGNIFICANT WEATHER WAS OBSERVED.


RELATIVE HUMIDITY (PERCENT)
 HIGHEST    83           300 AM
 LOWEST     39           500 PM
 AVERAGE    61

..........................................................


THE LA CROSSE WI CLIMATE NORMALS FOR TODAY
                         NORMAL    RECORD    YEAR
 MAXIMUM TEMPERATURE (F)   63        90      2009
 MINIMUM TEMPERATURE (F)   42        24      1956


SUNRISE AND SUNSET
APRIL 24 2016.........SUNRISE   607 AM CDT   SUNSET   800 PM CDT
APRIL 25 2016.........SUNRISE   605 AM CDT   SUNSET   801 PM CDT


-  INDICATES NEGATIVE NUMBERS.
R  INDICATES RECORD WAS SET OR TIED.
MM INDICATES DATA IS MISSING.
T  INDICATES TRACE AMOUNT.




$$
