000
CDUS43 KARX 070656
CLILSE


CLIMATE REPORT
NATIONAL WEATHER SERVICE LA CROSSE WI
1254 AM CST SUN JAN 7 2018

...THE LA CROSSE WI CLIMATE SUMMARY FOR JANUARY 6 2018...

CLIMATE NORMAL PERIOD 1981 TO 2010
CLIMATE RECORD PERIOD 1873 TO 2018

WEATHER ITEM   OBSERVED TIME   RECORD YEAR NORMAL DEPARTURE LAST
                VALUE   (LST)  VALUE       VALUE  FROM      YEAR
                                                  NORMAL
..................................................................
TEMPERATURE (F)
 YESTERDAY
  MAXIMUM         12    423 PM  52    1933  25    -13        8
  MINIMUM        -13    623 AM -26    1912   9    -22       -6
                                      1873
  AVERAGE          0                        17    -17        1

PRECIPITATION (IN)
  YESTERDAY        0.00          0.48 1885   0.03  -0.03     0.00
  MONTH TO DATE    0.02                      0.20  -0.18     0.23
  SINCE DEC 1      0.55                      1.56  -1.01     2.42
  SINCE JAN 1      0.02                      0.20  -0.18     0.23

SNOWFALL (IN)
  YESTERDAY        0.0           6.0  1980   0.3   -0.3      0.0
  MONTH TO DATE    0.5                       1.7   -1.2      0.3
  SINCE JUL 1      4.9                      17.3  -12.4     21.1
  SNOW DEPTH       1

DEGREE DAYS
 HEATING
  YESTERDAY       65                        48     17       64
  MONTH TO DATE  389                       284    105      295
  SINCE JUL 1   2953                      3128   -175     2430

 COOLING
  YESTERDAY        0                         0      0        0
  MONTH TO DATE    0                         0      0        0
  SINCE JAN 1      0                         0      0        0
..................................................................

WIND (MPH)
  HIGHEST WIND SPEED    18   HIGHEST WIND DIRECTION     S (170)
  HIGHEST GUST SPEED    24   HIGHEST GUST DIRECTION     S (160)
  AVERAGE WIND SPEED     7.7

SKY COVER
  POSSIBLE SUNSHINE  MM
  AVERAGE SKY COVER 0.2

WEATHER CONDITIONS
 THE FOLLOWING WEATHER WAS RECORDED YESTERDAY.
  NO SIGNIFICANT WEATHER WAS OBSERVED.

RELATIVE HUMIDITY (PERCENT)
 HIGHEST    83           100 AM
 LOWEST     52           200 PM
 AVERAGE    68
..........................................................

THE LA CROSSE WI CLIMATE NORMALS FOR TODAY
                         NORMAL    RECORD    YEAR
 MAXIMUM TEMPERATURE (F)   25        56      2003
 MINIMUM TEMPERATURE (F)    9       -34      1912

SUNRISE AND SUNSET
JANUARY  7 2018.......SUNRISE   739 AM CST   SUNSET   444 PM CST
JANUARY  8 2018.......SUNRISE   739 AM CST   SUNSET   445 PM CST

-  INDICATES NEGATIVE NUMBERS.
R  INDICATES RECORD WAS SET OR TIED.
MM INDICATES DATA IS MISSING.
T  INDICATES TRACE AMOUNT.

$$

BOYNE
