000
CDUS43 KARX 260639
CLILSE


CLIMATE REPORT
NATIONAL WEATHER SERVICE LA CROSSE WI
139 AM CDT FRI JUN 26 2015


...................................

...THE LA CROSSE WI CLIMATE SUMMARY FOR JUNE 25 2015...

CLIMATE NORMAL PERIOD 1981 TO 2010
CLIMATE RECORD PERIOD 1873 TO 2015


WEATHER ITEM   OBSERVED TIME   RECORD YEAR NORMAL DEPARTURE LAST
                VALUE   (LST)  VALUE       VALUE  FROM      YEAR
                                                  NORMAL
..................................................................
TEMPERATURE (F)
 YESTERDAY
  MAXIMUM         85    238 PM  97    1983  83      2       80
                                      1966
  MINIMUM         62   1141 PM  45    1974  62      0       64
  AVERAGE         74                        72      2       72

PRECIPITATION (IN)
  YESTERDAY        T             1.65 2010   0.15  -0.15     0.00
  MONTH TO DATE    3.11                      3.60  -0.49     4.94
  SINCE JUN 1      3.11                      3.60  -0.49     4.94
  SINCE JAN 1     15.70                     14.67   1.03    18.10

SNOWFALL (IN)
  YESTERDAY        0.0           0.0  2002   0.0    0.0      0.0
                                      2001
  MONTH TO DATE    0.0                       0.0    0.0      0.0
  SINCE JUL 1     38.8                      43.3   -4.5     48.9
  SNOW DEPTH       0

DEGREE DAYS
 HEATING
  YESTERDAY        0                         0      0        0
  MONTH TO DATE   12                        38    -26        1
  SINCE JUL 1   7066                      7195   -129     8136

 COOLING
  YESTERDAY        9                         8      1        7
  MONTH TO DATE  139                       126     13      167
  SINCE JAN 1    204                       174     30      226
..................................................................


WIND (MPH)
  HIGHEST WIND SPEED    15   HIGHEST WIND DIRECTION     N (10)
  HIGHEST GUST SPEED    20   HIGHEST GUST DIRECTION     N (10)
  AVERAGE WIND SPEED     5.3


SKY COVER
  POSSIBLE SUNSHINE  MM
  AVERAGE SKY COVER 0.3


WEATHER CONDITIONS
 THE FOLLOWING WEATHER WAS RECORDED YESTERDAY.
  LIGHT RAIN
  HAZE


RELATIVE HUMIDITY (PERCENT)
 HIGHEST    93           500 AM
 LOWEST     46          1200 PM
 AVERAGE    70

..........................................................


THE LA CROSSE WI CLIMATE NORMALS FOR TODAY
                         NORMAL    RECORD    YEAR
 MAXIMUM TEMPERATURE (F)   83       100      1931
 MINIMUM TEMPERATURE (F)   62        42      1926


SUNRISE AND SUNSET
JUNE 26 2015..........SUNRISE   524 AM CDT   SUNSET   851 PM CDT
JUNE 27 2015..........SUNRISE   524 AM CDT   SUNSET   851 PM CDT


-  INDICATES NEGATIVE NUMBERS.
R  INDICATES RECORD WAS SET OR TIED.
MM INDICATES DATA IS MISSING.
T  INDICATES TRACE AMOUNT.




$$
