000
CDUS43 KARX 132141
CLILSE


CLIMATE REPORT
NATIONAL WEATHER SERVICE LA CROSSE WI
440 PM CDT SAT AUG 13 2016


...................................

...THE LA CROSSE WI CLIMATE SUMMARY FOR AUGUST 13 2016...
VALID TODAY AS OF 0400 PM LOCAL TIME.

CLIMATE NORMAL PERIOD 1981 TO 2010
CLIMATE RECORD PERIOD 1873 TO 2016


WEATHER ITEM   OBSERVED TIME   RECORD YEAR NORMAL DEPARTURE LAST
                VALUE   (LST)  VALUE       VALUE  FROM      YEAR
                                                  NORMAL
..................................................................
TEMPERATURE (F)
 TODAY
  MAXIMUM         85    159 PM  95    1995  82      3       88
                                      1978
  MINIMUM         70    733 AM  48    2004  62      8       69
                                      1964
                                      1916
  AVERAGE         78                        72      6       79

PRECIPITATION (IN)
  TODAY            0.02          1.84 2010   0.14  -0.12     0.02
  MONTH TO DATE    2.88                      1.86   1.02     0.75
  SINCE JUN 1     14.76                     10.46   4.30     8.07
  SINCE JAN 1     25.24                     21.53   3.71    20.66

SNOWFALL (IN)
  TODAY            0.0           0.0  2002   0.0    0.0      0.0
                                      2001
  MONTH TO DATE    0.0                       0.0    0.0      0.0
  SINCE JUL 1      0.0                       0.0    0.0      0.0
  SNOW DEPTH       0

DEGREE DAYS
 HEATING
  TODAY            0                         0      0        0
  MONTH TO DATE    0                         0      0        0
  SINCE JUL 1      0                         5     -5        3

 COOLING
  TODAY           13                         7      6       14
  MONTH TO DATE  159                       102     57      115
  SINCE JAN 1    775                       589    186      597
..................................................................


WIND (MPH)
  HIGHEST WIND SPEED    18   HIGHEST WIND DIRECTION    NW (320)
  HIGHEST GUST SPEED    21   HIGHEST GUST DIRECTION    NW (320)
  AVERAGE WIND SPEED    10.8


SKY COVER
  POSSIBLE SUNSHINE  MM
  AVERAGE SKY COVER 0.4


WEATHER CONDITIONS
 THE FOLLOWING WEATHER WAS RECORDED TODAY.
  LIGHT RAIN
  FOG


RELATIVE HUMIDITY (PERCENT)
 HIGHEST    97           400 AM
 LOWEST     44           200 PM
 AVERAGE    71

..........................................................


THE LA CROSSE WI CLIMATE NORMALS FOR TOMORROW
                         NORMAL    RECORD    YEAR
 MAXIMUM TEMPERATURE (F)   82        95      2015
                                             1978
 MINIMUM TEMPERATURE (F)   62        43      1964


SUNRISE AND SUNSET
AUGUST 13 2016........SUNRISE   607 AM CDT   SUNSET   811 PM CDT
AUGUST 14 2016........SUNRISE   609 AM CDT   SUNSET   810 PM CDT


-  INDICATES NEGATIVE NUMBERS.
R  INDICATES RECORD WAS SET OR TIED.
MM INDICATES DATA IS MISSING.
T  INDICATES TRACE AMOUNT.




$$
