000
CDUS43 KARX 222241
CLILSE


CLIMATE REPORT
NATIONAL WEATHER SERVICE LA CROSSE WI
440 PM CST TUE NOV 22 2016


...................................

...THE LA CROSSE WI CLIMATE SUMMARY FOR NOVEMBER 22 2016...
VALID TODAY AS OF 0400 PM LOCAL TIME.

CLIMATE NORMAL PERIOD 1981 TO 2010
CLIMATE RECORD PERIOD 1873 TO 2016


WEATHER ITEM   OBSERVED TIME   RECORD YEAR NORMAL DEPARTURE LAST
                VALUE   (LST)  VALUE       VALUE  FROM      YEAR
                                                  NORMAL
..................................................................
TEMPERATURE (F)
 TODAY
  MAXIMUM         43    330 PM  64    2012  40      3       31
  MINIMUM         32    139 AM  -3    1880  25      7       17
  AVERAGE         38                        32      6       24

PRECIPITATION (IN)
  TODAY            T             1.44 1963   0.07  -0.07     0.00
  MONTH TO DATE    0.03                      1.49  -1.46     1.04
  SINCE SEP 1     12.72                      7.22   5.50     5.95
  SINCE JAN 1     41.44                     31.18  10.26    28.66

SNOWFALL (IN)
  TODAY            0.0           6.1  1909   0.2   -0.2      0.0
  MONTH TO DATE    T                         2.2   -2.2      0.7
  SINCE JUL 1      T                         2.4   -2.4      0.7
  SNOW DEPTH       0

DEGREE DAYS
 HEATING
  TODAY           27                        33     -6       41
  MONTH TO DATE  363                       590   -227      402
  SINCE JUL 1    666                      1218   -552      840

 COOLING
  TODAY            0                         0      0        0
  MONTH TO DATE    0                         0      0        0
  SINCE JAN 1   1033                       782    251      887
..................................................................


WIND (MPH)
  HIGHEST WIND SPEED    15   HIGHEST WIND DIRECTION    SE (120)
  HIGHEST GUST SPEED    22   HIGHEST GUST DIRECTION    SE (130)
  AVERAGE WIND SPEED     8.6


SKY COVER
  POSSIBLE SUNSHINE  MM
  AVERAGE SKY COVER 0.7


WEATHER CONDITIONS
 THE FOLLOWING WEATHER WAS RECORDED TODAY.
  LIGHT RAIN


RELATIVE HUMIDITY (PERCENT)
 HIGHEST    59           100 AM
 LOWEST     43           100 PM
 AVERAGE    51

..........................................................


THE LA CROSSE WI CLIMATE NORMALS FOR TOMORROW
                         NORMAL    RECORD    YEAR
 MAXIMUM TEMPERATURE (F)   39        61      1931
 MINIMUM TEMPERATURE (F)   24        -2      1950
                                             1898


SUNRISE AND SUNSET
NOVEMBER 22 2016......SUNRISE   709 AM CST   SUNSET   433 PM CST
NOVEMBER 23 2016......SUNRISE   711 AM CST   SUNSET   432 PM CST


-  INDICATES NEGATIVE NUMBERS.
R  INDICATES RECORD WAS SET OR TIED.
MM INDICATES DATA IS MISSING.
T  INDICATES TRACE AMOUNT.




$$
