000
CDUS43 KARX 040700
CLILSE


CLIMATE REPORT
NATIONAL WEATHER SERVICE LA CROSSE WI
100 AM CST WED JAN 4 2017


...................................

...THE LA CROSSE WI CLIMATE SUMMARY FOR JANUARY 3 2017...

CLIMATE NORMAL PERIOD 1981 TO 2010
CLIMATE RECORD PERIOD 1873 TO 2017


WEATHER ITEM   OBSERVED TIME   RECORD YEAR NORMAL DEPARTURE LAST
                VALUE   (LST)  VALUE       VALUE  FROM      YEAR
                                                  NORMAL
..................................................................
TEMPERATURE (F)
 YESTERDAY
  MAXIMUM         36    911 AM  57    1874  26     10       30
  MINIMUM          9   1159 PM -23    1919  10     -1       25
  AVERAGE         23                        18      5       28

PRECIPITATION (IN)
  YESTERDAY        0.01          0.91 1906   0.03  -0.02      T
  MONTH TO DATE    0.23                      0.10   0.13      T
  SINCE DEC 1      2.42                      1.46   0.96     4.93
  SINCE JAN 1      0.23                      0.10   0.13      T

SNOWFALL (IN)
  YESTERDAY        T            10.0  1971   0.3   -0.3       T
  MONTH TO DATE    0.3                       0.9   -0.6       T
  SINCE JUL 1     21.1                      16.5    4.6     12.5
  SNOW DEPTH       3

DEGREE DAYS
 HEATING
  YESTERDAY       42                        47     -5       37
  MONTH TO DATE  110                       141    -31      120
  SINCE JUL 1   2245                      2985   -740     2155

 COOLING
  YESTERDAY        0                         0      0        0
  MONTH TO DATE    0                         0      0        0
  SINCE JAN 1      0                         0      0        0
..................................................................


WIND (MPH)
  HIGHEST WIND SPEED    24   HIGHEST WIND DIRECTION    NW (300)
  HIGHEST GUST SPEED    33   HIGHEST GUST DIRECTION     W (290)
  AVERAGE WIND SPEED    13.8


SKY COVER
  POSSIBLE SUNSHINE  MM
  AVERAGE SKY COVER 0.8


WEATHER CONDITIONS
 THE FOLLOWING WEATHER WAS RECORDED YESTERDAY.
  LIGHT RAIN
  LIGHT SNOW
  FOG


RELATIVE HUMIDITY (PERCENT)
 HIGHEST    92           100 AM
 LOWEST     61           900 PM
 AVERAGE    77

..........................................................


THE LA CROSSE WI CLIMATE NORMALS FOR TODAY
                         NORMAL    RECORD    YEAR
 MAXIMUM TEMPERATURE (F)   26        50      1880
 MINIMUM TEMPERATURE (F)   10       -28      1884


SUNRISE AND SUNSET
JANUARY  4 2017.......SUNRISE   739 AM CST   SUNSET   441 PM CST
JANUARY  5 2017.......SUNRISE   739 AM CST   SUNSET   442 PM CST


-  INDICATES NEGATIVE NUMBERS.
R  INDICATES RECORD WAS SET OR TIED.
MM INDICATES DATA IS MISSING.
T  INDICATES TRACE AMOUNT.




$$
