000
CDUS43 KARX 272232
CLILSE


CLIMATE REPORT
NATIONAL WEATHER SERVICE LA CROSSE WI
432 PM CST MON NOV 27 2017


...................................

...THE LA CROSSE WI CLIMATE SUMMARY FOR NOVEMBER 27 2017...
VALID TODAY AS OF 0430 PM LOCAL TIME.

CLIMATE NORMAL PERIOD 1981 TO 2010
CLIMATE RECORD PERIOD 1873 TO 2017


WEATHER ITEM   OBSERVED TIME   RECORD YEAR NORMAL DEPARTURE LAST
                VALUE   (LST)  VALUE       VALUE  FROM      YEAR
                                                  NORMAL
..................................................................
TEMPERATURE (F)
 TODAY
  MAXIMUM         57    402 PM  63    1998  37     20       50
                                      1909
  MINIMUM         28   1252 AM -13    1872  22      6       28
  AVERAGE         43                        29     14       39

PRECIPITATION (IN)
  TODAY            0.00          0.73 1879   0.07  -0.07     0.56
  MONTH TO DATE    0.35                      1.82  -1.47     0.89
  SINCE SEP 1      7.31                      7.55  -0.24    13.58
  SINCE JAN 1     39.07                     31.51   7.56    42.30

SNOWFALL (IN)
  TODAY            0.0           6.6  1937   0.2   -0.2      0.0
  MONTH TO DATE    T                         3.3   -3.3       T
  SINCE JUL 1      T                         3.5   -3.5       T
  SNOW DEPTH       0

DEGREE DAYS
 HEATING
  TODAY           22                        36    -14       26
  MONTH TO DATE  774                       762     12      490
  SINCE JUL 1   1166                      1390   -224      793

 COOLING
  TODAY            0                         0      0        0
  MONTH TO DATE    0                         0      0        0
  SINCE JAN 1   1001                       782    219     1033
..................................................................


WIND (MPH)
  HIGHEST WIND SPEED    16   HIGHEST WIND DIRECTION     S (180)
  HIGHEST GUST SPEED    18   HIGHEST GUST DIRECTION     S (180)
  AVERAGE WIND SPEED     6.8


SKY COVER
  POSSIBLE SUNSHINE  MM
  AVERAGE SKY COVER 0.0


WEATHER CONDITIONS
 THE FOLLOWING WEATHER WAS RECORDED TODAY.
  NO SIGNIFICANT WEATHER WAS OBSERVED.


RELATIVE HUMIDITY (PERCENT)
 HIGHEST    92          1200 AM
 LOWEST     51           200 PM
 AVERAGE    72

..........................................................


THE LA CROSSE WI CLIMATE NORMALS FOR TOMORROW
                         NORMAL    RECORD    YEAR
 MAXIMUM TEMPERATURE (F)   36        62      1998
 MINIMUM TEMPERATURE (F)   22       -19      1887


SUNRISE AND SUNSET
NOVEMBER 27 2017......SUNRISE   715 AM CST   SUNSET   430 PM CST
NOVEMBER 28 2017......SUNRISE   716 AM CST   SUNSET   430 PM CST


-  INDICATES NEGATIVE NUMBERS.
R  INDICATES RECORD WAS SET OR TIED.
MM INDICATES DATA IS MISSING.
T  INDICATES TRACE AMOUNT.




$$
