000
CDUS43 KARX 190633
CLILSE


CLIMATE REPORT
NATIONAL WEATHER SERVICE LA CROSSE WI
133 AM CDT THU MAY 19 2016


...................................

...THE LA CROSSE WI CLIMATE SUMMARY FOR MAY 18 2016...

CLIMATE NORMAL PERIOD 1981 TO 2010
CLIMATE RECORD PERIOD 1873 TO 2016


WEATHER ITEM   OBSERVED TIME   RECORD YEAR NORMAL DEPARTURE LAST
                VALUE   (LST)  VALUE       VALUE  FROM      YEAR
                                                  NORMAL
..................................................................
TEMPERATURE (F)
 YESTERDAY
  MAXIMUM         70    546 PM  92    1998  71     -1       63
                                      1934
  MINIMUM         39    458 AM  35    2002  49    -10       46
                                      1915
  AVERAGE         55                        60     -5       55

PRECIPITATION (IN)
  YESTERDAY        0.00          1.55 1971   0.11  -0.11      T
  MONTH TO DATE    1.44                      2.00  -0.56     1.82
  SINCE MAR 1      6.13                      7.38  -1.25     6.79
  SINCE JAN 1      7.78                      9.55  -1.77     8.00

SNOWFALL (IN)
  YESTERDAY        0.0           0.0  2002   0.0    0.0      0.0
                                      2001
  MONTH TO DATE    0.0                       0.1   -0.1      0.0
  SINCE JUL 1     40.3                      43.4   -3.1     38.8
  SNOW DEPTH       0

DEGREE DAYS
 HEATING
  YESTERDAY       10                         6      4       10
  MONTH TO DATE  183                       145     38       87
  SINCE JUL 1   5940                      7097  -1157     6994

 COOLING
  YESTERDAY        0                         1     -1        0
  MONTH TO DATE    7                        16     -9       35
  SINCE JAN 1     18                        23     -5       36
..................................................................


WIND (MPH)
  HIGHEST WIND SPEED     8   HIGHEST WIND DIRECTION     E (100)
  HIGHEST GUST SPEED    11   HIGHEST GUST DIRECTION     N (360)
  AVERAGE WIND SPEED     4.2


SKY COVER
  POSSIBLE SUNSHINE  MM
  AVERAGE SKY COVER 0.0


WEATHER CONDITIONS
 THE FOLLOWING WEATHER WAS RECORDED YESTERDAY.
  NO SIGNIFICANT WEATHER WAS OBSERVED.


RELATIVE HUMIDITY (PERCENT)
 HIGHEST    85           300 AM
 LOWEST     24          1200 PM
 AVERAGE    55

..........................................................


THE LA CROSSE WI CLIMATE NORMALS FOR TODAY
                         NORMAL    RECORD    YEAR
 MAXIMUM TEMPERATURE (F)   72        96      1934
 MINIMUM TEMPERATURE (F)   50        32      1929


SUNRISE AND SUNSET
MAY 19 2016...........SUNRISE   535 AM CDT   SUNSET   829 PM CDT
MAY 20 2016...........SUNRISE   534 AM CDT   SUNSET   830 PM CDT


-  INDICATES NEGATIVE NUMBERS.
R  INDICATES RECORD WAS SET OR TIED.
MM INDICATES DATA IS MISSING.
T  INDICATES TRACE AMOUNT.




$$
