000
CDUS43 KARX 042133
CLILSE


CLIMATE REPORT
NATIONAL WEATHER SERVICE LA CROSSE WI
431 PM CDT WED OCT 4 2017


...................................

...THE LA CROSSE WI CLIMATE SUMMARY FOR OCTOBER 4 2017...
VALID TODAY AS OF 0430 PM LOCAL TIME.

CLIMATE NORMAL PERIOD 1981 TO 2010
CLIMATE RECORD PERIOD 1873 TO 2017


WEATHER ITEM   OBSERVED TIME   RECORD YEAR NORMAL DEPARTURE LAST
                VALUE   (LST)  VALUE       VALUE  FROM      YEAR
                                                  NORMAL
..................................................................
TEMPERATURE (F)
 TODAY
  MAXIMUM         68    243 PM  88    2005  65      3       77
  MINIMUM         54    614 AM  27    1989  44     10       60
  AVERAGE         61                        55      6       69

PRECIPITATION (IN)
  TODAY            0.00          1.92 1900   0.08  -0.08      T
  MONTH TO DATE    0.47                      0.35   0.12      T
  SINCE SEP 1      1.42                      3.91  -2.49    10.46
  SINCE JAN 1     33.18                     27.87   5.31    39.18

SNOWFALL (IN)
  TODAY            0.0           0.0  2002   0.0    0.0      0.0
                                      2001
  MONTH TO DATE    0.0                       0.0    0.0      0.0
  SINCE JUL 1      0.0                       0.0    0.0      0.0
  SNOW DEPTH       0

DEGREE DAYS
 HEATING
  TODAY            4                        11     -7        0
  MONTH TO DATE    4                        41    -37        5
  SINCE JUL 1     52                       201   -149       25

 COOLING
  TODAY            0                         1     -1        4
  MONTH TO DATE   10                         4      6        4
  SINCE JAN 1    997                       778    219     1024
..................................................................


WIND (MPH)
  HIGHEST WIND SPEED    15   HIGHEST WIND DIRECTION     W (290)
  HIGHEST GUST SPEED    19   HIGHEST GUST DIRECTION    NW (330)
  AVERAGE WIND SPEED     7.5


SKY COVER
  POSSIBLE SUNSHINE  MM
  AVERAGE SKY COVER 0.3


WEATHER CONDITIONS
 THE FOLLOWING WEATHER WAS RECORDED TODAY.
  NO SIGNIFICANT WEATHER WAS OBSERVED.


RELATIVE HUMIDITY (PERCENT)
 HIGHEST    93          1200 AM
 LOWEST     37           200 PM
 AVERAGE    65

..........................................................


THE LA CROSSE WI CLIMATE NORMALS FOR TOMORROW
                         NORMAL    RECORD    YEAR
 MAXIMUM TEMPERATURE (F)   65        86      1922
 MINIMUM TEMPERATURE (F)   44        27      1935


SUNRISE AND SUNSET
OCTOBER  4 2017.......SUNRISE   706 AM CDT   SUNSET   640 PM CDT
OCTOBER  5 2017.......SUNRISE   708 AM CDT   SUNSET   638 PM CDT


-  INDICATES NEGATIVE NUMBERS.
R  INDICATES RECORD WAS SET OR TIED.
MM INDICATES DATA IS MISSING.
T  INDICATES TRACE AMOUNT.




$$
