000
CDUS43 KARX 072136
CLILSE


CLIMATE REPORT
NATIONAL WEATHER SERVICE LA CROSSE WI
435 PM CDT MON APR 7 2014


...................................

...THE LA CROSSE WI CLIMATE SUMMARY FOR APRIL 7 2014...
VALID TODAY AS OF 0430 PM LOCAL TIME.

CLIMATE NORMAL PERIOD 1981 TO 2010
CLIMATE RECORD PERIOD 1873 TO 2014


WEATHER ITEM   OBSERVED TIME   RECORD YEAR NORMAL DEPARTURE LAST
                VALUE   (LST)  VALUE       VALUE  FROM      YEAR
                                                  NORMAL
..................................................................
TEMPERATURE (F)
 TODAY
  MAXIMUM         58    259 PM  84    1991  55      3       53
  MINIMUM         42    550 AM  13    1936  34      8       38
  AVERAGE         50                        45      5       46

PRECIPITATION (IN)
  TODAY            T             1.57 2006   0.10  -0.10      T
  MONTH TO DATE    0.56                      0.65  -0.09     0.20
  SINCE MAR 1      1.87                      2.69  -0.82     2.32
  SINCE JAN 1      4.23                      4.86  -0.63     4.72

SNOWFALL (IN)
  TODAY            0.0           5.2  1928   0.1   -0.1      0.0
  MONTH TO DATE    0.6                       0.6    0.0      0.0
  SINCE JUL 1     47.2                      42.2    5.0     55.6
  SNOW DEPTH       0

DEGREE DAYS
 HEATING
  TODAY           15                        20     -5       19
  MONTH TO DATE  171                       152     19      187
  SINCE JUL 1   7516                      6605    911     6711

 COOLING
  TODAY            0                         0      0        0
  MONTH TO DATE    0                         0      0        0
  SINCE JAN 1      0                         0      0        0
..................................................................


WIND (MPH)
  HIGHEST WIND SPEED    13   HIGHEST WIND DIRECTION    NW (310)
  HIGHEST GUST SPEED    16   HIGHEST GUST DIRECTION    NW (310)
  AVERAGE WIND SPEED     6.2


SKY COVER
  POSSIBLE SUNSHINE  MM
  AVERAGE SKY COVER 0.8


WEATHER CONDITIONS
 THE FOLLOWING WEATHER WAS RECORDED TODAY.
  NO SIGNIFICANT WEATHER WAS OBSERVED.


RELATIVE HUMIDITY (PERCENT)
 HIGHEST    83           300 AM
 LOWEST     54          1100 AM
 AVERAGE    69

..........................................................


THE LA CROSSE WI CLIMATE NORMALS FOR TOMORROW
                         NORMAL    RECORD    YEAR
 MAXIMUM TEMPERATURE (F)   56        84      1931
 MINIMUM TEMPERATURE (F)   35        11      1972


SUNRISE AND SUNSET
APRIL  7 2014.........SUNRISE   636 AM CDT   SUNSET   739 PM CDT
APRIL  8 2014.........SUNRISE   634 AM CDT   SUNSET   740 PM CDT


-  INDICATES NEGATIVE NUMBERS.
R  INDICATES RECORD WAS SET OR TIED.
MM INDICATES DATA IS MISSING.
T  INDICATES TRACE AMOUNT.




$$
