000
CDUS43 KARX 310651
CLILSE


CLIMATE REPORT
NATIONAL WEATHER SERVICE LA CROSSE WI
1250 AM CST SUN DEC 31 2017


...................................

...THE LA CROSSE WI CLIMATE SUMMARY FOR DECEMBER 30 2017...

CLIMATE NORMAL PERIOD 1981 TO 2010
CLIMATE RECORD PERIOD 1873 TO 2017


WEATHER ITEM   OBSERVED TIME   RECORD YEAR NORMAL DEPARTURE LAST
                VALUE   (LST)  VALUE       VALUE  FROM      YEAR
                                                  NORMAL
..................................................................
TEMPERATURE (F)
 YESTERDAY
  MAXIMUM          2   1239 AM  55    1875  26    -24       32
  MINIMUM         -8    814 PM -17    2013  10    -18       19
                                      1976
  AVERAGE         -3                        18    -21       26

PRECIPITATION (IN)
  YESTERDAY        T             1.13 1906   0.04  -0.04     0.00
  MONTH TO DATE    0.52                      1.33  -0.81     2.19
  SINCE DEC 1      0.52                      1.33  -0.81     2.19
  SINCE JAN 1     39.59                     33.03   6.56    44.76

SNOWFALL (IN)
  YESTERDAY        T             8.1  1971   0.3   -0.3      0.0
  MONTH TO DATE    4.3                      11.0   -6.7     20.8
  SINCE JUL 1      4.3                      15.3  -11.0     20.8
  SNOW DEPTH       1

DEGREE DAYS
 HEATING
  YESTERDAY       68                        47     21       39
  MONTH TO DATE 1257                      1297    -40     1239
  SINCE JUL 1   2494                      2797   -303     2098

 COOLING
  YESTERDAY        0                         0      0        0
  MONTH TO DATE    0                         0      0        0
  SINCE JAN 1   1001                       782    219     1033
..................................................................


WIND (MPH)
  HIGHEST WIND SPEED    22   HIGHEST WIND DIRECTION    NW (320)
  HIGHEST GUST SPEED    30   HIGHEST GUST DIRECTION    NW (310)
  AVERAGE WIND SPEED    13.1


SKY COVER
  POSSIBLE SUNSHINE  MM
  AVERAGE SKY COVER 0.1


WEATHER CONDITIONS
 THE FOLLOWING WEATHER WAS RECORDED YESTERDAY.
  NO SIGNIFICANT WEATHER WAS OBSERVED.


RELATIVE HUMIDITY (PERCENT)
 HIGHEST    75           100 AM
 LOWEST     51           100 PM
 AVERAGE    63

..........................................................


THE LA CROSSE WI CLIMATE NORMALS FOR TODAY
                         NORMAL    RECORD    YEAR
 MAXIMUM TEMPERATURE (F)   26        59      1965
 MINIMUM TEMPERATURE (F)   10       -20      1976


SUNRISE AND SUNSET
DECEMBER 31 2017......SUNRISE   739 AM CST   SUNSET   437 PM CST
JANUARY  1 2018.......SUNRISE   739 AM CST   SUNSET   438 PM CST


-  INDICATES NEGATIVE NUMBERS.
R  INDICATES RECORD WAS SET OR TIED.
MM INDICATES DATA IS MISSING.
T  INDICATES TRACE AMOUNT.




$$
