000
CDUS43 KARX 050705
CLILSE


CLIMATE REPORT
NATIONAL WEATHER SERVICE LA CROSSE WI
205 AM CDT FRI MAY 5 2017


...................................

...THE LA CROSSE WI CLIMATE SUMMARY FOR MAY 4 2017...

CLIMATE NORMAL PERIOD 1981 TO 2010
CLIMATE RECORD PERIOD 1873 TO 2017


WEATHER ITEM   OBSERVED TIME   RECORD YEAR NORMAL DEPARTURE LAST
                VALUE   (LST)  VALUE       VALUE  FROM      YEAR
                                                  NORMAL
..................................................................
TEMPERATURE (F)
 YESTERDAY
  MAXIMUM         72    231 PM  91    1952  67      5       66
  MINIMUM         40    523 AM  27    1907  45     -5       43
  AVERAGE         56                        56      0       55

PRECIPITATION (IN)
  YESTERDAY        0.00          1.18 1982   0.11  -0.11     0.00
                                      1902
  MONTH TO DATE    0.76                      0.46   0.30     0.19
  SINCE MAR 1      7.39                      5.84   1.55     4.88
  SINCE JAN 1     11.25                      8.01   3.24     6.53

SNOWFALL (IN)
  YESTERDAY        0.0           0.0  2000   0.0    0.0      0.0
                                      2002
                                      2001
  MONTH TO DATE    T                         0.0    0.0      0.0
  SINCE JUL 1     42.2                      43.3   -1.1     40.3
  SNOW DEPTH       0

DEGREE DAYS
 HEATING
  YESTERDAY        9                         9      0       10
  MONTH TO DATE   63                        39     24       43
  SINCE JUL 1   5617                      6991  -1374     5800

 COOLING
  YESTERDAY        0                         1     -1        0
  MONTH TO DATE    0                         2     -2        0
  SINCE JAN 1      6                         9     -3       11
..................................................................


WIND (MPH)
  HIGHEST WIND SPEED    22   HIGHEST WIND DIRECTION     N (340)
  HIGHEST GUST SPEED    29   HIGHEST GUST DIRECTION     N (10)
  AVERAGE WIND SPEED     7.5


SKY COVER
  POSSIBLE SUNSHINE  MM
  AVERAGE SKY COVER 0.3


WEATHER CONDITIONS
 THE FOLLOWING WEATHER WAS RECORDED YESTERDAY.
  NO SIGNIFICANT WEATHER WAS OBSERVED.


RELATIVE HUMIDITY (PERCENT)
 HIGHEST    86           700 AM
 LOWEST     28           300 PM
 AVERAGE    57

..........................................................


THE LA CROSSE WI CLIMATE NORMALS FOR TODAY
                         NORMAL    RECORD    YEAR
 MAXIMUM TEMPERATURE (F)   67        91      1949
                                             1909
 MINIMUM TEMPERATURE (F)   45        31      1967
                                             1890


SUNRISE AND SUNSET
MAY  5 2017...........SUNRISE   551 AM CDT   SUNSET   813 PM CDT
MAY  6 2017...........SUNRISE   550 AM CDT   SUNSET   814 PM CDT


-  INDICATES NEGATIVE NUMBERS.
R  INDICATES RECORD WAS SET OR TIED.
MM INDICATES DATA IS MISSING.
T  INDICATES TRACE AMOUNT.




$$
