000
CDUS43 KARX 140636
CLILSE


CLIMATE REPORT
NATIONAL WEATHER SERVICE LA CROSSE WI
135 AM CDT THU APR 14 2016


...................................

...THE LA CROSSE WI CLIMATE SUMMARY FOR APRIL 13 2016...

CLIMATE NORMAL PERIOD 1981 TO 2010
CLIMATE RECORD PERIOD 1873 TO 2016


WEATHER ITEM   OBSERVED TIME   RECORD YEAR NORMAL DEPARTURE LAST
                VALUE   (LST)  VALUE       VALUE  FROM      YEAR
                                                  NORMAL
..................................................................
TEMPERATURE (F)
 YESTERDAY
  MAXIMUM         64    337 PM  80    1941  58      6       67
  MINIMUM         43    351 AM  23    1973  37      6       45
                                      1950
                                      1920
  AVERAGE         54                        48      6       56

PRECIPITATION (IN)
  YESTERDAY        0.03          1.22 2014   0.11  -0.08     0.02
  MONTH TO DATE    0.21                      1.31  -1.10     3.23
  SINCE MAR 1      3.82                      3.35   0.47     4.04
  SINCE JAN 1      5.47                      5.52  -0.05     5.25

SNOWFALL (IN)
  YESTERDAY        0.0           7.3  1952   0.0    0.0      0.0
  MONTH TO DATE    0.6                       1.0   -0.4      0.4
  SINCE JUL 1     40.3                      42.6   -2.3     38.7
  SNOW DEPTH       0

DEGREE DAYS
 HEATING
  YESTERDAY       11                        18     -7        9
  MONTH TO DATE  317                       264     53      203
  SINCE JUL 1   5616                      6717  -1101     6695

 COOLING
  YESTERDAY        0                         0      0        0
  MONTH TO DATE    0                         0      0        0
  SINCE JAN 1      0                         0      0        0
..................................................................


WIND (MPH)
  HIGHEST WIND SPEED    22   HIGHEST WIND DIRECTION     S (180)
  HIGHEST GUST SPEED    29   HIGHEST GUST DIRECTION     S (180)
  AVERAGE WIND SPEED    13.0


SKY COVER
  POSSIBLE SUNSHINE  MM
  AVERAGE SKY COVER 0.6


WEATHER CONDITIONS
 THE FOLLOWING WEATHER WAS RECORDED YESTERDAY.
  LIGHT RAIN


RELATIVE HUMIDITY (PERCENT)
 HIGHEST    53           500 AM
 LOWEST     31          1200 AM
 AVERAGE    42

..........................................................


THE LA CROSSE WI CLIMATE NORMALS FOR TODAY
                         NORMAL    RECORD    YEAR
 MAXIMUM TEMPERATURE (F)   59        90      2003
 MINIMUM TEMPERATURE (F)   37        20      1928


SUNRISE AND SUNSET
APRIL 14 2016.........SUNRISE   623 AM CDT   SUNSET   748 PM CDT
APRIL 15 2016.........SUNRISE   621 AM CDT   SUNSET   749 PM CDT


-  INDICATES NEGATIVE NUMBERS.
R  INDICATES RECORD WAS SET OR TIED.
MM INDICATES DATA IS MISSING.
T  INDICATES TRACE AMOUNT.




$$
