000
CDUS43 KARX 110648
CLILSE


CLIMATE REPORT
NATIONAL WEATHER SERVICE LA CROSSE WI
1247 AM CST TUE NOV 11 2014


...................................

...THE LA CROSSE WI CLIMATE SUMMARY FOR NOVEMBER 10 2014...

CLIMATE NORMAL PERIOD 1981 TO 2010
CLIMATE RECORD PERIOD 1873 TO 2014


WEATHER ITEM   OBSERVED TIME   RECORD YEAR NORMAL DEPARTURE LAST
                VALUE   (LST)  VALUE       VALUE  FROM      YEAR
                                                  NORMAL
..................................................................
TEMPERATURE (F)
 YESTERDAY
  MAXIMUM         44    330 PM  68    2012  47     -3       49
  MINIMUM         34   1159 PM  10    1979  31      3       37
  AVERAGE         39                        39      0       43

PRECIPITATION (IN)
  YESTERDAY        0.01          1.74 1880   0.07  -0.06     0.00
  MONTH TO DATE    0.09                      0.67  -0.58     1.30
  SINCE SEP 1      6.24                      6.40  -0.16     6.75
  SINCE JAN 1     35.72                     30.36   5.36    33.90

SNOWFALL (IN)
  YESTERDAY        T             2.9  2006   0.1   -0.1      0.0
  MONTH TO DATE    T                         0.6   -0.6      0.0
  SINCE JUL 1      T                         0.8   -0.8       T
  SNOW DEPTH       0

DEGREE DAYS
 HEATING
  YESTERDAY       26                        26      0       22
  MONTH TO DATE  225                       235    -10      234
  SINCE JUL 1    785                       863    -78      748

 COOLING
  YESTERDAY        0                         0      0        0
  MONTH TO DATE    0                         0      0        0
  SINCE JAN 1    822                       782     40      917
..................................................................


WIND (MPH)
  HIGHEST WIND SPEED    20   HIGHEST WIND DIRECTION     E (110)
  HIGHEST GUST SPEED    27   HIGHEST GUST DIRECTION     E (110)
  AVERAGE WIND SPEED    10.4


SKY COVER
  POSSIBLE SUNSHINE  MM
  AVERAGE SKY COVER 1.0


WEATHER CONDITIONS
 THE FOLLOWING WEATHER WAS RECORDED YESTERDAY.
  LIGHT RAIN
  LT FREEZING RAIN
  LIGHT SNOW
  FOG
  HAZE


RELATIVE HUMIDITY (PERCENT)
 HIGHEST    96          1100 PM
 LOWEST     64           300 AM
 AVERAGE    80

..........................................................


THE LA CROSSE WI CLIMATE NORMALS FOR TODAY
                         NORMAL    RECORD    YEAR
 MAXIMUM TEMPERATURE (F)   47        70      1964
 MINIMUM TEMPERATURE (F)   31         4      1986


SUNRISE AND SUNSET
NOVEMBER 11 2014......SUNRISE   654 AM CST   SUNSET   443 PM CST
NOVEMBER 12 2014......SUNRISE   656 AM CST   SUNSET   442 PM CST


-  INDICATES NEGATIVE NUMBERS.
R  INDICATES RECORD WAS SET OR TIED.
MM INDICATES DATA IS MISSING.
T  INDICATES TRACE AMOUNT.




$$
