000
CDUS43 KARX 290638
CLILSE


CLIMATE REPORT
NATIONAL WEATHER SERVICE LA CROSSE WI
1237 AM CST WED NOV 29 2017


...................................

...THE LA CROSSE WI CLIMATE SUMMARY FOR NOVEMBER 28 2017...

CLIMATE NORMAL PERIOD 1981 TO 2010
CLIMATE RECORD PERIOD 1873 TO 2017


WEATHER ITEM   OBSERVED TIME   RECORD YEAR NORMAL DEPARTURE LAST
                VALUE   (LST)  VALUE       VALUE  FROM      YEAR
                                                  NORMAL
..................................................................
TEMPERATURE (F)
 YESTERDAY
  MAXIMUM         59   1243 AM  62    1998  36     23       51
  MINIMUM         39   1153 PM -19    1887  22     17       41
  AVERAGE         49                        29     20       46

PRECIPITATION (IN)
  YESTERDAY        0.00          0.89 1987   0.06  -0.06     0.21
  MONTH TO DATE    0.35                      1.88  -1.53     1.10
  SINCE SEP 1      7.31                      7.61  -0.30    13.79
  SINCE JAN 1     39.07                     31.57   7.50    42.51

SNOWFALL (IN)
  YESTERDAY        0.0           5.5  1918   0.3   -0.3      0.0
  MONTH TO DATE    T                         3.6   -3.6       T
  SINCE JUL 1      T                         3.8   -3.8       T
  SNOW DEPTH       0

DEGREE DAYS
 HEATING
  YESTERDAY       16                        36    -20       19
  MONTH TO DATE  789                       798     -9      509
  SINCE JUL 1   1181                      1426   -245      812

 COOLING
  YESTERDAY        0                         0      0        0
  MONTH TO DATE    0                         0      0        0
  SINCE JAN 1   1001                       782    219     1033
..................................................................


WIND (MPH)
  HIGHEST WIND SPEED    29   HIGHEST WIND DIRECTION     S (200)
  HIGHEST GUST SPEED    37   HIGHEST GUST DIRECTION     S (200)
  AVERAGE WIND SPEED    10.7


SKY COVER
  POSSIBLE SUNSHINE  MM
  AVERAGE SKY COVER 0.0


WEATHER CONDITIONS
 THE FOLLOWING WEATHER WAS RECORDED YESTERDAY.
  NO SIGNIFICANT WEATHER WAS OBSERVED.


RELATIVE HUMIDITY (PERCENT)
 HIGHEST    89           700 AM
 LOWEST     25           700 PM
 AVERAGE    57

..........................................................


THE LA CROSSE WI CLIMATE NORMALS FOR TODAY
                         NORMAL    RECORD    YEAR
 MAXIMUM TEMPERATURE (F)   36        65      1998
 MINIMUM TEMPERATURE (F)   21       -21      1875


SUNRISE AND SUNSET
NOVEMBER 29 2017......SUNRISE   717 AM CST   SUNSET   429 PM CST
NOVEMBER 30 2017......SUNRISE   718 AM CST   SUNSET   429 PM CST


-  INDICATES NEGATIVE NUMBERS.
R  INDICATES RECORD WAS SET OR TIED.
MM INDICATES DATA IS MISSING.
T  INDICATES TRACE AMOUNT.




$$
