349
CDUS43 KARX 072231
CLILSE


CLIMATE REPORT
NATIONAL WEATHER SERVICE LA CROSSE WI
431 PM CST SAT JAN 7 2017


...................................

...THE LA CROSSE WI CLIMATE SUMMARY FOR JANUARY 7 2017...
VALID TODAY AS OF 0430 PM LOCAL TIME.

CLIMATE NORMAL PERIOD 1981 TO 2010
CLIMATE RECORD PERIOD 1873 TO 2017


WEATHER ITEM   OBSERVED TIME   RECORD YEAR NORMAL DEPARTURE LAST
                VALUE   (LST)  VALUE       VALUE  FROM      YEAR
                                                  NORMAL
..................................................................
TEMPERATURE (F)
 TODAY
  MAXIMUM         13    316 PM  56    2003  25    -12       35
  MINIMUM         -3    506 AM -34    1912   9    -12       31
  AVERAGE          5                        17    -12       33

PRECIPITATION (IN)
  TODAY            0.00          0.53 1907   0.04  -0.04     0.31
  MONTH TO DATE    0.23                      0.24  -0.01     0.33
  SINCE DEC 1      2.42                      1.60   0.82     5.26
  SINCE JAN 1      0.23                      0.24  -0.01     0.33

SNOWFALL (IN)
  TODAY            0.0           6.0  1913   0.3   -0.3      0.8
  MONTH TO DATE    0.3                       2.0   -1.7      1.2
  SINCE JUL 1     21.1                      17.6    3.5     13.7
  SNOW DEPTH       3

DEGREE DAYS
 HEATING
  TODAY           60                        48     12       32
  MONTH TO DATE  355                       332     23      273
  SINCE JUL 1   2490                      3176   -686     2308

 COOLING
  TODAY            0                         0      0        0
  MONTH TO DATE    0                         0      0        0
  SINCE JAN 1      0                         0      0        0
..................................................................


WIND (MPH)
  HIGHEST WIND SPEED    18   HIGHEST WIND DIRECTION    NW (320)
  HIGHEST GUST SPEED    22   HIGHEST GUST DIRECTION    NW (310)
  AVERAGE WIND SPEED     6.2


SKY COVER
  POSSIBLE SUNSHINE  MM
  AVERAGE SKY COVER 0.1


WEATHER CONDITIONS
 THE FOLLOWING WEATHER WAS RECORDED TODAY.
  NO SIGNIFICANT WEATHER WAS OBSERVED.


RELATIVE HUMIDITY (PERCENT)
 HIGHEST    79           400 AM
 LOWEST     53           300 PM
 AVERAGE    66

..........................................................


THE LA CROSSE WI CLIMATE NORMALS FOR TOMORROW
                         NORMAL    RECORD    YEAR
 MAXIMUM TEMPERATURE (F)   25        55      2003
 MINIMUM TEMPERATURE (F)    9       -25      1881
                                             1875


SUNRISE AND SUNSET
JANUARY  7 2017.......SUNRISE   739 AM CST   SUNSET   444 PM CST
JANUARY  8 2017.......SUNRISE   739 AM CST   SUNSET   445 PM CST


-  INDICATES NEGATIVE NUMBERS.
R  INDICATES RECORD WAS SET OR TIED.
MM INDICATES DATA IS MISSING.
T  INDICATES TRACE AMOUNT.




$$
