000
CDUS43 KARX 080645
CLILSE


CLIMATE REPORT
NATIONAL WEATHER SERVICE LA CROSSE WI
139 AM CDT MON SEP 8 2014


...................................

...THE LA CROSSE WI CLIMATE SUMMARY FOR SEPTEMBER 7 2014...

CLIMATE NORMAL PERIOD 1981 TO 2010
CLIMATE RECORD PERIOD 1873 TO 2014


WEATHER ITEM   OBSERVED TIME   RECORD YEAR NORMAL DEPARTURE LAST
                VALUE   (LST)  VALUE       VALUE  FROM      YEAR
                                                  NORMAL
..................................................................
TEMPERATURE (F)
 YESTERDAY
  MAXIMUM         80    339 PM 100    1978  77      3       94
  MINIMUM         54    525 AM  40    1986  56     -2       71
                                      1956
  AVERAGE         67                        66      1       83

PRECIPITATION (IN)
  YESTERDAY        0.00          2.16 1941   0.13  -0.13     0.00
  MONTH TO DATE    0.46                      0.86  -0.40      T
  SINCE SEP 1      0.46                      0.86  -0.40      T
  SINCE JAN 1     29.94                     24.82   5.12    27.15

SNOWFALL (IN)
  YESTERDAY        0.0           0.0  2002   0.0    0.0      0.0
                                      2001
  MONTH TO DATE    0.0                       0.0    0.0      0.0
  SINCE JUL 1      0.0                       0.0    0.0       T
  SNOW DEPTH       0

DEGREE DAYS
 HEATING
  YESTERDAY        0                         2     -2        0
  MONTH TO DATE    1                        12    -11        6
  SINCE JUL 1      4                        32    -28       20

 COOLING
  YESTERDAY        2                         4     -2       18
  MONTH TO DATE   38                        30      8       52
  SINCE JAN 1    786                       730     56      837
..................................................................


WIND (MPH)
  HIGHEST WIND SPEED    15   HIGHEST WIND DIRECTION    SW (230)
  HIGHEST GUST SPEED    18   HIGHEST GUST DIRECTION    SW (220)
  AVERAGE WIND SPEED     6.3


SKY COVER
  POSSIBLE SUNSHINE  MM
  AVERAGE SKY COVER 0.1


WEATHER CONDITIONS
 THE FOLLOWING WEATHER WAS RECORDED YESTERDAY.
  NO SIGNIFICANT WEATHER WAS OBSERVED.


RELATIVE HUMIDITY (PERCENT)
 HIGHEST    93           300 AM
 LOWEST     39           200 PM
 AVERAGE    66

..........................................................


THE LA CROSSE WI CLIMATE NORMALS FOR TODAY
                         NORMAL    RECORD    YEAR
 MAXIMUM TEMPERATURE (F)   76        99      1978
 MINIMUM TEMPERATURE (F)   56        35      1883


SUNRISE AND SUNSET
SEPTEMBER  8 2014.....SUNRISE   636 AM CDT   SUNSET   728 PM CDT
SEPTEMBER  9 2014.....SUNRISE   637 AM CDT   SUNSET   726 PM CDT


-  INDICATES NEGATIVE NUMBERS.
R  INDICATES RECORD WAS SET OR TIED.
MM INDICATES DATA IS MISSING.
T  INDICATES TRACE AMOUNT.




$$
