000
CDUS43 KARX 162234
CLILSE


CLIMATE REPORT
NATIONAL WEATHER SERVICE LA CROSSE WI
430 PM CST FRI JAN 16 2015


...................................

...THE LA CROSSE WI CLIMATE SUMMARY FOR JANUARY 16 2015...
VALID TODAY AS OF 0400 PM LOCAL TIME.

CLIMATE NORMAL PERIOD 1981 TO 2010
CLIMATE RECORD PERIOD 1873 TO 2015


WEATHER ITEM   OBSERVED TIME   RECORD YEAR NORMAL DEPARTURE LAST
                VALUE   (LST)  VALUE       VALUE  FROM      YEAR
                                                  NORMAL
..................................................................
TEMPERATURE (F)
 TODAY
  MAXIMUM         37    322 PM  51    1974  26     11       34
                                      1913
  MINIMUM         24   1247 AM -39    1888   9     15       10
  AVERAGE         31                        17     14       22

PRECIPITATION (IN)
  TODAY            0.00          0.78 1980   0.04  -0.04      T
  MONTH TO DATE    0.42                      0.56  -0.14     0.45
  SINCE DEC 1      1.52                      1.92  -0.40     1.97
  SINCE JAN 1      0.42                      0.56  -0.14     0.45

SNOWFALL (IN)
  TODAY            0.0           5.5  1994   0.3   -0.3       T
  MONTH TO DATE    5.8                       4.9    0.9      7.5
  SINCE JUL 1     15.6                      20.5   -4.9     21.2
  SNOW DEPTH       4

DEGREE DAYS
 HEATING
  TODAY           34                        48    -14       43
  MONTH TO DATE  843                       764     79      857
  SINCE JUL 1   3582                      3608    -26     3785

 COOLING
  TODAY            0                         0      0        0
  MONTH TO DATE    0                         0      0        0
  SINCE JAN 1      0                         0      0        0
..................................................................


WIND (MPH)
  HIGHEST WIND SPEED    16   HIGHEST WIND DIRECTION     E (100)
  HIGHEST GUST SPEED    24   HIGHEST GUST DIRECTION     E (110)
  AVERAGE WIND SPEED     6.8


SKY COVER
  POSSIBLE SUNSHINE  MM
  AVERAGE SKY COVER 0.9


WEATHER CONDITIONS
 THE FOLLOWING WEATHER WAS RECORDED TODAY.
  NO SIGNIFICANT WEATHER WAS OBSERVED.


RELATIVE HUMIDITY (PERCENT)
 HIGHEST    88          1200 AM
 LOWEST     63          1100 AM
 AVERAGE    76

..........................................................


THE LA CROSSE WI CLIMATE NORMALS FOR TOMORROW
                         NORMAL    RECORD    YEAR
 MAXIMUM TEMPERATURE (F)   26        56      1894
 MINIMUM TEMPERATURE (F)    8       -30      1873


SUNRISE AND SUNSET
JANUARY 16 2015.......SUNRISE   736 AM CST   SUNSET   454 PM CST
JANUARY 17 2015.......SUNRISE   735 AM CST   SUNSET   455 PM CST


-  INDICATES NEGATIVE NUMBERS.
R  INDICATES RECORD WAS SET OR TIED.
MM INDICATES DATA IS MISSING.
T  INDICATES TRACE AMOUNT.




$$
