009
CDUS43 KARX 150646
CLILSE


CLIMATE REPORT
NATIONAL WEATHER SERVICE LA CROSSE WI
145 AM CDT WED MAR 15 2017


...................................

...THE LA CROSSE WI CLIMATE SUMMARY FOR MARCH 14 2017...

CLIMATE NORMAL PERIOD 1981 TO 2010
CLIMATE RECORD PERIOD 1873 TO 2017


WEATHER ITEM   OBSERVED TIME   RECORD YEAR NORMAL DEPARTURE LAST
                VALUE   (LST)  VALUE       VALUE  FROM      YEAR
                                                  NORMAL
..................................................................
TEMPERATURE (F)
 YESTERDAY
  MAXIMUM         30    311 PM  75    2012  43    -13       55
  MINIMUM          7    621 AM -10    1975  24    -17       46
  AVERAGE         19                        34    -15       51

PRECIPITATION (IN)
  YESTERDAY        0.00          1.26 1913   0.06  -0.06      T
  MONTH TO DATE    0.91                      0.80   0.11     0.40
  SINCE MAR 1      0.91                      0.80   0.11     0.40
  SINCE JAN 1      4.77                      2.97   1.80     2.05

SNOWFALL (IN)
  YESTERDAY        0.0           7.0  1918   0.2   -0.2      0.0
  MONTH TO DATE    8.0                       4.0    4.0      4.8
  SINCE JUL 1     42.2                      38.5    3.7     32.2
  SNOW DEPTH       4

DEGREE DAYS
 HEATING
  YESTERDAY       46                        31     15       14
  MONTH TO DATE  475                       480     -5      340
  SINCE JUL 1   4755                      5989  -1234     4915

 COOLING
  YESTERDAY        0                         0      0        0
  MONTH TO DATE    0                         0      0        0
  SINCE JAN 1      0                         0      0        0
..................................................................


WIND (MPH)
  HIGHEST WIND SPEED    16   HIGHEST WIND DIRECTION     N (340)
  HIGHEST GUST SPEED    20   HIGHEST GUST DIRECTION     N (350)
  AVERAGE WIND SPEED     7.2


SKY COVER
  POSSIBLE SUNSHINE  MM
  AVERAGE SKY COVER 0.2


WEATHER CONDITIONS
 THE FOLLOWING WEATHER WAS RECORDED YESTERDAY.
  NO SIGNIFICANT WEATHER WAS OBSERVED.


RELATIVE HUMIDITY (PERCENT)
 HIGHEST    80           600 AM
 LOWEST     35           300 PM
 AVERAGE    58

..........................................................


THE LA CROSSE WI CLIMATE NORMALS FOR TODAY
                         NORMAL    RECORD    YEAR
 MAXIMUM TEMPERATURE (F)   43        71      2012
 MINIMUM TEMPERATURE (F)   25        -3      1956


SUNRISE AND SUNSET
MARCH 15 2017.........SUNRISE   717 AM CDT   SUNSET   712 PM CDT
MARCH 16 2017.........SUNRISE   715 AM CDT   SUNSET   713 PM CDT


-  INDICATES NEGATIVE NUMBERS.
R  INDICATES RECORD WAS SET OR TIED.
MM INDICATES DATA IS MISSING.
T  INDICATES TRACE AMOUNT.




$$
