000
CDUS43 KARX 220700
CLILSE


CLIMATE REPORT
NATIONAL WEATHER SERVICE LA CROSSE WI
1259 AM CST SUN FEB 22 2015


...................................

...THE LA CROSSE WI CLIMATE SUMMARY FOR FEBRUARY 21 2015...

CLIMATE NORMAL PERIOD 1981 TO 2010
CLIMATE RECORD PERIOD 1873 TO 2015


WEATHER ITEM   OBSERVED TIME   RECORD YEAR NORMAL DEPARTURE LAST
                VALUE   (LST)  VALUE       VALUE  FROM      YEAR
                                                  NORMAL
..................................................................
TEMPERATURE (F)
 YESTERDAY
  MAXIMUM         29    136 PM  64    1930  33     -4       32
  MINIMUM          9   1159 PM -25    1873  16     -7       13
  AVERAGE         19                        25     -6       23

PRECIPITATION (IN)
  YESTERDAY        T             0.70 1945   0.03  -0.03     0.01
                                      1922
  MONTH TO DATE    0.48                      0.74  -0.26     1.27
  SINCE DEC 1      2.25                      3.22  -0.97     3.77
  SINCE JAN 1      1.15                      1.86  -0.71     2.25

SNOWFALL (IN)
  YESTERDAY        T             7.4  1945   0.3   -0.3      0.2
  MONTH TO DATE    8.2                       6.3    1.9      9.5
  SINCE JUL 1     27.4                      32.6   -5.2     38.9
  SNOW DEPTH       5

DEGREE DAYS
 HEATING
  YESTERDAY       46                        40      6       42
  MONTH TO DATE 1091                       919    172     1135
  SINCE JUL 1   5198                      5238    -40     5782

 COOLING
  YESTERDAY        0                         0      0        0
  MONTH TO DATE    0                         0      0        0
  SINCE JAN 1      0                         0      0        0
..................................................................


WIND (MPH)
  HIGHEST WIND SPEED    16   HIGHEST WIND DIRECTION    NW (310)
  HIGHEST GUST SPEED    19   HIGHEST GUST DIRECTION    NW (310)
  AVERAGE WIND SPEED     7.7


SKY COVER
  POSSIBLE SUNSHINE  MM
  AVERAGE SKY COVER 0.8


WEATHER CONDITIONS
 THE FOLLOWING WEATHER WAS RECORDED YESTERDAY.
  LIGHT SNOW


RELATIVE HUMIDITY (PERCENT)
 HIGHEST    77           300 AM
 LOWEST     57           300 PM
 AVERAGE    67

..........................................................


THE LA CROSSE WI CLIMATE NORMALS FOR TODAY
                         NORMAL    RECORD    YEAR
 MAXIMUM TEMPERATURE (F)   34        62      1984
 MINIMUM TEMPERATURE (F)   16       -22      1873


SUNRISE AND SUNSET
FEBRUARY 22 2015......SUNRISE   654 AM CST   SUNSET   544 PM CST
FEBRUARY 23 2015......SUNRISE   652 AM CST   SUNSET   545 PM CST


-  INDICATES NEGATIVE NUMBERS.
R  INDICATES RECORD WAS SET OR TIED.
MM INDICATES DATA IS MISSING.
T  INDICATES TRACE AMOUNT.




$$
