000
CDUS43 KARX 052133
CLILSE


CLIMATE REPORT
NATIONAL WEATHER SERVICE LA CROSSE WI
432 PM CDT TUE SEP 5 2017


...................................

...THE LA CROSSE WI CLIMATE SUMMARY FOR SEPTEMBER 5 2017...
VALID TODAY AS OF 0430 PM LOCAL TIME.

CLIMATE NORMAL PERIOD 1981 TO 2010
CLIMATE RECORD PERIOD 1873 TO 2017


WEATHER ITEM   OBSERVED TIME   RECORD YEAR NORMAL DEPARTURE LAST
                VALUE   (LST)  VALUE       VALUE  FROM      YEAR
                                                  NORMAL
..................................................................
TEMPERATURE (F)
 TODAY
  MAXIMUM         71    206 PM  95    1922  77     -6       84
  MINIMUM         55    549 AM  40    1918  57     -2       69
  AVERAGE         63                        67     -4       77

PRECIPITATION (IN)
  TODAY            0.00          2.70 1925   0.12  -0.12     0.50
  MONTH TO DATE    0.17                      0.61  -0.44     0.50
  SINCE SEP 1      0.17                      0.61  -0.44     0.50
  SINCE JAN 1     31.93                     24.57   7.36    29.22

SNOWFALL (IN)
  TODAY            0.0           0.0  2002   0.0    0.0      0.0
                                      2001
  MONTH TO DATE    0.0                       0.0    0.0      0.0
  SINCE JUL 1      0.0                       0.0    0.0      0.0
  SNOW DEPTH       0

DEGREE DAYS
 HEATING
  TODAY            2                         2      0        0
  MONTH TO DATE    3                         8     -5        0
  SINCE JUL 1      3                        28    -25        0

 COOLING
  TODAY            0                         4     -4       12
  MONTH TO DATE   15                        22     -7       23
  SINCE JAN 1    830                       722    108      932
..................................................................


WIND (MPH)
  HIGHEST WIND SPEED    25   HIGHEST WIND DIRECTION    NW (320)
  HIGHEST GUST SPEED    32   HIGHEST GUST DIRECTION    NW (310)
  AVERAGE WIND SPEED    15.3


SKY COVER
  POSSIBLE SUNSHINE  MM
  AVERAGE SKY COVER 0.3


WEATHER CONDITIONS
 THE FOLLOWING WEATHER WAS RECORDED TODAY.
  NO SIGNIFICANT WEATHER WAS OBSERVED.


RELATIVE HUMIDITY (PERCENT)
 HIGHEST    77          1200 AM
 LOWEST     39           100 PM
 AVERAGE    58

..........................................................


THE LA CROSSE WI CLIMATE NORMALS FOR TOMORROW
                         NORMAL    RECORD    YEAR
 MAXIMUM TEMPERATURE (F)   77       101      1922
 MINIMUM TEMPERATURE (F)   57        41      1988
                                             1892


SUNRISE AND SUNSET
SEPTEMBER  5 2017.....SUNRISE   633 AM CDT   SUNSET   733 PM CDT
SEPTEMBER  6 2017.....SUNRISE   634 AM CDT   SUNSET   731 PM CDT


-  INDICATES NEGATIVE NUMBERS.
R  INDICATES RECORD WAS SET OR TIED.
MM INDICATES DATA IS MISSING.
T  INDICATES TRACE AMOUNT.




$$
