000
CDUS43 KARX 220629
CLILSE


CLIMATE REPORT
NATIONAL WEATHER SERVICE LA CROSSE WI
129 AM CDT SUN MAY 22 2016


...................................

...THE LA CROSSE WI CLIMATE SUMMARY FOR MAY 21 2016...

CLIMATE NORMAL PERIOD 1981 TO 2010
CLIMATE RECORD PERIOD 1873 TO 2016


WEATHER ITEM   OBSERVED TIME   RECORD YEAR NORMAL DEPARTURE LAST
                VALUE   (LST)  VALUE       VALUE  FROM      YEAR
                                                  NORMAL
..................................................................
TEMPERATURE (F)
 YESTERDAY
  MAXIMUM         82    350 PM  92    1970  72     10       78
  MINIMUM         47    532 AM  31    1883  50     -3       45
  AVERAGE         65                        61      4       62

PRECIPITATION (IN)
  YESTERDAY        0.00          2.83 1945   0.11  -0.11     0.00
  MONTH TO DATE    1.44                      2.34  -0.90     1.83
  SINCE MAR 1      6.13                      7.72  -1.59     6.80
  SINCE JAN 1      7.78                      9.89  -2.11     8.01

SNOWFALL (IN)
  YESTERDAY        0.0           0.0  2002   0.0    0.0      0.0
                                      2001
  MONTH TO DATE    0.0                       0.1   -0.1      0.0
  SINCE JUL 1     40.3                      43.4   -3.1     38.8
  SNOW DEPTH       0

DEGREE DAYS
 HEATING
  YESTERDAY        0                         5     -5        3
  MONTH TO DATE  192                       162     30      121
  SINCE JUL 1   5949                      7114  -1165     7028

 COOLING
  YESTERDAY        0                         2     -2        0
  MONTH TO DATE    7                        20    -13       35
  SINCE JAN 1     18                        27     -9       36
..................................................................


WIND (MPH)
  HIGHEST WIND SPEED    13   HIGHEST WIND DIRECTION     W (270)
  HIGHEST GUST SPEED    15   HIGHEST GUST DIRECTION     N (340)
  AVERAGE WIND SPEED     3.5


SKY COVER
  POSSIBLE SUNSHINE  MM
  AVERAGE SKY COVER 0.0


WEATHER CONDITIONS
 THE FOLLOWING WEATHER WAS RECORDED YESTERDAY.
  NO SIGNIFICANT WEATHER WAS OBSERVED.


RELATIVE HUMIDITY (PERCENT)
 HIGHEST    86           300 AM
 LOWEST     21           300 PM
 AVERAGE    54

..........................................................


THE LA CROSSE WI CLIMATE NORMALS FOR TODAY
                         NORMAL    RECORD    YEAR
 MAXIMUM TEMPERATURE (F)   73        98      1925
 MINIMUM TEMPERATURE (F)   51        33      1967


SUNRISE AND SUNSET
MAY 22 2016...........SUNRISE   532 AM CDT   SUNSET   832 PM CDT
MAY 23 2016...........SUNRISE   531 AM CDT   SUNSET   833 PM CDT


-  INDICATES NEGATIVE NUMBERS.
R  INDICATES RECORD WAS SET OR TIED.
MM INDICATES DATA IS MISSING.
T  INDICATES TRACE AMOUNT.




$$
