000
CDUS43 KARX 200715
CLILSE


CLIMATE REPORT
NATIONAL WEATHER SERVICE LA CROSSE WI
213 AM CDT WED MAY 20 2015

...THE LA CROSSE WI CLIMATE SUMMARY FOR MAY 19 2015...

CLIMATE NORMAL PERIOD 1981 TO 2010
CLIMATE RECORD PERIOD 1873 TO 2015

WEATHER ITEM   OBSERVED TIME   RECORD YEAR NORMAL DEPARTURE LAST
                VALUE   (LST)  VALUE       VALUE  FROM      YEAR
                                                  NORMAL
..................................................................
TEMPERATURE (F)
 YESTERDAY
  MAXIMUM         56    316 PM  96    1934  72    -16       60
  MINIMUM         40    627 AM  32    1929  50    -10       55
  AVERAGE         48                        61    -13       58

PRECIPITATION (IN)
  YESTERDAY        0.01          3.06 1912   0.11  -0.10     0.17
  MONTH TO DATE    1.83                      2.11  -0.28     1.77
  SINCE MAR 1      6.80                      7.49  -0.69    10.11
  SINCE JAN 1      8.01                      9.66  -1.65    12.47

SNOWFALL (IN)
  YESTERDAY        0.0           0.0  2002   0.0    0.0      0.0
                                      2001
  MONTH TO DATE    0.0                       0.1   -0.1      0.0
  SINCE JUL 1     38.8                      43.4   -4.6     48.9
  SNOW DEPTH       0

DEGREE DAYS
 HEATING
  YESTERDAY       17                         6     11        7
  MONTH TO DATE  104                       151    -47      186
  SINCE JUL 1   7011                      7103    -92     8126

 COOLING
  YESTERDAY        0                         1     -1        0
  MONTH TO DATE   35                        17     18        2
  SINCE JAN 1     36                        24     12        2
..................................................................

WIND (MPH)
  HIGHEST WIND SPEED    18   HIGHEST WIND DIRECTION    NW (320)
  HIGHEST GUST SPEED    24   HIGHEST GUST DIRECTION     W (290)
  AVERAGE WIND SPEED     9.9

SKY COVER
  POSSIBLE SUNSHINE  MM
  AVERAGE SKY COVER 0.6

WEATHER CONDITIONS
 THE FOLLOWING WEATHER WAS RECORDED YESTERDAY.
  LIGHT RAIN
  FOG

RELATIVE HUMIDITY (PERCENT)
 HIGHEST    89           300 AM
 LOWEST     43           300 PM
 AVERAGE    66
..........................................................

THE LA CROSSE WI CLIMATE NORMALS FOR TODAY
                         NORMAL    RECORD    YEAR
 MAXIMUM TEMPERATURE (F)   72        94      1934
 MINIMUM TEMPERATURE (F)   50        32      1892

SUNRISE AND SUNSET
MAY 20 2015...........SUNRISE   535 AM CDT   SUNSET   829 PM CDT
MAY 21 2015...........SUNRISE   534 AM CDT   SUNSET   830 PM CDT

-  INDICATES NEGATIVE NUMBERS.
R  INDICATES RECORD WAS SET OR TIED.
MM INDICATES DATA IS MISSING.
T  INDICATES TRACE AMOUNT.

$$

BOYNE
