000
CDUS43 KARX 021448
CLILSE


CLIMATE REPORT
NATIONAL WEATHER SERVICE LA CROSSE WI
848 AM CST FRI FEB 2 2018


...................................

...THE LA CROSSE WI CLIMATE SUMMARY FOR FEBRUARY 1 2018...

CLIMATE NORMAL PERIOD 1981 TO 2010
CLIMATE RECORD PERIOD 1873 TO 2018


WEATHER ITEM   OBSERVED TIME   RECORD YEAR NORMAL DEPARTURE LAST
                VALUE   (LST)  VALUE       VALUE  FROM      YEAR
                                                  NORMAL
..................................................................
TEMPERATURE (F)
 YESTERDAY
  MAXIMUM         28   1206 AM  48    1931  28      0       34
  MINIMUM          2   1134 PM -28    1918  10     -8       12
  AVERAGE         15                        19     -4       23

PRECIPITATION (IN)
  YESTERDAY        T             0.80 1922   0.03  -0.03     0.03
                                      1915
  MONTH TO DATE    T                         0.03  -0.03     0.03
  SINCE DEC 1      1.91                      2.51  -0.60     4.91
  SINCE JAN 1      1.38                      1.15   0.23     2.72

SNOWFALL (IN)
  YESTERDAY        T             8.7  1915   0.4   -0.4      0.5
  MONTH TO DATE    T                         0.4   -0.4      0.5
  SINCE JUL 1     15.2                      26.7  -11.5     30.8
  SNOW DEPTH       T

DEGREE DAYS
 HEATING
  YESTERDAY       50                        46      4       42
  MONTH TO DATE   50                        46      4       42
  SINCE JUL 1   4035                      4365   -330     3439

 COOLING
  YESTERDAY        0                         0      0        0
  MONTH TO DATE    0                         0      0        0
  SINCE JAN 1      0                         0      0        0
..................................................................


WIND (MPH)
  HIGHEST WIND SPEED    32   HIGHEST WIND DIRECTION    NW (310)
  HIGHEST GUST SPEED    41   HIGHEST GUST DIRECTION    NW (320)
  AVERAGE WIND SPEED    16.4


SKY COVER
  POSSIBLE SUNSHINE  MM
  AVERAGE SKY COVER 0.2


WEATHER CONDITIONS
 THE FOLLOWING WEATHER WAS RECORDED YESTERDAY.
  NO SIGNIFICANT WEATHER WAS OBSERVED.


RELATIVE HUMIDITY (PERCENT)
 HIGHEST    78          1200 AM
 LOWEST     41           100 PM
 AVERAGE    60

..........................................................


THE LA CROSSE WI CLIMATE NORMALS FOR TODAY
                         NORMAL    RECORD    YEAR
 MAXIMUM TEMPERATURE (F)   28        51      2006
 MINIMUM TEMPERATURE (F)   10       -34      1996


SUNRISE AND SUNSET
FEBRUARY  2 2018......SUNRISE   721 AM CST   SUNSET   517 PM CST
FEBRUARY  3 2018......SUNRISE   720 AM CST   SUNSET   519 PM CST


-  INDICATES NEGATIVE NUMBERS.
R  INDICATES RECORD WAS SET OR TIED.
MM INDICATES DATA IS MISSING.
T  INDICATES TRACE AMOUNT.




$$
