000
CDUS43 KARX 230639
CLILSE


CLIMATE REPORT
NATIONAL WEATHER SERVICE LA CROSSE WI
1237 AM CST MON FEB 23 2015


...................................

...THE LA CROSSE WI CLIMATE SUMMARY FOR FEBRUARY 22 2015...

CLIMATE NORMAL PERIOD 1981 TO 2010
CLIMATE RECORD PERIOD 1873 TO 2015


WEATHER ITEM   OBSERVED TIME   RECORD YEAR NORMAL DEPARTURE LAST
                VALUE   (LST)  VALUE       VALUE  FROM      YEAR
                                                  NORMAL
..................................................................
TEMPERATURE (F)
 YESTERDAY
  MAXIMUM          9    154 AM  62    1984  34    -25       21
  MINIMUM        -10   1122 PM -22    1873  16    -26        9
  AVERAGE          0                        25    -25       15

PRECIPITATION (IN)
  YESTERDAY        0.00          2.05 1922   0.04  -0.04     0.00
  MONTH TO DATE    0.48                      0.78  -0.30     1.27
  SINCE DEC 1      2.25                      3.26  -1.01     3.77
  SINCE JAN 1      1.15                      1.90  -0.75     2.25

SNOWFALL (IN)
  YESTERDAY        0.0           8.8  1928   0.2   -0.2      0.0
  MONTH TO DATE    8.2                       6.5    1.7      9.5
  SINCE JUL 1     27.4                      32.8   -5.4     38.9
  SNOW DEPTH       5

DEGREE DAYS
 HEATING
  YESTERDAY       65                        40     25       50
  MONTH TO DATE 1156                       959    197     1185
  SINCE JUL 1   5263                      5278    -15     5832

 COOLING
  YESTERDAY        0                         0      0        0
  MONTH TO DATE    0                         0      0        0
  SINCE JAN 1      0                         0      0        0
..................................................................


WIND (MPH)
  HIGHEST WIND SPEED    18   HIGHEST WIND DIRECTION    NW (310)
  HIGHEST GUST SPEED    22   HIGHEST GUST DIRECTION    NW (300)
  AVERAGE WIND SPEED    10.3


SKY COVER
  POSSIBLE SUNSHINE  MM
  AVERAGE SKY COVER 0.1


WEATHER CONDITIONS
 THE FOLLOWING WEATHER WAS RECORDED YESTERDAY.
  NO SIGNIFICANT WEATHER WAS OBSERVED.


RELATIVE HUMIDITY (PERCENT)
 HIGHEST    69          1200 AM
 LOWEST     49           300 PM
 AVERAGE    59

..........................................................


THE LA CROSSE WI CLIMATE NORMALS FOR TODAY
                         NORMAL    RECORD    YEAR
 MAXIMUM TEMPERATURE (F)   34        62      2000
 MINIMUM TEMPERATURE (F)   17       -29      1873


SUNRISE AND SUNSET
FEBRUARY 23 2015......SUNRISE   652 AM CST   SUNSET   545 PM CST
FEBRUARY 24 2015......SUNRISE   650 AM CST   SUNSET   547 PM CST


-  INDICATES NEGATIVE NUMBERS.
R  INDICATES RECORD WAS SET OR TIED.
MM INDICATES DATA IS MISSING.
T  INDICATES TRACE AMOUNT.




$$
