971
CDUS43 KARX 070637
CLILSE


CLIMATE REPORT
NATIONAL WEATHER SERVICE LA CROSSE WI
1236 AM CST SUN FEB 7 2016

...THE LA CROSSE WI CLIMATE SUMMARY FOR FEBRUARY 6 2016...

CLIMATE NORMAL PERIOD 1981 TO 2010
CLIMATE RECORD PERIOD 1873 TO 2016

WEATHER ITEM   OBSERVED TIME   RECORD YEAR NORMAL DEPARTURE LAST
                VALUE   (LST)  VALUE       VALUE  FROM      YEAR
                                                  NORMAL
..................................................................
TEMPERATURE (F)
 YESTERDAY
  MAXIMUM         33    223 PM  59    1878  29      4       34
  MINIMUM         25   1257 AM -22    1982  11     14       10
  AVERAGE         29                        20      9       22

PRECIPITATION (IN)
  YESTERDAY        0.00          0.37 1928   0.03  -0.03     0.00
  MONTH TO DATE    0.58                      0.21   0.37     0.35
  SINCE DEC 1      6.38                      2.69   3.69     2.12
  SINCE JAN 1      1.45                      1.33   0.12     1.02

SNOWFALL (IN)
  YESTERDAY        0.0           4.1  1914   0.3   -0.3      0.0
  MONTH TO DATE    8.4                       2.0    6.4      6.6
  SINCE JUL 1     25.0                      28.3   -3.3     25.8
  SNOW DEPTH      10

DEGREE DAYS
 HEATING
  YESTERDAY       36                        45     -9       43
  MONTH TO DATE  256                       275    -19      325
  SINCE JUL 1   3695                      4594   -899     4432

 COOLING
  YESTERDAY        0                         0      0        0
  MONTH TO DATE    0                         0      0        0
  SINCE JAN 1      0                         0      0        0
..................................................................

WIND (MPH)
  HIGHEST WIND SPEED    17   HIGHEST WIND DIRECTION    SW (210)
  HIGHEST GUST SPEED    21   HIGHEST GUST DIRECTION     S (180)
  AVERAGE WIND SPEED     9.8

SKY COVER
  POSSIBLE SUNSHINE  MM
  AVERAGE SKY COVER 0.7

WEATHER CONDITIONS
 THE FOLLOWING WEATHER WAS RECORDED YESTERDAY.
  NO SIGNIFICANT WEATHER WAS OBSERVED.

RELATIVE HUMIDITY (PERCENT)
 HIGHEST    85           800 AM
 LOWEST     66           100 PM
 AVERAGE    76
..........................................................

THE LA CROSSE WI CLIMATE NORMALS FOR TODAY
                         NORMAL    RECORD    YEAR
 MAXIMUM TEMPERATURE (F)   29        54      1878
 MINIMUM TEMPERATURE (F)   11       -34      1875

SUNRISE AND SUNSET
FEBRUARY  7 2016......SUNRISE   715 AM CST   SUNSET   523 PM CST
FEBRUARY  8 2016......SUNRISE   714 AM CST   SUNSET   525 PM CST

-  INDICATES NEGATIVE NUMBERS.
R  INDICATES RECORD WAS SET OR TIED.
MM INDICATES DATA IS MISSING.
T  INDICATES TRACE AMOUNT.

$$

BOYNE
