385
CDUS43 KARX 050638
CLILSE


CLIMATE REPORT
NATIONAL WEATHER SERVICE LA CROSSE WI
137 AM CDT THU MAY 5 2016


...................................

...THE LA CROSSE WI CLIMATE SUMMARY FOR MAY 4 2016...

CLIMATE NORMAL PERIOD 1981 TO 2010
CLIMATE RECORD PERIOD 1873 TO 2016


WEATHER ITEM   OBSERVED TIME   RECORD YEAR NORMAL DEPARTURE LAST
                VALUE   (LST)  VALUE       VALUE  FROM      YEAR
                                                  NORMAL
..................................................................
TEMPERATURE (F)
 YESTERDAY
  MAXIMUM         66    320 PM  91    1952  67     -1       75
  MINIMUM         43    518 AM  27    1907  45     -2       55
  AVERAGE         55                        56     -1       65

PRECIPITATION (IN)
  YESTERDAY        0.00          1.18 1982   0.11  -0.11     0.00
                                      1902
  MONTH TO DATE    0.19                      0.46  -0.27     0.82
  SINCE MAR 1      4.88                      5.84  -0.96     5.79
  SINCE JAN 1      6.53                      8.01  -1.48     7.00

SNOWFALL (IN)
  YESTERDAY        0.0           0.0  2000   0.0    0.0      0.0
                                      2002
                                      2001
  MONTH TO DATE    0.0                       0.0    0.0      0.0
  SINCE JUL 1     40.3                      43.3   -3.0     38.8
  SNOW DEPTH       0

DEGREE DAYS
 HEATING
  YESTERDAY       10                         9      1        0
  MONTH TO DATE   43                        39      4       11
  SINCE JUL 1   5800                      6991  -1191     6918

 COOLING
  YESTERDAY        0                         1     -1        0
  MONTH TO DATE    0                         2     -2       10
  SINCE JAN 1     11                         9      2       11
..................................................................


WIND (MPH)
  HIGHEST WIND SPEED    25   HIGHEST WIND DIRECTION    NW (320)
  HIGHEST GUST SPEED    33   HIGHEST GUST DIRECTION     N (340)
  AVERAGE WIND SPEED    13.3


SKY COVER
  POSSIBLE SUNSHINE  MM
  AVERAGE SKY COVER 0.1


WEATHER CONDITIONS
 THE FOLLOWING WEATHER WAS RECORDED YESTERDAY.
  NO SIGNIFICANT WEATHER WAS OBSERVED.


RELATIVE HUMIDITY (PERCENT)
 HIGHEST    86          1200 AM
 LOWEST     20           600 PM
 AVERAGE    53

..........................................................


THE LA CROSSE WI CLIMATE NORMALS FOR TODAY
                         NORMAL    RECORD    YEAR
 MAXIMUM TEMPERATURE (F)   67        91      1949
                                             1909
 MINIMUM TEMPERATURE (F)   45        31      1967
                                             1890


SUNRISE AND SUNSET
MAY  5 2016...........SUNRISE   551 AM CDT   SUNSET   813 PM CDT
MAY  6 2016...........SUNRISE   549 AM CDT   SUNSET   814 PM CDT


-  INDICATES NEGATIVE NUMBERS.
R  INDICATES RECORD WAS SET OR TIED.
MM INDICATES DATA IS MISSING.
T  INDICATES TRACE AMOUNT.




$$
