000
CDUS43 KARX 290649
CLILSE


CLIMATE REPORT
NATIONAL WEATHER SERVICE LA CROSSE WI
148 AM CDT WED OCT 29 2014


...................................

...THE LA CROSSE WI CLIMATE SUMMARY FOR OCTOBER 28 2014...

CLIMATE NORMAL PERIOD 1981 TO 2010
CLIMATE RECORD PERIOD 1873 TO 2014


WEATHER ITEM   OBSERVED TIME   RECORD YEAR NORMAL DEPARTURE LAST
                VALUE   (LST)  VALUE       VALUE  FROM      YEAR
                                                  NORMAL
..................................................................
TEMPERATURE (F)
 YESTERDAY
  MAXIMUM         54   1215 AM  75    1945  54      0       45
  MINIMUM         44   1159 PM  17    1969  37      7       36
  AVERAGE         49                        46      3       41

PRECIPITATION (IN)
  YESTERDAY        T             4.89 1900   0.06  -0.06     0.00
  MONTH TO DATE    3.53                      1.98   1.55     3.72
  SINCE SEP 1      6.15                      5.54   0.61     5.33
  SINCE JAN 1     35.63                     29.50   6.13    32.48

SNOWFALL (IN)
  YESTERDAY        0.0           4.7  1917   0.1   -0.1      0.0
  MONTH TO DATE    0.0                       0.2   -0.2       T
  SINCE JUL 1      0.0                       0.2   -0.2       T
  SNOW DEPTH       0

DEGREE DAYS
 HEATING
  YESTERDAY       16                        20     -4       24
  MONTH TO DATE  366                       408    -42      386
  SINCE JUL 1    488                       568    -80      466

 COOLING
  YESTERDAY        0                         0      0        0
  MONTH TO DATE    0                         7     -7        1
  SINCE JAN 1    822                       781     41      917
..................................................................


WIND (MPH)
  HIGHEST WIND SPEED    28   HIGHEST WIND DIRECTION     W (290)
  HIGHEST GUST SPEED    34   HIGHEST GUST DIRECTION     W (280)
  AVERAGE WIND SPEED    14.7


SKY COVER
  POSSIBLE SUNSHINE  MM
  AVERAGE SKY COVER 0.8


WEATHER CONDITIONS
 THE FOLLOWING WEATHER WAS RECORDED YESTERDAY.
  LIGHT RAIN


RELATIVE HUMIDITY (PERCENT)
 HIGHEST    77           300 AM
 LOWEST     56          1200 PM
 AVERAGE    67

..........................................................


THE LA CROSSE WI CLIMATE NORMALS FOR TODAY
                         NORMAL    RECORD    YEAR
 MAXIMUM TEMPERATURE (F)   54        81      1937
 MINIMUM TEMPERATURE (F)   36        12      1925


SUNRISE AND SUNSET
OCTOBER 29 2014.......SUNRISE   737 AM CDT   SUNSET   559 PM CDT
OCTOBER 30 2014.......SUNRISE   739 AM CDT   SUNSET   558 PM CDT


-  INDICATES NEGATIVE NUMBERS.
R  INDICATES RECORD WAS SET OR TIED.
MM INDICATES DATA IS MISSING.
T  INDICATES TRACE AMOUNT.




$$
