000
CDUS43 KARX 230639
CLILSE


CLIMATE REPORT
NATIONAL WEATHER SERVICE LA CROSSE WI
139 AM CDT FRI SEP 23 2016


...................................

...THE LA CROSSE WI CLIMATE SUMMARY FOR SEPTEMBER 22 2016...

CLIMATE NORMAL PERIOD 1981 TO 2010
CLIMATE RECORD PERIOD 1873 TO 2016


WEATHER ITEM   OBSERVED TIME   RECORD YEAR NORMAL DEPARTURE LAST
                VALUE   (LST)  VALUE       VALUE  FROM      YEAR
                                                  NORMAL
..................................................................
TEMPERATURE (F)
 YESTERDAY
  MAXIMUM         79    404 PM  94    1895  71      8       81
  MINIMUM         66    737 AM  32    1974  50     16       57
  AVERAGE         73                        60     13       69

PRECIPITATION (IN)
  YESTERDAY        1.53          1.70 1959   0.12   1.41     0.00
  MONTH TO DATE   10.32                      2.70   7.62     2.57
  SINCE SEP 1     10.32                      2.70   7.62     2.57
  SINCE JAN 1     39.04                     26.66  12.38    25.28

SNOWFALL (IN)
  YESTERDAY        0.0           0.0  2002   0.0    0.0      0.0
                                      2001
  MONTH TO DATE    0.0                       0.0    0.0      0.0
  SINCE JUL 1      0.0                       0.0    0.0      0.0
  SNOW DEPTH       0

DEGREE DAYS
 HEATING
  YESTERDAY        0                         6     -6        0
  MONTH TO DATE    1                        75    -74       26
  SINCE JUL 1      1                        95    -94       40

 COOLING
  YESTERDAY        8                         1      7        4
  MONTH TO DATE  102                        66     36      155
  SINCE JAN 1   1011                       766    245      846
..................................................................


WIND (MPH)
  HIGHEST WIND SPEED    20   HIGHEST WIND DIRECTION     S (170)
  HIGHEST GUST SPEED    24   HIGHEST GUST DIRECTION     S (170)
  AVERAGE WIND SPEED     4.3


SKY COVER
  POSSIBLE SUNSHINE  MM
  AVERAGE SKY COVER 0.5


WEATHER CONDITIONS
 THE FOLLOWING WEATHER WAS RECORDED YESTERDAY.
  THUNDERSTORM
  HEAVY RAIN
  RAIN
  LIGHT RAIN
  FOG


RELATIVE HUMIDITY (PERCENT)
 HIGHEST    93           400 AM
 LOWEST     62           300 PM
 AVERAGE    78

..........................................................


THE LA CROSSE WI CLIMATE NORMALS FOR TODAY
                         NORMAL    RECORD    YEAR
 MAXIMUM TEMPERATURE (F)   70        91      1891
 MINIMUM TEMPERATURE (F)   49        31      2012
                                             1974


SUNRISE AND SUNSET
SEPTEMBER 23 2016.....SUNRISE   654 AM CDT   SUNSET   700 PM CDT
SEPTEMBER 24 2016.....SUNRISE   655 AM CDT   SUNSET   658 PM CDT


-  INDICATES NEGATIVE NUMBERS.
R  INDICATES RECORD WAS SET OR TIED.
MM INDICATES DATA IS MISSING.
T  INDICATES TRACE AMOUNT.




$$
