000
CDUS43 KARX 270640
CLILSE


CLIMATE REPORT
NATIONAL WEATHER SERVICE LA CROSSE WI
1240 AM CST TUE DEC 27 2016


...................................

...THE LA CROSSE WI CLIMATE SUMMARY FOR DECEMBER 26 2016...

CLIMATE NORMAL PERIOD 1981 TO 2010
CLIMATE RECORD PERIOD 1873 TO 2016


WEATHER ITEM   OBSERVED TIME   RECORD YEAR NORMAL DEPARTURE LAST
                VALUE   (LST)  VALUE       VALUE  FROM      YEAR
                                                  NORMAL
..................................................................
TEMPERATURE (F)
 YESTERDAY
  MAXIMUM         44    550 AM  54    1936  26     18       36
  MINIMUM         22   1149 PM -24    1914  11     11       29
  AVERAGE         33                        19     14       33

PRECIPITATION (IN)
  YESTERDAY        0.04          0.94 1911   0.04   0.00     0.04
  MONTH TO DATE    2.19                      1.19   1.00     4.06
  SINCE DEC 1      2.19                      1.19   1.00     4.06
  SINCE JAN 1     44.76                     32.89  11.87    33.61

SNOWFALL (IN)
  YESTERDAY        T            10.0  1911   0.3   -0.3       T
  MONTH TO DATE   20.8                       9.7   11.1      1.6
  SINCE JUL 1     20.8                      14.0    6.8      2.5
  SNOW DEPTH       4

DEGREE DAYS
 HEATING
  YESTERDAY       32                        46    -14       32
  MONTH TO DATE 1088                      1110    -22      748
  SINCE JUL 1   1947                      2610   -663     1834

 COOLING
  YESTERDAY        0                         0      0        0
  MONTH TO DATE    0                         0      0        0
  SINCE JAN 1   1033                       782    251      887
..................................................................


WIND (MPH)
  HIGHEST WIND SPEED    33   HIGHEST WIND DIRECTION    SW (230)
  HIGHEST GUST SPEED    45   HIGHEST GUST DIRECTION     W (250)
  AVERAGE WIND SPEED    19.4


SKY COVER
  POSSIBLE SUNSHINE  MM
  AVERAGE SKY COVER 0.6


WEATHER CONDITIONS
 THE FOLLOWING WEATHER WAS RECORDED YESTERDAY.
  LIGHT RAIN
  LIGHT SNOW
  FOG


RELATIVE HUMIDITY (PERCENT)
 HIGHEST   100          1200 AM
 LOWEST     56          1000 AM
 AVERAGE    78

..........................................................


THE LA CROSSE WI CLIMATE NORMALS FOR TODAY
                         NORMAL    RECORD    YEAR
 MAXIMUM TEMPERATURE (F)   26        51      1936
 MINIMUM TEMPERATURE (F)   11       -23      1880
                                             1872


SUNRISE AND SUNSET
DECEMBER 27 2016......SUNRISE   739 AM CST   SUNSET   434 PM CST
DECEMBER 28 2016......SUNRISE   739 AM CST   SUNSET   435 PM CST


-  INDICATES NEGATIVE NUMBERS.
R  INDICATES RECORD WAS SET OR TIED.
MM INDICATES DATA IS MISSING.
T  INDICATES TRACE AMOUNT.




$$
