000
CDUS43 KARX 220637
CLILSE


CLIMATE REPORT
NATIONAL WEATHER SERVICE LA CROSSE WI
136 AM CDT MON JUN 22 2015


...................................

...THE LA CROSSE WI CLIMATE SUMMARY FOR JUNE 21 2015...

CLIMATE NORMAL PERIOD 1981 TO 2010
CLIMATE RECORD PERIOD 1873 TO 2015


WEATHER ITEM   OBSERVED TIME   RECORD YEAR NORMAL DEPARTURE LAST
                VALUE   (LST)  VALUE       VALUE  FROM      YEAR
                                                  NORMAL
..................................................................
TEMPERATURE (F)
 YESTERDAY
  MAXIMUM         87    436 PM 102    1988  82      5       87
  MINIMUM         63    503 AM  40    1992  60      3       64
  AVERAGE         75                        71      4       76

PRECIPITATION (IN)
  YESTERDAY        0.00          1.68 1968   0.15  -0.15     0.00
  MONTH TO DATE    2.40                      3.02  -0.62     4.55
  SINCE JUN 1      2.40                      3.02  -0.62     4.55
  SINCE JAN 1     14.99                     14.09   0.90    17.71

SNOWFALL (IN)
  YESTERDAY        0.0           0.0  2002   0.0    0.0      0.0
                                      2001
  MONTH TO DATE    0.0                       0.0    0.0      0.0
  SINCE JUL 1     38.8                      43.3   -4.5     48.9
  SNOW DEPTH       0

DEGREE DAYS
 HEATING
  YESTERDAY        0                         1     -1        0
  MONTH TO DATE   12                        35    -23        1
  SINCE JUL 1   7066                      7192   -126     8136

 COOLING
  YESTERDAY       10                         7      3       11
  MONTH TO DATE  110                        97     13      133
  SINCE JAN 1    175                       145     30      192
..................................................................


WIND (MPH)
  HIGHEST WIND SPEED    16   HIGHEST WIND DIRECTION     S (170)
  HIGHEST GUST SPEED    19   HIGHEST GUST DIRECTION     S (180)
  AVERAGE WIND SPEED     5.2


SKY COVER
  POSSIBLE SUNSHINE  MM
  AVERAGE SKY COVER 0.2


WEATHER CONDITIONS
 THE FOLLOWING WEATHER WAS RECORDED YESTERDAY.
  FOG
  FOG W/VISIBILITY <= 1/4 MILE


RELATIVE HUMIDITY (PERCENT)
 HIGHEST   100          1200 AM
 LOWEST     37           500 PM
 AVERAGE    69

..........................................................


THE LA CROSSE WI CLIMATE NORMALS FOR TODAY
                         NORMAL    RECORD    YEAR
 MAXIMUM TEMPERATURE (F)   82        97      1995
                                             1911
 MINIMUM TEMPERATURE (F)   61        44      1902


SUNRISE AND SUNSET
JUNE 22 2015..........SUNRISE   523 AM CDT   SUNSET   851 PM CDT
JUNE 23 2015..........SUNRISE   523 AM CDT   SUNSET   851 PM CDT


-  INDICATES NEGATIVE NUMBERS.
R  INDICATES RECORD WAS SET OR TIED.
MM INDICATES DATA IS MISSING.
T  INDICATES TRACE AMOUNT.




$$
