000
CDUS43 KARX 090631
CLILSE


CLIMATE REPORT
NATIONAL WEATHER SERVICE LA CROSSE WI
130 AM CDT TUE MAY 9 2017


...................................

...THE LA CROSSE WI CLIMATE SUMMARY FOR MAY 8 2017...

CLIMATE NORMAL PERIOD 1981 TO 2010
CLIMATE RECORD PERIOD 1873 TO 2017


WEATHER ITEM   OBSERVED TIME   RECORD YEAR NORMAL DEPARTURE LAST
                VALUE   (LST)  VALUE       VALUE  FROM      YEAR
                                                  NORMAL
..................................................................
TEMPERATURE (F)
 YESTERDAY
  MAXIMUM         71    412 PM  89    1874  68      3       76
  MINIMUM         42    523 AM  32    1976  46     -4       40
  AVERAGE         57                        57      0       58

PRECIPITATION (IN)
  YESTERDAY        0.31          1.70 2006   0.11   0.20     0.00
  MONTH TO DATE    1.08                      0.91   0.17     0.19
  SINCE MAR 1      7.71                      6.29   1.42     4.88
  SINCE JAN 1     11.57                      8.46   3.11     6.53

SNOWFALL (IN)
  YESTERDAY        0.0           T    2004   0.0    0.0      0.0
  MONTH TO DATE    T                         0.1   -0.1      0.0
  SINCE JUL 1     42.2                      43.4   -1.2     40.3
  SNOW DEPTH       0

DEGREE DAYS
 HEATING
  YESTERDAY        8                         8      0        7
  MONTH TO DATE   99                        74     25       67
  SINCE JUL 1   5653                      7026  -1373     5824

 COOLING
  YESTERDAY        0                         1     -1        0
  MONTH TO DATE    0                         6     -6        7
  SINCE JAN 1      6                        13     -7       18
..................................................................


WIND (MPH)
  HIGHEST WIND SPEED    20   HIGHEST WIND DIRECTION     N (350)
  HIGHEST GUST SPEED    24   HIGHEST GUST DIRECTION     N (340)
  AVERAGE WIND SPEED     7.8


SKY COVER
  POSSIBLE SUNSHINE  MM
  AVERAGE SKY COVER 0.3


WEATHER CONDITIONS
 THE FOLLOWING WEATHER WAS RECORDED YESTERDAY.
  THUNDERSTORM
  HEAVY RAIN
  RAIN
  LIGHT RAIN


RELATIVE HUMIDITY (PERCENT)
 HIGHEST    62          1200 AM
 LOWEST     28           300 PM
 AVERAGE    45

..........................................................


THE LA CROSSE WI CLIMATE NORMALS FOR TODAY
                         NORMAL    RECORD    YEAR
 MAXIMUM TEMPERATURE (F)   69        93      1934
 MINIMUM TEMPERATURE (F)   47        27      1966


SUNRISE AND SUNSET
MAY  9 2017...........SUNRISE   546 AM CDT   SUNSET   818 PM CDT
MAY 10 2017...........SUNRISE   545 AM CDT   SUNSET   819 PM CDT


-  INDICATES NEGATIVE NUMBERS.
R  INDICATES RECORD WAS SET OR TIED.
MM INDICATES DATA IS MISSING.
T  INDICATES TRACE AMOUNT.




$$
