000
CDUS43 KARX 200639
CLILSE


CLIMATE REPORT
NATIONAL WEATHER SERVICE LA CROSSE WI
136 AM CDT SAT JUN 20 2015


...................................

...THE LA CROSSE WI CLIMATE SUMMARY FOR JUNE 19 2015...

CLIMATE NORMAL PERIOD 1981 TO 2010
CLIMATE RECORD PERIOD 1873 TO 2015


WEATHER ITEM   OBSERVED TIME   RECORD YEAR NORMAL DEPARTURE LAST
                VALUE   (LST)  VALUE       VALUE  FROM      YEAR
                                                  NORMAL
..................................................................
TEMPERATURE (F)
 YESTERDAY
  MAXIMUM         79    450 PM  98    1953  81     -2       77
  MINIMUM         59    509 AM  43    1982  60     -1       67
  AVERAGE         69                        70     -1       72

PRECIPITATION (IN)
  YESTERDAY        0.00          3.12 1993   0.15  -0.15     0.91
  MONTH TO DATE    2.29                      2.72  -0.43     4.55
  SINCE JUN 1      2.29                      2.72  -0.43     4.55
  SINCE JAN 1     14.88                     13.79   1.09    17.71

SNOWFALL (IN)
  YESTERDAY        0.0           0.0  2002   0.0    0.0      0.0
                                      2001
  MONTH TO DATE    0.0                       0.0    0.0      0.0
  SINCE JUL 1     38.8                      43.3   -4.5     48.9
  SNOW DEPTH       0

DEGREE DAYS
 HEATING
  YESTERDAY        0                         1     -1        0
  MONTH TO DATE   12                        33    -21        1
  SINCE JUL 1   7066                      7190   -124     8136

 COOLING
  YESTERDAY        4                         6     -2        7
  MONTH TO DATE   94                        83     11      109
  SINCE JAN 1    159                       131     28      168
..................................................................


WIND (MPH)
  HIGHEST WIND SPEED    13   HIGHEST WIND DIRECTION     S (160)
  HIGHEST GUST SPEED    16   HIGHEST GUST DIRECTION     S (200)
  AVERAGE WIND SPEED     6.3


SKY COVER
  POSSIBLE SUNSHINE  MM
  AVERAGE SKY COVER 0.0


WEATHER CONDITIONS
 THE FOLLOWING WEATHER WAS RECORDED YESTERDAY.
  NO SIGNIFICANT WEATHER WAS OBSERVED.


RELATIVE HUMIDITY (PERCENT)
 HIGHEST    87           400 AM
 LOWEST     39           900 AM
 AVERAGE    63

..........................................................


THE LA CROSSE WI CLIMATE NORMALS FOR TODAY
                         NORMAL    RECORD    YEAR
 MAXIMUM TEMPERATURE (F)   82       102      1933
 MINIMUM TEMPERATURE (F)   60        42      1992


SUNRISE AND SUNSET
JUNE 20 2015..........SUNRISE   522 AM CDT   SUNSET   851 PM CDT
JUNE 21 2015..........SUNRISE   523 AM CDT   SUNSET   851 PM CDT


-  INDICATES NEGATIVE NUMBERS.
R  INDICATES RECORD WAS SET OR TIED.
MM INDICATES DATA IS MISSING.
T  INDICATES TRACE AMOUNT.




$$
