000
CDUS43 KARX 192144
CLILSE


CLIMATE REPORT
NATIONAL WEATHER SERVICE LA CROSSE WI
442 PM CDT WED AUG 19 2015


...................................

...THE LA CROSSE WI CLIMATE SUMMARY FOR AUGUST 19 2015...
VALID TODAY AS OF 0400 PM LOCAL TIME.

CLIMATE NORMAL PERIOD 1981 TO 2010
CLIMATE RECORD PERIOD 1873 TO 2015


WEATHER ITEM   OBSERVED TIME   RECORD YEAR NORMAL DEPARTURE LAST
                VALUE   (LST)  VALUE       VALUE  FROM      YEAR
                                                  NORMAL
..................................................................
TEMPERATURE (F)
 TODAY
  MAXIMUM         69    302 AM  97    1916  81    -12       82
  MINIMUM         57    738 AM  46    2004  61     -4       66
  AVERAGE         63                        71     -8       74

PRECIPITATION (IN)
  TODAY            0.06          2.71 2007   0.14  -0.08     0.00
  MONTH TO DATE    1.14                      2.73  -1.59     1.76
  SINCE JUN 1      8.46                     11.33  -2.87    13.46
  SINCE JAN 1     21.05                     22.40  -1.35    26.62

SNOWFALL (IN)
  TODAY            0.0           0.0  2002   0.0    0.0      0.0
                                      2001
  MONTH TO DATE    0.0                       0.0    0.0      0.0
  SINCE JUL 1      0.0                       0.0    0.0      0.0
  SNOW DEPTH       0

DEGREE DAYS
 HEATING
  TODAY            2                         0      2        0
  MONTH TO DATE    2                         0      2        0
  SINCE JUL 1      5                         5      0        3

 COOLING
  TODAY            0                         7     -7        9
  MONTH TO DATE  179                       144     35      147
  SINCE JAN 1    661                       631     30      626
..................................................................


WIND (MPH)
  HIGHEST WIND SPEED    26   HIGHEST WIND DIRECTION    SW (210)
  HIGHEST GUST SPEED    31   HIGHEST GUST DIRECTION    SW (210)
  AVERAGE WIND SPEED    13.4


SKY COVER
  POSSIBLE SUNSHINE  MM
  AVERAGE SKY COVER 1.0


WEATHER CONDITIONS
 THE FOLLOWING WEATHER WAS RECORDED TODAY.
  RAIN
  LIGHT RAIN
  FOG


RELATIVE HUMIDITY (PERCENT)
 HIGHEST    93           100 AM
 LOWEST     72          1100 AM
 AVERAGE    83

..........................................................


THE LA CROSSE WI CLIMATE NORMALS FOR TOMORROW
                         NORMAL    RECORD    YEAR
 MAXIMUM TEMPERATURE (F)   81        97      2003
                                             1955
 MINIMUM TEMPERATURE (F)   61        42      1950


SUNRISE AND SUNSET
AUGUST 19 2015........SUNRISE   613 AM CDT   SUNSET   803 PM CDT
AUGUST 20 2015........SUNRISE   615 AM CDT   SUNSET   801 PM CDT


-  INDICATES NEGATIVE NUMBERS.
R  INDICATES RECORD WAS SET OR TIED.
MM INDICATES DATA IS MISSING.
T  INDICATES TRACE AMOUNT.




$$
