870
CDUS43 KARX 300638
CLILSE


CLIMATE REPORT
NATIONAL WEATHER SERVICE LA CROSSE WI
1236 AM CST SAT JAN 30 2016


...................................

...THE LA CROSSE WI CLIMATE SUMMARY FOR JANUARY 29 2016...

CLIMATE NORMAL PERIOD 1981 TO 2010
CLIMATE RECORD PERIOD 1873 TO 2016


WEATHER ITEM   OBSERVED TIME   RECORD YEAR NORMAL DEPARTURE LAST
                VALUE   (LST)  VALUE       VALUE  FROM      YEAR
                                                  NORMAL
..................................................................
TEMPERATURE (F)
 YESTERDAY
  MAXIMUM         32   1145 PM  49    1914  27      5       39
  MINIMUM         13    154 AM -36    1873   9      4       20
  AVERAGE         23                        18      5       30

PRECIPITATION (IN)
  YESTERDAY        0.00          0.98 1891   0.04  -0.04      T
  MONTH TO DATE    0.66                      1.05  -0.39     0.61
  SINCE DEC 1      5.59                      2.41   3.18     1.71
  SINCE JAN 1      0.66                      1.05  -0.39     0.61

SNOWFALL (IN)
  YESTERDAY        0.0           7.2  1909   0.3   -0.3       T
  MONTH TO DATE    4.1                       9.9   -5.8      8.6
  SINCE JUL 1     16.6                      25.5   -8.9     18.4
  SNOW DEPTH       5

DEGREE DAYS
 HEATING
  YESTERDAY       42                        47     -5       35
  MONTH TO DATE 1344                      1383    -39     1285
  SINCE JUL 1   3379                      4227   -848     4024

 COOLING
  YESTERDAY        0                         0      0        0
  MONTH TO DATE    0                         0      0        0
  SINCE JAN 1      0                         0      0        0
..................................................................


WIND (MPH)
  HIGHEST WIND SPEED    18   HIGHEST WIND DIRECTION     S (160)
  HIGHEST GUST SPEED    22   HIGHEST GUST DIRECTION     S (170)
  AVERAGE WIND SPEED     7.9


SKY COVER
  POSSIBLE SUNSHINE  MM
  AVERAGE SKY COVER 0.5


WEATHER CONDITIONS
 THE FOLLOWING WEATHER WAS RECORDED YESTERDAY.
  NO SIGNIFICANT WEATHER WAS OBSERVED.


RELATIVE HUMIDITY (PERCENT)
 HIGHEST    92           200 AM
 LOWEST     54           500 PM
 AVERAGE    73

..........................................................


THE LA CROSSE WI CLIMATE NORMALS FOR TODAY
                         NORMAL    RECORD    YEAR
 MAXIMUM TEMPERATURE (F)   27        48      1931
                                             1890
 MINIMUM TEMPERATURE (F)    9       -37      1951


SUNRISE AND SUNSET
JANUARY 30 2016.......SUNRISE   725 AM CST   SUNSET   512 PM CST
JANUARY 31 2016.......SUNRISE   724 AM CST   SUNSET   514 PM CST


-  INDICATES NEGATIVE NUMBERS.
R  INDICATES RECORD WAS SET OR TIED.
MM INDICATES DATA IS MISSING.
T  INDICATES TRACE AMOUNT.




$$
