000
CDUS43 KARX 090644
CLILSE


CLIMATE REPORT
NATIONAL WEATHER SERVICE LA CROSSE WI
144 AM CDT FRI JUN 9 2017


...................................

...THE LA CROSSE WI CLIMATE SUMMARY FOR JUNE 8 2017...

CLIMATE NORMAL PERIOD 1981 TO 2010
CLIMATE RECORD PERIOD 1873 TO 2017


WEATHER ITEM   OBSERVED TIME   RECORD YEAR NORMAL DEPARTURE LAST
                VALUE   (LST)  VALUE       VALUE  FROM      YEAR
                                                  NORMAL
..................................................................
TEMPERATURE (F)
 YESTERDAY
  MAXIMUM         89    217 PM  98    1985  78     11       79
  MINIMUM         65   1159 PM  37    1978  56      9       49
  AVERAGE         77                        67     10       64

PRECIPITATION (IN)
  YESTERDAY        T             2.91 2008   0.14  -0.14     0.00
  MONTH TO DATE    0.03                      1.11  -1.08     0.79
  SINCE JUN 1      0.03                      1.11  -1.08     0.79
  SINCE JAN 1     17.72                     12.18   5.54    11.27

SNOWFALL (IN)
  YESTERDAY        0.0           0.0  2002   0.0    0.0      0.0
                                      2001
  MONTH TO DATE    0.0                       0.0    0.0      0.0
  SINCE JUL 1     42.2                      43.3   -1.1     40.3
  SNOW DEPTH       0

DEGREE DAYS
 HEATING
  YESTERDAY        0                         2     -2        1
  MONTH TO DATE    2                        20    -18        4
  SINCE JUL 1   5768                      7177  -1409     5953

 COOLING
  YESTERDAY       12                         4      8        0
  MONTH TO DATE   58                        26     32       24
  SINCE JAN 1     95                        74     21      110
..................................................................


WIND (MPH)
  HIGHEST WIND SPEED    18   HIGHEST WIND DIRECTION    SW (210)
  HIGHEST GUST SPEED    23   HIGHEST GUST DIRECTION    SW (220)
  AVERAGE WIND SPEED     8.3


SKY COVER
  POSSIBLE SUNSHINE  MM
  AVERAGE SKY COVER 0.4


WEATHER CONDITIONS
 THE FOLLOWING WEATHER WAS RECORDED YESTERDAY.
  LIGHT RAIN


RELATIVE HUMIDITY (PERCENT)
 HIGHEST    70           900 PM
 LOWEST     29           100 PM
 AVERAGE    50

..........................................................


THE LA CROSSE WI CLIMATE NORMALS FOR TODAY
                         NORMAL    RECORD    YEAR
 MAXIMUM TEMPERATURE (F)   78        96      2015
 MINIMUM TEMPERATURE (F)   57        39      1937


SUNRISE AND SUNSET
JUNE  9 2017..........SUNRISE   523 AM CDT   SUNSET   846 PM CDT
JUNE 10 2017..........SUNRISE   522 AM CDT   SUNSET   847 PM CDT


-  INDICATES NEGATIVE NUMBERS.
R  INDICATES RECORD WAS SET OR TIED.
MM INDICATES DATA IS MISSING.
T  INDICATES TRACE AMOUNT.




$$
